000
CXUS53 KDMX 010810
CF6ALO
PRELIMINARY LOCAL CLIMATOLOGICAL DATA (WS FORM: F-6)
STATION: WATERLOO IA
MONTH: SEPTEMBER
YEAR: 2022
LATITUDE: 42 32 N
LONGITUDE: 92 24 W
TEMPERATURE IN F: :PCPN: SNOW: WIND :SUNSHINE: SKY :PK WND
================================================================================
1 2 3 4 5 6A 6B 7 8 9 10 11 12 13 14 15 16 17 18
12Z AVG MX 2MIN
DY MAX MIN AVG DEP HDD CDD WTR SNW DPTH SPD SPD DIR MIN PSBL S-S WX SPD DR
================================================================================
1 87 61 74 5 0 9 T 0.0 0 9.5 21 200 M M 1 30 200
2 87 67 77 8 0 12 0.27 0.0 0 9.6 20 200 M M 4 138 24 140
3 79 63 71 2 0 6 0.00 0.0 0 9.1 17 10 M M 8 22 10
4 77 61 69 1 0 4 0.00 0.0 0 7.4 15 60 M M 7 20 70
5 74 61 68 0 0 3 0.00 0.0 0 5.2 9 90 M M 8 12 100
6 80 59 70 2 0 5 0.00 0.0 0 3.0 10 150 M M 5 14 190
7 85 57 71 3 0 6 0.00 0.0 0 2.2 13 280 M M 3 1 17 280
8 84 58 71 4 0 6 0.00 0.0 0 8.9 18 180 M M 0 1 26 180
9 86 62 74 7 0 9 0.00 0.0 0 9.6 18 330 M M 2 25 330
10 64 56 60 -7 5 0 0.68 0.0 0 9.7 20 80 M M 8 1 26 80
11 73 50 62 -4 3 0 0.00 0.0 0 7.8 21 360 M M 1 1 28 340
12 75 52 64 -2 1 0 0.00 0.0 0 8.6 22 330 M M 2 29 350
13 78 45 62 -4 3 0 0.00 0.0 0 2.6 8 60 M M 0 12 140
14 83 49 66 1 0 1 0.00 0.0 0 8.0 16 130 M M 0 22 120
15 86 60 73 8 0 8 0.00 0.0 0 9.0 20 190 M M 0 30 170
16 85 61 73 8 0 8 0.00 0.0 0 9.0 18 190 M M 1 23 210
17 75 63 69 5 0 4 0.11 0.0 0 8.4 22 180 M M 3 13 33 170
18 84 62 73 9 0 8 0.00 0.0 0 6.6 15 190 M M 5 21 180
19 83 53 68 4 0 3 T 0.0 0 7.1 18 160 M M 2 12 26 160
20 96 71 84 21 0 19 0.00 0.0 0 9.5 20 320 M M 1 26 320
21 77 51 64 1 1 0 0.00 0.0 0 11.7 23 350 M M 1 30 350
22 68 44 56 -6 9 0 0.00 0.0 0 6.1 17 20 M M 0 26 40
23 61 49 55 -7 10 0 0.07 0.0 0 10.3 24 130 M M 6 1 30 130
24 79 52 66 4 0 1 0.00 0.0 0 9.1 23 310 M M 6 1 32 310
25 75 52 64 3 1 0 0.00 0.0 0 14.5 31 330 M M 0 43 330
26 68 41 55 -6 10 0 0.00 0.0 0 13.1 28 320 M M 0 37 330
27 67 37 52 -8 13 0 0.00 0.0 0 8.2 22 360 M M 2 29 360
28 64 31 48 -12 17 0 0.00 0.0 0 3.5 10 100 M M 0 14 120
29 69 32 51 -8 14 0 0.00 0.0 0 8.5 17 160 M M 0 24 180
30 73 37 55 -4 10 0 0.00 0.0 0 7.0 17 130 M M 0 24 110
================================================================================
SM 2322 1597 97 112 1.13 0.0 242.8 M 76
================================================================================
AV 77.4 53.2 8.1 FASTST M M 3 MAX(MPH)
MISC ----> 31 330 43 330
================================================================================
NOTES:
# LAST OF SEVERAL OCCURRENCES
COLUMN 17 PEAK WIND IN M.P.H.
PRELIMINARY LOCAL CLIMATOLOGICAL DATA (WS FORM: F-6) , PAGE 2
STATION: WATERLOO IA
MONTH: SEPTEMBER
YEAR: 2022
LATITUDE: 42 32 N
LONGITUDE: 92 24 W
[TEMPERATURE DATA] [PRECIPITATION DATA] SYMBOLS USED IN COLUMN 16
AVERAGE MONTHLY: 65.3 TOTAL FOR MONTH: 1.13 1 = FOG OR MIST
DPTR FM NORMAL: 0.7 DPTR FM NORMAL: -2.01 2 = FOG REDUCING VISIBILITY
HIGHEST: 96 ON 20 GRTST 24HR 0.68 ON 10-10 TO 1/4 MILE OR LESS
LOWEST: 31 ON 28 3 = THUNDER
SNOW, ICE PELLETS, HAIL 4 = ICE PELLETS
TOTAL MONTH: 0.0 INCH 5 = HAIL
GRTST 24HR 0.0 6 = FREEZING RAIN OR DRIZZLE
GRTST DEPTH: 0 7 = DUSTSTORM OR SANDSTORM:
VSBY 1/2 MILE OR LESS
8 = SMOKE OR HAZE
[NO. OF DAYS WITH] [WEATHER - DAYS WITH] 9 = BLOWING SNOW
X = TORNADO
MAX 32 OR BELOW: 0 0.01 INCH OR MORE: 4
MAX 90 OR ABOVE: 1 0.10 INCH OR MORE: 3
MIN 32 OR BELOW: 2 0.50 INCH OR MORE: 1
MIN 0 OR BELOW: 0 1.00 INCH OR MORE: 0
[HDD (BASE 65) ]
TOTAL THIS MO. 97 CLEAR (SCALE 0-3) 20
DPTR FM NORMAL -12 PTCLDY (SCALE 4-7) 8
TOTAL FM JUL 1 97 CLOUDY (SCALE 8-10) 2
DPTR FM NORMAL -24
[CDD (BASE 65) ]
TOTAL THIS MO. 112
DPTR FM NORMAL 15 [PRESSURE DATA]
TOTAL FM JAN 1 1018 HIGHEST SLP M ON M
DPTR FM NORMAL 115 LOWEST SLP 29.74 ON 20
[REMARKS]
#FINAL-09-22#