102
CXUS53 KDMX 020334
CF6ALO
PRELIMINARY LOCAL CLIMATOLOGICAL DATA (WS FORM: F-6)
STATION: WATERLOO IA
MONTH: MARCH
YEAR: 2021
LATITUDE: 42 32 N
LONGITUDE: 92 24 W
TEMPERATURE IN F: :PCPN: SNOW: WIND :SUNSHINE: SKY :PK WND
================================================================================
1 2 3 4 5 6A 6B 7 8 9 10 11 12 13 14 15 16 17 18
12Z AVG MX 2MIN
DY MAX MIN AVG DEP HDD CDD WTR SNW DPTH SPD SPD DIR MIN PSBL S-S WX SPD DR
================================================================================
1 29 12 21 -8 44 0 0.00 0.0 7 5.1 18 20 M M 3 22 20
2 42 12 27 -3 38 0 0.00 0.0 7 11.9 25 200 M M 0 39 190
3 48 23 36 6 29 0 0.00 0.0 6 2.2 7 70 M M 0 18 8 60
4 39 22 31 1 34 0 0.00 0.0 4 7.7 17 100 M M 1 18 24 120
5 41 25 33 2 32 0 0.00 0.0 4 4.3 9 70 M M 9 11 70
6 47 30 39 8 26 0 0.00 0.0 3 6.3 13 100 M M 4 17 80
7 59 31 45 13 20 0 0.00 0.0 1 11.5 18 160 M M 1 24 170
8 63 33 48 16 17 0 0.00 0.0 T 6.0 16 220 M M 0 23 200
9 69 42 56 23 9 0 0.00 0.0 0 13.0 30 180 M M 2 40 170
10 69 37 53 20 12 0 0.35 0.0 0 17.5 31 260 M M 8 13 45 200
11 54 27 41 7 24 0 0.00 0.0 0 11.6 22 310 M M 5 30 270
12 50 24 37 3 28 0 0.00 0.0 0 2.8 12 40 M M 0 8 17 20
13 60 23 42 8 23 0 0.00 0.0 0 3.2 12 170 M M 0 18 16 160
14 47 36 42 7 23 0 0.00 0.0 0 17.0 32 90 M M 8 44 100
15 36 31 34 -1 31 0 0.59 3.3 1 17.3 30 100 M M 10 126 44 90
16 34 30 32 -4 33 0 0.00 0.0 3 7.2 13 80 M M 10 1 15 80
17 39 33 36 0 29 0 0.00 0.0 1 11.8 20 360 M M 8 18 26 10
18 52 29 41 4 24 0 0.00 0.0 T 13.4 28 40 M M 0 35 30
19 53 19 36 -1 29 0 0.00 0.0 0 5.9 16 120 M M 0 21 120
20 60 29 45 7 20 0 0.00 0.0 0 13.1 24 160 M M 0 33 190
21 66 41 54 16 11 0 0.00 0.0 0 19.3 36 180 M M 2 49 190
22 56 43 50 12 15 0 0.09 0.0 0 7.2 13 180 M M 8 M M
23 54 42 48 9 17 0 0.63 0.0 0 12.2 24 110 M M 9 1 32 110
24 50 40 45 6 20 0 0.04 0.0 0 12.7 23 270 M M 10 1 33 290
25 45 40 43 3 22 0 0.23 0.0 0 5.9 16 70 M M 10 1 19 30
26 49 38 44 4 21 0 0.00 0.0 0 4.1 10 130 M M 9 13 130
27 55 37 46 5 19 0 0.07 0.0 0 11.4 28 330 M M 9 18 37 340
28 47 33 40 -1 25 0 0.00 0.0 0 13.1 26 330 M M 3 39 300
29 73 38 56 14 9 0 0.00 0.0 0 22.9 36 180 M M 2 55 180
30 57 31 44 2 21 0 0.00 0.0 0 15.8 28 310 M M 4 36 300
31 37 23 30 -12 35 0 0.00 0.0 0 15.5 25 290 M M 3 36 290
================================================================================
SM 1580 954 740 0 2.00 3.3 328.9 M 138
================================================================================
AV 51.0 30.8 10.6 FASTST M M 4 MAX(MPH)
MISC ----> 36 180 55 180
================================================================================
NOTES:
# LAST OF SEVERAL OCCURRENCES
COLUMN 17 PEAK WIND IN M.P.H.
PRELIMINARY LOCAL CLIMATOLOGICAL DATA (WS FORM: F-6) , PAGE 2
STATION: WATERLOO IA
MONTH: MARCH
YEAR: 2021
LATITUDE: 42 32 N
LONGITUDE: 92 24 W
[TEMPERATURE DATA] [PRECIPITATION DATA] SYMBOLS USED IN COLUMN 16
AVERAGE MONTHLY: 40.9 TOTAL FOR MONTH: 2.00 1 = FOG OR MIST
DPTR FM NORMAL: 5.1 DPTR FM NORMAL: -0.06 2 = FOG REDUCING VISIBILITY
HIGHEST: 73 ON 29 GRTST 24HR 0.67 ON 23-24 TO 1/4 MILE OR LESS
LOWEST: 12 ON 2, 1 3 = THUNDER
SNOW, ICE PELLETS, HAIL 4 = ICE PELLETS
TOTAL MONTH: 3.3 INCHES 5 = HAIL
GRTST 24HR 3.3 ON 15-15 6 = FREEZING RAIN OR DRIZZLE
GRTST DEPTH: 9 ON M 7 = DUSTSTORM OR SANDSTORM:
VSBY 1/2 MILE OR LESS
8 = SMOKE OR HAZE
[NO. OF DAYS WITH] [WEATHER - DAYS WITH] 9 = BLOWING SNOW
X = TORNADO
MAX 32 OR BELOW: 1 0.01 INCH OR MORE: 7
MAX 90 OR ABOVE: 0 0.10 INCH OR MORE: 4
MIN 32 OR BELOW: 17 0.50 INCH OR MORE: 2
MIN 0 OR BELOW: 0 1.00 INCH OR MORE: 0
[HDD (BASE 65) ]
TOTAL THIS MO. 740 CLEAR (SCALE 0-3) 15
DPTR FM NORMAL -166 PTCLDY (SCALE 4-7) 7
TOTAL FM JUL 1 6171 CLOUDY (SCALE 8-10) 9
DPTR FM NORMAL -154
[CDD (BASE 65) ]
TOTAL THIS MO. 0
DPTR FM NORMAL 0 [PRESSURE DATA]
TOTAL FM JAN 1 0 HIGHEST SLP 30.57 ON 19
DPTR FM NORMAL 0 LOWEST SLP 29.42 ON 24
[REMARKS]
#FINAL-03-21#