497
CXUS53 KDMX 041529
CF6ALO
PRELIMINARY LOCAL CLIMATOLOGICAL DATA (WS FORM: F-6)
STATION: WATERLOO IA
MONTH: JULY
YEAR: 2020
LATITUDE: 42 32 N
LONGITUDE: 92 24 W
TEMPERATURE IN F: :PCPN: SNOW: WIND :SUNSHINE: SKY :PK WND
================================================================================
1 2 3 4 5 6A 6B 7 8 9 10 11 12 13 14 15 16 17 18
12Z AVG MX 2MIN
DY MAX MIN AVG DEP HDD CDD WTR SNW DPTH SPD SPD DIR MIN PSBL S-S WX SPD DR
================================================================================
1 83 69 76 2 0 11 0.02 0.0 0 7.0 21 80 M M 4 18 28 80
2 91 70 81 7 0 16 0.00 0.0 0 5.5 13 70 M M 1 18 19 100
3 91 68 80 6 0 15 0.00 0.0 0 3.1 12 80 M M 1 18 17 80
4 92 67 80 6 0 15 0.00 0.0 0 3.1 10 70 M M 1 18 14 30
5 93 68 81 7 0 16 0.00 0.0 0 1.0 24 210 M M 1 18 32 210
6 93 69 81 7 0 16 0.00 0.0 0 4.0 14 220 M M 0 18 19 200
7 93 72 83 9 0 18 0.00 0.0 0 7.2 18 260 M M 2 3 26 260
8 95 73 84 10 0 19 0.00 0.0 0 9.1 17 180 M M 1 18 23 210
9 91 68 80 6 0 15 2.19 0.0 0 10.2 47 220 M M 3 1238 70 220
10 88 66 77 3 0 12 0.00 0.0 0 6.0 17 280 M M 0 24 330
11 90 65 78 4 0 13 0.38 0.0 0 5.3 26 200 M M 2 13 36 200
12 86 64 75 1 0 10 0.00 0.0 0 5.9 14 340 M M 1 21 40
13 88 62 75 1 0 10 0.00 0.0 0 8.8 20 170 M M 1 29 160
14 89 68 79 5 0 14 0.02 0.0 0 11.7 21 360 M M 2 3 27 180
15 77 61 69 -5 0 4 0.00 0.0 0 6.9 17 350 M M 6 22 350
16 84 56 70 -4 0 5 0.00 0.0 0 4.1 10 180 M M 2 1 14 210
17 90 64 77 3 0 12 0.00 0.0 0 9.8 20 160 M M 2 28 160
18 93 76 85 11 0 20 0.00 0.0 0 12.9 24 160 M M 3 3 33 170
19 86 69 78 4 0 13 0.00 0.0 0 9.7 22 330 M M 1 32 330
20 80 65 73 -1 0 8 0.00 0.0 0 2.8 8 160 M M 3 11 190
21 83 64 74 0 0 9 0.44 0.0 0 7.4 20 340 M M 6 1 25 330
22 80 62 71 -3 0 6 0.00 0.0 0 7.2 15 320 M M 1 21 330
23 84 59 72 -1 0 7 0.00 0.0 0 5.0 12 80 M M 0 14 130
24 90 70 80 7 0 15 0.00 0.0 0 10.7 17 160 M M 0 22 150
25 94 75 85 12 0 20 0.00 0.0 0 10.6 20 170 M M 1 1 25 180
26 89 75 82 9 0 17 T 0.0 0 9.1 17 230 M M 2 23 210
27 86 65 76 3 0 11 0.00 0.0 0 7.5 17 330 M M 1 23 280
28 90 60 75 2 0 10 0.00 0.0 0 9.9 23 230 M M 2 31 230
29 91 69 80 7 0 15 0.00 0.0 0 4.4 13 350 M M 3 17 360
30 85 67 76 3 0 11 0.00 0.0 0 10.1 17 30 0 0 0 M M
31 85 61 73 0 0 8 0.00 0.0 0 2.7 13 10 M M 2 18 70
================================================================================
SM 2730 2067 0 391 3.05 0.0 218.7 0 55
================================================================================
AV 88.1 66.7 7.1 FASTST 0 0 2 MAX(MPH)
MISC ----> # 47 220 # 70 220
================================================================================
NOTES:
# LAST OF SEVERAL OCCURRENCES
COLUMN 17 PEAK WIND IN M.P.H.
PRELIMINARY LOCAL CLIMATOLOGICAL DATA (WS FORM: F-6) , PAGE 2
STATION: WATERLOO IA
MONTH: JULY
YEAR: 2020
LATITUDE: 42 32 N
LONGITUDE: 92 24 W
[TEMPERATURE DATA] [PRECIPITATION DATA] SYMBOLS USED IN COLUMN 16
AVERAGE MONTHLY: 77.4 TOTAL FOR MONTH: 3.05 1 = FOG OR MIST
DPTR FM NORMAL: 3.8 DPTR FM NORMAL: -1.86 2 = FOG REDUCING VISIBILITY
HIGHEST: 95 ON 8 GRTST 24HR 2.19 ON 9- 9 TO 1/4 MILE OR LESS
LOWEST: 56 ON 16 3 = THUNDER
SNOW, ICE PELLETS, HAIL 4 = ICE PELLETS
TOTAL MONTH: 0.0 INCH 5 = HAIL
GRTST 24HR 0.0 6 = FREEZING RAIN OR DRIZZLE
GRTST DEPTH: 0 7 = DUSTSTORM OR SANDSTORM:
VSBY 1/2 MILE OR LESS
8 = SMOKE OR HAZE
[NO. OF DAYS WITH] [WEATHER - DAYS WITH] 9 = BLOWING SNOW
X = TORNADO
MAX 32 OR BELOW: 0 0.01 INCH OR MORE: 5
MAX 90 OR ABOVE: 15 0.10 INCH OR MORE: 3
MIN 32 OR BELOW: 0 0.50 INCH OR MORE: 1
MIN 0 OR BELOW: 0 1.00 INCH OR MORE: 1
[HDD (BASE 65) ]
TOTAL THIS MO. 0 CLEAR (SCALE 0-3) 26
DPTR FM NORMAL -4 PTCLDY (SCALE 4-7) 5
TOTAL FM JUL 1 0 CLOUDY (SCALE 8-10) 0
DPTR FM NORMAL -4
[CDD (BASE 65) ]
TOTAL THIS MO. 391
DPTR FM NORMAL 120 [PRESSURE DATA]
TOTAL FM JAN 1 715 HIGHEST SLP 30.14 ON 23
DPTR FM NORMAL 211 LOWEST SLP 29.71 ON 19
[REMARKS]
#FINAL-07-20#