000
CXUS53 KDMX 021530
CF6ALO
PRELIMINARY LOCAL CLIMATOLOGICAL DATA (WS FORM: F-6)
STATION: WATERLOO IA
MONTH: NOVEMBER
YEAR: 2023
LATITUDE: 42 32 N
LONGITUDE: 92 24 W
TEMPERATURE IN F: :PCPN: SNOW: WIND :SUNSHINE: SKY :PK WND
================================================================================
1 2 3 4 5 6A 6B 7 8 9 10 11 12 13 14 15 16 17 18
12Z AVG MX 2MIN
DY MAX MIN AVG DEP HDD CDD WTR SNW DPTH SPD SPD DIR MIN PSBL S-S WX SPD DR
================================================================================
1 46 20 33 -11 32 0 0.00 0.0 0 9.6 22 190 M M 2 29 200
2 56 26 41 -3 24 0 0.00 0.0 0 5.2 14 230 M M 0 20 230
3 57 35 46 3 19 0 0.00 0.0 0 5.9 13 170 M M 3 20 170
4 59 32 46 3 19 0 0.00 0.0 0 2.1 9 230 M M 1 18 12 240
5 67 32 50 8 15 0 0.00 0.0 0 11.6 24 170 M M 2 34 160
6 68 38 53 11 12 0 0.00 0.0 0 12.2 24 180 M M 0 32 160
7 54 35 45 4 20 0 0.00 0.0 0 11.6 23 120 M M 4 8 32 120
8 60 41 51 10 14 0 0.00 0.0 0 12.4 31 330 M M 4 41 330
9 58 31 45 5 20 0 0.00 0.0 0 10.6 21 300 M M 2 28 300
10 43 28 36 -4 29 0 0.00 0.0 0 6.4 16 310 M M 7 23 310
11 52 21 37 -2 28 0 0.00 0.0 0 10.8 22 180 M M 6 27 170
12 64 34 49 10 16 0 0.00 0.0 0 12.9 25 210 M M 2 33 210
13 65 29 47 9 18 0 0.00 0.0 0 4.6 14 320 M M 0 8 18 270
14 67 29 48 10 17 0 0.00 0.0 0 12.6 26 200 M M 0 37 180
15 67 35 51 13 14 0 0.00 0.0 0 4.4 17 190 M M 2 26 200
16 65 43 54 17 11 0 0.00 0.0 0 14.6 28 200 M M 7 36 200
17 49 24 37 0 28 0 0.00 0.0 0 6.0 25 350 M M 1 8 37 350
18 62 24 43 7 22 0 0.00 0.0 0 4.0 14 310 M M 0 20 280
19 60 26 43 7 22 0 0.00 0.0 0 6.8 15 150 M M 0 20 100
20 49 39 44 9 21 0 0.06 0.0 0 11.5 23 50 M M 9 30 40
21 44 30 37 2 28 0 0.01 0.0 0 11.9 23 320 M M 9 33 330
22 48 23 36 2 29 0 0.00 0.0 0 8.3 17 190 M M 0 23 180
23 42 26 34 0 31 0 0.00 0.0 0 13.7 21 350 M M 0 29 350
24 32 17 25 -9 40 0 0.00 0.0 0 7.9 17 360 M M 1 22 10
25 30 21 26 -7 39 0 0.03 0.3 0 2.6 10 210 M M 10 1 13 200
26 35 24 30 -3 35 0 0.14 1.8 2 11.1 24 310 M M 9 18 38 290
27 26 10 18 -14 47 0 T T 2 12.8 25 300 M M 5 34 310
28 27 0 14 -18 51 0 0.00 0.0 2 7.6 16 180 M M 0 23 150
29 49 18 34 3 31 0 0.00 0.0 2 6.4 13 240 M M 0 16 230
30 48 27 38 7 27 0 0.00 0.0 T 8.9 16 350 M M 0 23 200
================================================================================
SM 1549 818 759 0 0.24 2.1 267.0 M 86
================================================================================
AV 51.6 27.3 8.9 FASTST M M 3 MAX(MPH)
MISC ----> 31 330 41 330
================================================================================
NOTES:
# LAST OF SEVERAL OCCURRENCES
COLUMN 17 PEAK WIND IN M.P.H.
PRELIMINARY LOCAL CLIMATOLOGICAL DATA (WS FORM: F-6) , PAGE 2
STATION: WATERLOO IA
MONTH: NOVEMBER
YEAR: 2023
LATITUDE: 42 32 N
LONGITUDE: 92 24 W
[TEMPERATURE DATA] [PRECIPITATION DATA] SYMBOLS USED IN COLUMN 16
AVERAGE MONTHLY: 39.5 TOTAL FOR MONTH: 0.24 1 = FOG OR MIST
DPTR FM NORMAL: 2.0 DPTR FM NORMAL: -1.61 2 = FOG REDUCING VISIBILITY
HIGHEST: 68 ON 6 GRTST 24HR 0.17 ON 25-26 TO 1/4 MILE OR LESS
LOWEST: 0 ON 28 3 = THUNDER
SNOW, ICE PELLETS, HAIL 4 = ICE PELLETS
TOTAL MONTH: 2.1 INCHES 5 = HAIL
GRTST 24HR 1.8 ON 26-26 6 = FREEZING RAIN OR DRIZZLE
GRTST DEPTH: 2 ON 29,28 7 = DUSTSTORM OR SANDSTORM:
VSBY 1/2 MILE OR LESS
8 = SMOKE OR HAZE
[NO. OF DAYS WITH] [WEATHER - DAYS WITH] 9 = BLOWING SNOW
X = TORNADO
MAX 32 OR BELOW: 4 0.01 INCH OR MORE: 4
MAX 90 OR ABOVE: 0 0.10 INCH OR MORE: 1
MIN 32 OR BELOW: 22 0.50 INCH OR MORE: 0
MIN 0 OR BELOW: 1 1.00 INCH OR MORE: 0
[HDD (BASE 65) ]
TOTAL THIS MO. 759 CLEAR (SCALE 0-3) 20
DPTR FM NORMAL -69 PTCLDY (SCALE 4-7) 6
TOTAL FM JUL 1 1151 CLOUDY (SCALE 8-10) 4
DPTR FM NORMAL -227
[CDD (BASE 65) ]
TOTAL THIS MO. 0
DPTR FM NORMAL 0 [PRESSURE DATA]
TOTAL FM JAN 1 1115 HIGHEST SLP 30.63 ON 24
DPTR FM NORMAL 199 LOWEST SLP 29.61 ON 6
[REMARKS]
#FINAL-11-23#