000
CXUS53 KDMX 010810
CF6ALO
PRELIMINARY LOCAL CLIMATOLOGICAL DATA (WS FORM: F-6)
STATION: WATERLOO IA
MONTH: AUGUST
YEAR: 2023
LATITUDE: 42 32 N
LONGITUDE: 92 24 W
TEMPERATURE IN F: :PCPN: SNOW: WIND :SUNSHINE: SKY :PK WND
================================================================================
1 2 3 4 5 6A 6B 7 8 9 10 11 12 13 14 15 16 17 18
12Z AVG MX 2MIN
DY MAX MIN AVG DEP HDD CDD WTR SNW DPTH SPD SPD DIR MIN PSBL S-S WX SPD DR
================================================================================
1 89 61 75 1 0 10 0.00 0.0 0 8.1 16 160 M M 2 20 170
2 82 65 74 0 0 9 0.00 0.0 0 6.6 13 160 M M 4 17 170
3 89 65 77 3 0 12 0.00 0.0 0 2.5 10 80 M M 5 12 14 80
4 92 64 78 4 0 13 0.00 0.0 0 6.5 20 90 M M 1 1 25 80
5 89 65 77 4 0 12 0.00 0.0 0 9.4 20 70 M M 1 25 80
6 74 65 70 -3 0 5 0.53 0.0 0 8.2 16 120 M M 8 18 22 140
7 83 66 75 2 0 10 0.03 0.0 0 7.5 16 310 M M 4 1 22 290
8 85 63 74 1 0 9 0.00 0.0 0 4.4 13 300 M M 2 18 18 310
9 81 59 70 -3 0 5 0.00 0.0 0 3.4 12 110 M M 2 18 15 220
10 88 58 73 0 0 8 0.00 0.0 0 5.6 16 210 M M 2 12 21 180
11 91 66 79 6 0 14 0.26 0.0 0 9.1 25 250 M M 3 13 38 240
12 86 64 75 2 0 10 0.00 0.0 0 M M M M M 0 M M
13 75 60 68 -4 0 3 0.07 0.0 0 7.5 12 140 M M 1 15 130
14 78 61 70 -2 0 5 T 0.0 0 9.1 21 10 M M 8 3 29 20
15 83 54 69 -3 0 4 0.00 0.0 0 6.3 18 340 M M 1 24 350
16 86 53 70 -2 0 5 0.00 0.0 0 12.0 29 180 M M 1 37 180
17 79 56 68 -4 0 3 0.00 0.0 0 12.3 26 310 M M 2 39 320
18 82 48 65 -7 0 0 0.00 0.0 0 7.9 17 180 M M 1 12 25 180
19 95 65 80 8 0 15 0.00 0.0 0 9.5 20 180 M M 0 27 160
20 97 72 85 13 0 20 0.00 0.0 0 9.0 18 20 M M 1 1 24 20
21 95 70 83 12 0 18 0.00 0.0 0 8.1 16 140 M M 1 1 22 160
22 99 71 85 14 0 20 0.00 0.0 0 9.9 20 200 M M 0 18 24 190
23 105 79 92 21 0 27 0.00 0.0 0 11.2 21 240 M M 0 18 28 250
24 103 76 90 19 0 25 0.00 0.0 0 9.6 16 350 M M 0 22 230
25 90 71 81 10 0 16 0.23 0.0 0 5.4 12 100 M M 2 13 15 290
26 84 64 74 4 0 9 0.00 0.0 0 9.1 20 20 M M 2 27 30
27 82 58 70 0 0 5 0.00 0.0 0 5.1 15 20 M M 3 20 30
28 86 53 70 0 0 5 0.00 0.0 0 4.2 15 220 M M 0 20 230
29 88 60 74 4 0 9 0.00 0.0 0 9.1 23 350 M M 1 34 320
30 83 55 69 -1 0 4 0.00 0.0 0 3.9 13 50 M M 0 18 30
31 83 47 65 -5 0 0 0.00 0.0 0 8.9 16 160 M M 0 25 160
================================================================================
SM 2702 1934 0 310 1.12 0.0 229.4 M 58
================================================================================
AV 87.2 62.4 7.6 FASTST M M 2 MAX(MPH)
MISC ----> 29 180 39 320
================================================================================
NOTES:
# LAST OF SEVERAL OCCURRENCES
COLUMN 17 PEAK WIND IN M.P.H.
PRELIMINARY LOCAL CLIMATOLOGICAL DATA (WS FORM: F-6) , PAGE 2
STATION: WATERLOO IA
MONTH: AUGUST
YEAR: 2023
LATITUDE: 42 32 N
LONGITUDE: 92 24 W
[TEMPERATURE DATA] [PRECIPITATION DATA] SYMBOLS USED IN COLUMN 16
AVERAGE MONTHLY: 74.8 TOTAL FOR MONTH: 1.12 1 = FOG OR MIST
DPTR FM NORMAL: 2.9 DPTR FM NORMAL: -3.05 2 = FOG REDUCING VISIBILITY
HIGHEST: 105 ON 23 GRTST 24HR 0.56 ON 6- 7 TO 1/4 MILE OR LESS
LOWEST: 47 ON 31 3 = THUNDER
SNOW, ICE PELLETS, HAIL 4 = ICE PELLETS
TOTAL MONTH: 0.0 INCH 5 = HAIL
GRTST 24HR 0.0 6 = FREEZING RAIN OR DRIZZLE
GRTST DEPTH: 0 7 = DUSTSTORM OR SANDSTORM:
VSBY 1/2 MILE OR LESS
8 = SMOKE OR HAZE
[NO. OF DAYS WITH] [WEATHER - DAYS WITH] 9 = BLOWING SNOW
X = TORNADO
MAX 32 OR BELOW: 0 0.01 INCH OR MORE: 5
MAX 90 OR ABOVE: 9 0.10 INCH OR MORE: 3
MIN 32 OR BELOW: 0 0.50 INCH OR MORE: 1
MIN 0 OR BELOW: 0 1.00 INCH OR MORE: 0
[HDD (BASE 65) ]
TOTAL THIS MO. 0 CLEAR (SCALE 0-3) 25
DPTR FM NORMAL -10 PTCLDY (SCALE 4-7) 6
TOTAL FM JUL 1 4 CLOUDY (SCALE 8-10) 0
DPTR FM NORMAL -4
[CDD (BASE 65) ]
TOTAL THIS MO. 310
DPTR FM NORMAL 85 [PRESSURE DATA]
TOTAL FM JAN 1 911 HIGHEST SLP M ON M
DPTR FM NORMAL 105 LOWEST SLP 29.65 ON 11
[REMARKS]
#FINAL-08-23#