000
CXUS52 KJAX 020942
CF6AMG
PRELIMINARY LOCAL CLIMATOLOGICAL DATA (WS FORM: F-6)
STATION: ALMA
MONTH: DECEMBER
YEAR: 2020
LATITUDE: 31 32 N
LONGITUDE: 82 30 W
TEMPERATURE IN F: :PCPN: SNOW: WIND :SUNSHINE: SKY :PK WND
================================================================================
1 2 3 4 5 6A 6B 7 8 9 10 11 12 13 14 15 16 17 18
12Z AVG MX 2MIN
DY MAX MIN AVG DEP HDD CDD WTR SNW DPTH SPD SPD DIR MIN PSBL S-S WX SPD DR
================================================================================
1 49 30 40 -16 25 0 0.00 0.0 0 7.6 18 300 M M 1 25 300
2 56 26 41 -15 24 0 0.00 0.0 0 1.9 12 320 M M 0 1 15 350
3 62 28 45 -10 20 0 0.00 0.0 0 1.6 9 320 M M 0 1 11 80
4 74 44 59 4 6 0 0.27 0.0 0 6.1 20 300 M M 6 1 29 270
5 62 40 51 -4 14 0 0.00 0.0 0 6.7 18 320 M M 0 26 290
6 64 39 52 -2 13 0 0.00 0.0 0 2.2 8 180 M M 4 10 180
7 61 40 51 -3 14 0 0.01 0.0 0 8.5 20 300 M M 6 1 27 290
8 52 31 42 -12 23 0 0.00 0.0 0 5.4 13 310 M M 0 17 320
9 63 29 46 -8 19 0 0.00 0.0 0 2.8 14 250 M M 0 1 19 300
10 70 37 54 0 11 0 0.00 0.0 0 1.1 9 190 M M 0 1 12 190
11 69 36 53 0 12 0 0.00 0.0 0 1.6 12 170 M M 0 1 16 170
12 73 43 58 5 7 0 0.00 0.0 0 4.3 14 180 M M 4 1 19 210
13 75 59 67 14 0 2 0.00 0.0 0 4.5 10 160 M M 6 1 14 160
14 72 48 60 7 5 0 0.01 0.0 0 9.7 24 290 M M 4 1 31 290
15 55 46 51 -1 14 0 0.00 0.0 0 4.8 9 10 M M 7 17 60
16 49 43 46 -6 19 0 0.31 0.0 0 4.5 14 320 M M 10 1 18 310
17 46 32 39 -13 26 0 0.00 0.0 0 6.1 17 310 M M 8 12 23 320
18 54 29 42 -10 23 0 0.00 0.0 0 3.1 13 350 M M 0 1 17 360
19 57 30 44 -8 21 0 0.00 0.0 0 2.3 10 60 M M 4 1 14 70
20 59 47 53 1 12 0 0.47 0.0 0 3.2 9 350 M M 10 1 13 20
21 60 41 51 -1 14 0 0.02 0.0 0 4.9 14 290 M M 6 1 20 310
22 67 36 52 1 13 0 0.00 0.0 0 4.0 14 300 M M 0 1 19 300
23 71 33 52 1 13 0 0.00 0.0 0 3.3 13 170 M M 0 1 18 160
24 67 38 53 2 12 0 1.01 0.0 0 9.2 29 290 M M 5 13 40 270
25 43 26 35 -16 30 0 0.00 0.0 0 9.7 25 300 M M 0 35 300
26 49 23 36 -15 29 0 0.00 0.0 0 2.3 10 300 M M 0 14 330
27 58 26 42 -9 23 0 0.00 0.0 0 1.8 9 160 M M 0 13 160
28 69 32 51 0 14 0 0.00 0.0 0 1.5 10 320 M M 1 14 250
29 67 37 52 1 13 0 0.00 0.0 0 2.2 9 110 M M 0 1 12 100
30 69 50 60 10 5 0 0.00 0.0 0 3.3 9 100 M M 9 12 12 110
31 72 50 61 11 4 0 0.26 0.0 0 2.9 9 200 M M 7 12 11 200
================================================================================
SM 1914 1149 478 2 2.36 0.0 133.1 M 98
================================================================================
AV 61.7 37.1 4.3 FASTST M M 3 MAX(MPH)
MISC ----> 29 290 40 270
================================================================================
NOTES:
# LAST OF SEVERAL OCCURRENCES
COLUMN 17 PEAK WIND IN M.P.H.
PRELIMINARY LOCAL CLIMATOLOGICAL DATA (WS FORM: F-6) , PAGE 2
STATION: ALMA
MONTH: DECEMBER
YEAR: 2020
LATITUDE: 31 32 N
LONGITUDE: 82 30 W
[TEMPERATURE DATA] [PRECIPITATION DATA] SYMBOLS USED IN COLUMN 16
AVERAGE MONTHLY: 49.4 TOTAL FOR MONTH: 2.36 1 = FOG OR MIST
DPTR FM NORMAL: -3.2 DPTR FM NORMAL: -0.93 2 = FOG REDUCING VISIBILITY
HIGHEST: 75 ON 13 GRTST 24HR 1.01 ON 24-24 TO 1/4 MILE OR LESS
LOWEST: 23 ON 26 3 = THUNDER
SNOW, ICE PELLETS, HAIL 4 = ICE PELLETS
TOTAL MONTH: 0.0 INCH 5 = HAIL
GRTST 24HR 0.0 6 = FREEZING RAIN OR DRIZZLE
GRTST DEPTH: 0 7 = DUSTSTORM OR SANDSTORM:
VSBY 1/2 MILE OR LESS
8 = SMOKE OR HAZE
[NO. OF DAYS WITH] [WEATHER - DAYS WITH] 9 = BLOWING SNOW
X = TORNADO
MAX 32 OR BELOW: 0 0.01 INCH OR MORE: 8
MAX 90 OR ABOVE: 0 0.10 INCH OR MORE: 5
MIN 32 OR BELOW: 12 0.50 INCH OR MORE: 1
MIN 0 OR BELOW: 0 1.00 INCH OR MORE: 1
[HDD (BASE 65) ]
TOTAL THIS MO. 478 CLEAR (SCALE 0-3) 16
DPTR FM NORMAL 82 PTCLDY (SCALE 4-7) 11
TOTAL FM JUL 1 597 CLOUDY (SCALE 8-10) 4
DPTR FM NORMAL -42
[CDD (BASE 65) ]
TOTAL THIS MO. 2
DPTR FM NORMAL -9 [PRESSURE DATA]
TOTAL FM JAN 1 2768 HIGHEST SLP 30.42 ON 29
DPTR FM NORMAL 292 LOWEST SLP 29.66 ON 24
[REMARKS]
#FINAL-12-20#