000
CXAK56 PAFC 030117
CF6ANC
PRELIMINARY LOCAL CLIMATOLOGICAL DATA (WS FORM: F-6)
STATION: ANCHORAGE AK
MONTH: APRIL
YEAR: 2022
LATITUDE: 61 10 N
LONGITUDE: 150 2 W
TEMPERATURE IN F: :PCPN: SNOW: WIND :SUNSHINE: SKY :PK WND
================================================================================
1 2 3 4 5 6A 6B 7 8 9 10 11 12 13 14 15 16 17 18
12Z AVG MX 2MIN
DY MAX MIN AVG DEP HDD CDD WTR SNW DPTH SPD SPD DIR MIN PSBL S-S WX SPD DR
================================================================================
1 44 31 38 7 27 0 0.00 0.0 18 6.8 18 140 M M 7 36 160
2 43 30 37 6 28 0 0.00 0.0 17 4.2 16 150 M M 5 30 160
3 42 28 35 3 30 0 0.00 0.0 17 3.4 10 220 M M 6 16 360
4 38 30 34 2 31 0 0.04 0.4 15 3.9 10 240 M M 9 1 15 270
5 40 31 36 3 29 0 0.12 2.2 14 9.7 21 140 M M 9 18 31 140
6 44 33 39 6 26 0 0.00 0.0 16 12.6 20 150 M M 6 33 160
7 42 29 36 2 29 0 0.00 0.0 14 3.9 10 40 M M 5 14 140
8 37 26 32 -2 33 0 T T 13 5.9 14 350 M M 9 18 350
9 37 21 29 -6 36 0 0.00 0.0 12 7.1 15 350 M M 2 19 340
10 38 22 30 -5 35 0 0.00 0.0 12 5.8 12 350 M M 0 M M
11 43 23 33 -3 32 0 0.00 0.0 11 4.4 10 170 M M 1 16 180
12 45 27 36 0 29 0 0.00 0.0 10 5.0 10 160 M M 2 17 180
13 41 27 34 -2 31 0 0.00 0.0 10 4.0 9 170 M M 5 17 330
14 40 37 39 2 26 0 0.00 0.0 8 15.5 17 160 M M M 24 160
15 45 32 39 1 26 0 0.00 0.0 6 10.2 23 170 M M 6 29 150
16 45 35 40 2 25 0 0.00 0.0 4 4.0 9 100 M M 9 12 320
17 47 36 42 4 23 0 T 0.0 2 4.3 14 150 M M 8 20 130
18 46 28 37 -2 28 0 0.00 0.0 T 6.2 14 30 M M 2 17 30
19 48 26 37 -2 28 0 0.00 0.0 T 4.4 12 40 M M 1 14 20
20 47 27 37 -3 28 0 0.00 0.0 T 4.2 8 290 M M 2 14 290
21 47 27 37 -3 28 0 T 0.0 T 6.6 18 150 M M 7 31 160
22 47 35 41 0 24 0 0.00 0.0 T 6.3 15 170 M M 9 20 150
23 52 34 43 2 22 0 T 0.0 0 5.8 15 160 M M 8 30 170
24 54 33 44 3 21 0 T 0.0 0 4.7 16 160 M M 6 21 150
25 53 33 43 1 22 0 T 0.0 0 4.8 10 250 M M 5 16 190
26 56 36 46 4 19 0 0.00 0.0 0 4.4 9 250 M M 2 18 340
27 56 33 45 3 20 0 0.00 0.0 0 5.9 14 240 M M 2 22 330
28 49 39 44 1 21 0 T 0.0 0 6.9 17 210 M M 9 29 190
29 53 35 44 1 21 0 0.00 0.0 0 10.8 25 150 M M 6 40 140
30 48 33 41 -3 24 0 0.00 0.0 0 5.6 24 140 M M 7 32 140
================================================================================
SM 1367 917 802 0 0.16 2.6 187.3 M 155
================================================================================
AV 45.6 30.6 6.2 FASTST M M 5 MAX(MPH)
MISC ----> 25 150 40 140
================================================================================
NOTES:
# LAST OF SEVERAL OCCURRENCES
COLUMN 17 PEAK WIND IN M.P.H.
PRELIMINARY LOCAL CLIMATOLOGICAL DATA (WS FORM: F-6) , PAGE 2
STATION: ANCHORAGE AK
MONTH: APRIL
YEAR: 2022
LATITUDE: 61 10 N
LONGITUDE: 150 2 W
[TEMPERATURE DATA] [PRECIPITATION DATA] SYMBOLS USED IN COLUMN 16
AVERAGE MONTHLY: 38.1 TOTAL FOR MONTH: 0.16 1 = FOG OR MIST
DPTR FM NORMAL: 0.6 DPTR FM NORMAL: -0.27 2 = FOG REDUCING VISIBILITY
HIGHEST: 56 ON 27,26 GRTST 24HR 0.12 ON 5- 5 TO 1/4 MILE OR LESS
LOWEST: 21 ON 9 3 = THUNDER
SNOW, ICE PELLETS, HAIL 4 = ICE PELLETS
TOTAL MONTH: 2.6 INCHES 5 = HAIL
GRTST 24HR 2.2 ON 5- 5 6 = FREEZING RAIN OR DRIZZLE
GRTST DEPTH: 18 ON 1 7 = DUSTSTORM OR SANDSTORM:
VSBY 1/2 MILE OR LESS
8 = SMOKE OR HAZE
[NO. OF DAYS WITH] [WEATHER - DAYS WITH] 9 = BLOWING SNOW
X = TORNADO
MAX 32 OR BELOW: 0 0.01 INCH OR MORE: 2
MAX 90 OR ABOVE: 0 0.10 INCH OR MORE: 1
MIN 32 OR BELOW: 17 0.50 INCH OR MORE: 0
MIN 0 OR BELOW: 0 1.00 INCH OR MORE: 0
[HDD (BASE 65) ]
TOTAL THIS MO. 802 CLEAR (SCALE 0-3) 9
DPTR FM NORMAL -23 PTCLDY (SCALE 4-7) 13
TOTAL FM JUL 1 8926 CLOUDY (SCALE 8-10) 8
DPTR FM NORMAL -255
[CDD (BASE 65) ]
TOTAL THIS MO. 0
DPTR FM NORMAL 0 [PRESSURE DATA]
TOTAL FM JAN 1 0 HIGHEST SLP 30.66 ON 10
DPTR FM NORMAL 0 LOWEST SLP 29.01 ON 3
[REMARKS]
#FINAL-04-22#