000
CXUS53 KAPX 010523
CLMANJ
CLIMATE REPORT
NATIONAL WEATHER SERVICE
123 AM EDT SAT APR 01 2023
...................................
...THE SAULT STE MARIE MI CLIMATE SUMMARY FOR THE MONTH OF MARCH 2023...
CLIMATE NORMAL PERIOD: 1991 TO 2020
CLIMATE RECORD PERIOD: 1888 TO 2023
WEATHER OBSERVED NORMAL DEPART LAST YEAR`S
VALUE DATE(S) VALUE FROM VALUE
NORMAL
..............................................................
TEMPERATURE (F)
RECORD
HIGH 83 03/21/2012
LOW -28 03/11/1948
HIGHEST 44 03/16 MM MM
LOWEST 9 03/14 MM MM
AVG. MAXIMUM 35.8 35.5 0.3
AVG. MINIMUM 20.3 17.9 2.4
MEAN 28.0 26.7 1.3
DAYS MAX <= 32 6 12.0 -6.0
DAYS MIN <= 0 0 3.0 -3.0
DAYS MIN <= -20 0
PRECIPITATION (INCHES)
TOTALS 1.08 1.81 -0.73
DAYS >= .01 9 12.3 -3.3
DAYS >= .10 3 4.9 -1.9
DAYS >= .50 0 0.9 -0.9
DAYS >= 1.00 0 0.1 -0.1
GREATEST
24 HR. TOTAL 0.38 03/16 TO 03/17
SNOWFALL (INCHES)
RECORDS
TOTAL 37.5 2002
TOTALS 4.8 13.0 -8.2 7.1
DAYS >= TRACE 14 10.0 18
GREATEST
SNOW DEPTH 28 03/01 33
DEGREE DAYS
HEATING TOTAL 1137 1187 -50
SINCE 7/1 6445 7132 -687
COOLING TOTAL 0 0 0
SINCE 1/1 0 0 0
..............................................................
WIND (MPH)
AVERAGE WIND SPEED 7.3
HIGHEST WIND SPEED/DIRECTION 30/280 DATE 03/17
HIGHEST GUST SPEED/DIRECTION 52/270 DATE 03/17
SKY COVER
AVERAGE SKY COVER 0.50
AVERAGE RH (PERCENT) 69
- INDICATES NEGATIVE NUMBERS.
R INDICATES RECORD WAS SET OR TIED.
MM INDICATES DATA IS MISSING.
T INDICATES TRACE AMOUNT.
$$