000
CXUS53 KIWX 010910
CF6AOH
PRELIMINARY LOCAL CLIMATOLOGICAL DATA (WS FORM: F-6)
STATION: LIMA
MONTH: NOVEMBER
YEAR: 2021
LATITUDE: 40 42 N
LONGITUDE: 84 1 W
TEMPERATURE IN F: :PCPN: SNOW: WIND :SUNSHINE: SKY :PK WND
================================================================================
1 2 3 4 5 6A 6B 7 8 9 10 11 12 13 14 15 16 17 18
12Z AVG MX 2MIN
DY MAX MIN AVG DEP HDD CDD WTR SNW DPTH SPD SPD DIR MIN PSBL S-S WX SPD DR
================================================================================
1 51 35 43 -5 22 0 0.00 M M 8.6 18 270 M M 2 26 270
2 48 32 40 -7 25 0 T M M 8.9 17 250 M M 5 24 260
3 47 26 37 -10 28 0 0.00 M M 3.2 9 310 M M 2 13 330
4 48 29 39 -7 26 0 0.00 0.0 0 2.0 13 250 M M 6 18 19 330
5 51 26 39 -7 26 0 0.00 M M 4.3 10 140 M M 0 1 15 140
6 55 26 41 -5 24 0 0.00 M M 5.8 12 220 M M 0 17 170
7 63 34 49 4 16 0 0.00 0.0 M 6.1 13 230 M M 0 8 18 250
8 68 43 56 11 9 0 0.00 M M 10.4 20 220 M M 0 27 240
9 60 45 53 9 12 0 0.00 M M 4.1 9 220 M M 1 18 12 230
10 58 38 48 4 17 0 0.00 M M 6.7 13 100 M M 3 128 18 100
11 68 44 56 12 9 0 0.17 0.0 0 12.7 31 180 M M 4 1 47 190
12 54 35 45 2 20 0 0.01 M M 13.0 30 230 M M 5 1 44 230
13 41 34 38 -5 27 0 0.01 M M 15.7 25 260 M M 10 1 34 250
14 36 33 35 -7 30 0 0.14 M M 15.1 28 270 M M 10 12 42 260
15 39 32 36 -6 29 0 T M M 11.0 24 260 M M 8 1 34 260
16 49 34 42 0 23 0 0.00 M M 7.5 16 160 M M 5 1 24 150
17 63 48 56 15 9 0 0.19 M M 15.8 24 200 M M 9 1 38 200
18 50 30 40 -1 25 0 0.24 M M 16.4 30 270 M M 6 1 41 260
19 41 30 36 -4 29 0 0.00 M M 8.1 21 270 M M 5 29 280
20 44 29 37 -3 28 0 0.00 M M 9.0 18 160 M M 2 26 160
21 45 36 41 1 24 0 0.15 M M 10.4 22 300 M M 7 1 33 300
22 41 26 34 -5 31 0 0.00 M M 10.8 21 280 M M 3 29 330
23 40 21 31 -8 34 0 0.00 M M 5.8 12 230 M M 0 15 280
24 52 31 42 3 23 0 T M M 12.6 22 200 M M 1 31 180
25 50 35 43 5 22 0 0.21 M M 12.7 24 290 M M 10 1 34 300
26 35 28 32 -6 33 0 0.03 M M 11.3 20 310 M M 10 1 28 310
27 40 26 33 -5 32 0 0.01 M M 8.5 18 270 M M 8 27 270
28 39 31 35 -2 30 0 T M M 13.7 25 290 M M 9 18 35 300
29 41 23 32 -5 33 0 T M M 7.5 16 240 M M 4 21 240
30 49 31 40 3 25 0 0.00 M M 10.8 20 250 M M 3 26 260
================================================================================
SM 1466 971 721 0 1.16 0.0 288.5 M 138
================================================================================
AV 48.9 32.4 9.6 FASTST M M 5 MAX(MPH)
MISC ----> 31 180 47 190
================================================================================
NOTES:
# LAST OF SEVERAL OCCURRENCES
COLUMN 17 PEAK WIND IN M.P.H.
PRELIMINARY LOCAL CLIMATOLOGICAL DATA (WS FORM: F-6) , PAGE 2
STATION: LIMA
MONTH: NOVEMBER
YEAR: 2021
LATITUDE: 40 42 N
LONGITUDE: 84 1 W
[TEMPERATURE DATA] [PRECIPITATION DATA] SYMBOLS USED IN COLUMN 16
AVERAGE MONTHLY: 40.6 TOTAL FOR MONTH: 1.16 1 = FOG OR MIST
DPTR FM NORMAL: -1.3 DPTR FM NORMAL: -1.65 2 = FOG REDUCING VISIBILITY
HIGHEST: 68 ON 11, 8 GRTST 24HR 0.43 ON 17-18 TO 1/4 MILE OR LESS
LOWEST: 21 ON 23 3 = THUNDER
SNOW, ICE PELLETS, HAIL 4 = ICE PELLETS
TOTAL MONTH: 0.0 INCH 5 = HAIL
GRTST 24HR 0.0 6 = FREEZING RAIN OR DRIZZLE
GRTST DEPTH: 0 7 = DUSTSTORM OR SANDSTORM:
VSBY 1/2 MILE OR LESS
8 = SMOKE OR HAZE
[NO. OF DAYS WITH] [WEATHER - DAYS WITH] 9 = BLOWING SNOW
X = TORNADO
MAX 32 OR BELOW: 0 0.01 INCH OR MORE: 10
MAX 90 OR ABOVE: 0 0.10 INCH OR MORE: 6
MIN 32 OR BELOW: 17 0.50 INCH OR MORE: 0
MIN 0 OR BELOW: 0 1.00 INCH OR MORE: 0
[HDD (BASE 65) ]
TOTAL THIS MO. 721 CLEAR (SCALE 0-3) 12
DPTR FM NORMAL 28 PTCLDY (SCALE 4-7) 12
TOTAL FM JUL 1 949 CLOUDY (SCALE 8-10) 6
DPTR FM NORMAL -208
[CDD (BASE 65) ]
TOTAL THIS MO. 0
DPTR FM NORMAL 0 [PRESSURE DATA]
TOTAL FM JAN 1 1133 HIGHEST SLP M ON M
DPTR FM NORMAL 287 LOWEST SLP 29.67 ON 11
[REMARKS]
#FINAL-11-21#