000
CXUS55 KBOU 010900
CF6APA
PRELIMINARY LOCAL CLIMATOLOGICAL DATA (WS FORM: F-6)
STATION: CENTENNIAL CO
MONTH: JUNE
YEAR: 2023
LATITUDE: 39 33 N
LONGITUDE: 104 51 W
TEMPERATURE IN F: :PCPN: SNOW: WIND :SUNSHINE: SKY :PK WND
================================================================================
1 2 3 4 5 6A 6B 7 8 9 10 11 12 13 14 15 16 17 18
12Z AVG MX 2MIN
DY MAX MIN AVG DEP HDD CDD WTR SNW DPTH SPD SPD DIR MIN PSBL S-S WX SPD DR
================================================================================
1 68 48 58 -4 7 0 0.41 M M 7.1 26 250 M M 8 135 31 250
2 70 45 58 -4 7 0 0.19 M M 6.5 21 300 M M 6 13 28 280
3 56 51 54 -9 11 0 0.36 M M 4.5 16 230 M M 10 1 20 240
4 57 51 54 -9 11 0 0.75 M M 5.9 14 320 M M 9 1 17 320
5 68 50 59 -4 6 0 0.12 M M 5.2 20 130 M M 8 3 28 120
6 76 50 63 -1 2 0 0.25 M M 5.9 28 240 M M 6 1358 36 240
7 72 47 60 -4 5 0 0.00 M M 6.1 22 210 M M 7 29 210
8 75 46 61 -3 4 0 1.12 M M 4.3 26 270 M M 7 135 36 270
9 76 51 64 -1 1 0 T M M 8.1 33 240 M M 6 3 43 240
10 72 45 59 -6 6 0 0.01 M M 6.8 21 170 M M 4 3 28 170
11 65 47 56 -9 9 0 0.33 M M 5.6 15 90 M M 7 13 24 110
12 61 48 55 -11 10 0 0.44 M M 8.7 21 150 M M 8 13 29 160
13 61 45 53 -13 12 0 T M M 5.1 13 30 M M 7 18 17 40
14 75 44 60 -6 5 0 0.02 M M 7.3 22 240 M M 3 3 28 240
15 72 53 63 -4 2 0 0.29 M M 7.3 21 280 M M 8 13 27 270
16 58 49 54 -13 11 0 0.72 M M 4.8 14 40 M M 8 13 20 60
17 68 47 58 -9 7 0 T M M 4.9 22 10 M M 6 1 28 10
18 82 50 66 -2 0 1 0.00 M M 7.8 17 190 M M 3 25 190
19 87 60 74 6 0 9 0.00 M M 12.1 26 150 M M 1 40 150
20 83 58 71 3 0 6 0.00 M M 7.0 16 110 M M 3 24 100
21 78 51 65 -4 0 0 0.70 M M 7.9 24 90 M M 4 13 35 80
22 76 54 65 -4 0 0 2.33 M M 11.6 31 310 M M 6 135 47 350
23 84 54 69 0 0 4 0.00 M M 6.6 20 330 M M 3 25 340
24 80 50 65 -4 0 0 0.00 M M 7.7 17 80 M M 1 26 70
25 80 51 66 -4 0 1 0.00 M M 9.3 18 170 M M 3 26 150
26 86 54 70 0 0 5 0.00 M M 8.2 21 130 M M 2 30 40
27 91 59 75 5 0 10 0.00 M M 11.5 33 210 M M 3 48 200
28 82 62 72 2 0 7 0.00 M M 8.7 17 360 M M 4 28 40
29 82 55 69 -2 0 4 0.23 M M 10.9 23 140 M M 7 138 35 170
30 72 50 61 -10 4 0 0.72 M M 7.0 25 230 M M 7 135 38 270
================================================================================
SM 2213 1525 120 47 8.99 M 220.4 M 165
================================================================================
AV 73.8 50.8 7.3 FASTST M M 6 MAX(MPH)
MISC ----> # 33 210 48 200
================================================================================
NOTES:
# LAST OF SEVERAL OCCURRENCES
COLUMN 17 PEAK WIND IN M.P.H.
PRELIMINARY LOCAL CLIMATOLOGICAL DATA (WS FORM: F-6) , PAGE 2
STATION: CENTENNIAL CO
MONTH: JUNE
YEAR: 2023
LATITUDE: 39 33 N
LONGITUDE: 104 51 W
[TEMPERATURE DATA] [PRECIPITATION DATA] SYMBOLS USED IN COLUMN 16
AVERAGE MONTHLY: 62.3 TOTAL FOR MONTH: 8.99 1 = FOG OR MIST
DPTR FM NORMAL: -4.4 DPTR FM NORMAL: 7.01 2 = FOG REDUCING VISIBILITY
HIGHEST: 91 ON 27 GRTST 24HR 3.03 ON 21-22 TO 1/4 MILE OR LESS
LOWEST: 44 ON 14 3 = THUNDER
SNOW, ICE PELLETS, HAIL 4 = ICE PELLETS
TOTAL MONTH: M 5 = HAIL
GRTST 24HR M ON M 6 = FREEZING RAIN OR DRIZZLE
GRTST DEPTH: M ON M 7 = DUSTSTORM OR SANDSTORM:
VSBY 1/2 MILE OR LESS
8 = SMOKE OR HAZE
[NO. OF DAYS WITH] [WEATHER - DAYS WITH] 9 = BLOWING SNOW
X = TORNADO
MAX 32 OR BELOW: 0 0.01 INCH OR MORE: 17
MAX 90 OR ABOVE: 1 0.10 INCH OR MORE: 15
MIN 32 OR BELOW: 0 0.50 INCH OR MORE: 6
MIN 0 OR BELOW: 0 1.00 INCH OR MORE: 2
[HDD (BASE 65) ]
TOTAL THIS MO. 120 CLEAR (SCALE 0-3) 6
DPTR FM NORMAL 57 PTCLDY (SCALE 4-7) 21
TOTAL FM JUL 1 6181 CLOUDY (SCALE 8-10) 3
DPTR FM NORMAL 167
[CDD (BASE 65) ]
TOTAL THIS MO. 47
DPTR FM NORMAL -67 [PRESSURE DATA]
TOTAL FM JAN 1 49 HIGHEST SLP M ON M
DPTR FM NORMAL -80 LOWEST SLP 29.57 ON 27
[REMARKS]
#FINAL-06-23#