000
CXUS53 KAPX 010830
CF6APN
PRELIMINARY LOCAL CLIMATOLOGICAL DATA (WS FORM: F-6)
STATION: ALPENA MI
MONTH: FEBRUARY
YEAR: 2022
LATITUDE: 45 4 N
LONGITUDE: 83 34 W
TEMPERATURE IN F: :PCPN: SNOW: WIND :SUNSHINE: SKY :PK WND
================================================================================
1 2 3 4 5 6A 6B 7 8 9 10 11 12 13 14 15 16 17 18
12Z AVG MX 2MIN
DY MAX MIN AVG DEP HDD CDD WTR SNW DPTH SPD SPD DIR MIN PSBL S-S WX SPD DR
================================================================================
1 43 20 32 13 33 0 0.00 0.0 7 13.2 25 180 M M 2 35 180
2 37 17 27 8 38 0 T T 6 10.9 23 350 M M 9 8 30 340
3 18 -3 8 -11 57 0 T T 6 9.5 21 350 M M 6 18 29 340
4 13 -4 5 -14 60 0 T T 6 5.6 10 350 M M 4 18 13 360
5 22 -9 7 -12 58 0 T T 6 7.2 22 170 M M 5 28 160
6 32 18 25 6 40 0 0.00 0.0 6 8.3 21 170 M M 10 27 180
7 29 24 27 8 38 0 0.02 0.3 6 5.6 12 290 M M 10 1 19 280
8 30 19 25 6 40 0 T T 6 7.4 15 170 M M 7 22 220
9 37 23 30 10 35 0 0.02 0.3 6 8.7 20 330 M M 9 18 27 330
10 30 26 28 8 37 0 T T 5 9.2 16 270 M M 10 28 270
11 42 22 32 12 33 0 0.05 1.2 6 10.7 20 160 M M 10 18 33 310
12 22 -6 8 -12 57 0 0.02 0.4 6 10.3 22 330 M M 6 18 33 330
13 12 -9 2 -18 63 0 T T 6 5.0 16 360 M M 5 18 19 10
14 20 -16 2 -18 63 0 0.00 0.0 6 3.5 14 210 M M 4 19 220
15 23 1 12 -8 53 0 T T 6 8.3 22 140 M M 5 29 150
16 48 23 36 15 29 0 0.12 0.0 6 11.1 23 210 M M 6 1 33 220
17 32 16 24 3 41 0 T T 4 14.3 25 340 M M 10 1 33 340
18 24 6 15 -6 50 0 0.16 2.0 5 11.1 24 160 M M 9 18 33 170
19 25 9 17 -4 48 0 0.10 1.3 6 13.4 26 320 M M 8 1289 48 290
20 49 15 32 10 33 0 T 0.0 6 12.7 26 230 M M 5 45 240
21 31 19 25 3 40 0 0.01 0.1 3 12.7 20 30 M M 9 18 26 330
22 25 14 20 -2 45 0 0.46 1.6 3 12.6 18 10 M M 10 16 26 60
23 18 5 12 -10 53 0 T T 4 9.1 22 320 M M 3 189 31 330
24 21 2 12 -10 53 0 0.03 0.5 4 6.5 15 50 M M 7 18 19 50
25 21 -2 10 -13 55 0 0.19 3.5 8 8.4 18 10 M M 5 1 24 10
26 32 -3 15 -8 50 0 0.00 0.0 7 10.7 21 250 M M 2 34 240
27 30 12 21 -2 44 0 T T 7 10.9 21 340 M M 5 34 290
28 27 -1 13 -11 52 0 0.03 0.6 6 7.4 16 160 M M 8 18 19 170
================================================================================
SM 793 238 1298 0 1.21 11.8 264.3 M 189
================================================================================
AV 28.3 8.5 9.4 FASTST M M 7 MAX(MPH)
MISC ----> # 26 320 48 290
================================================================================
NOTES:
# LAST OF SEVERAL OCCURRENCES
COLUMN 17 PEAK WIND IN M.P.H.
PRELIMINARY LOCAL CLIMATOLOGICAL DATA (WS FORM: F-6) , PAGE 2
STATION: ALPENA MI
MONTH: FEBRUARY
YEAR: 2022
LATITUDE: 45 4 N
LONGITUDE: 83 34 W
[TEMPERATURE DATA] [PRECIPITATION DATA] SYMBOLS USED IN COLUMN 16
AVERAGE MONTHLY: 18.4 TOTAL FOR MONTH: 1.21 1 = FOG OR MIST
DPTR FM NORMAL: -2.3 DPTR FM NORMAL: -0.31 2 = FOG REDUCING VISIBILITY
HIGHEST: 49 ON 20 GRTST 24HR 0.46 ON 21-22 TO 1/4 MILE OR LESS
LOWEST: -16 ON 14 3 = THUNDER
SNOW, ICE PELLETS, HAIL 4 = ICE PELLETS
TOTAL MONTH: 11.8 INCHES 5 = HAIL
GRTST 24HR 3.5 ON 25-25 6 = FREEZING RAIN OR DRIZZLE
GRTST DEPTH: 8 ON 25 7 = DUSTSTORM OR SANDSTORM:
VSBY 1/2 MILE OR LESS
8 = SMOKE OR HAZE
[NO. OF DAYS WITH] [WEATHER - DAYS WITH] 9 = BLOWING SNOW
X = TORNADO
MAX 32 OR BELOW: 22 0.01 INCH OR MORE: 12
MAX 90 OR ABOVE: 0 0.10 INCH OR MORE: 5
MIN 32 OR BELOW: 28 0.50 INCH OR MORE: 0
MIN 0 OR BELOW: 9 1.00 INCH OR MORE: 0
[HDD (BASE 65) ]
TOTAL THIS MO. 1298 CLEAR (SCALE 0-3) 2
DPTR FM NORMAL 58 PTCLDY (SCALE 4-7) 16
TOTAL FM JUL 1 5329 CLOUDY (SCALE 8-10) 10
DPTR FM NORMAL -196
[CDD (BASE 65) ]
TOTAL THIS MO. 0
DPTR FM NORMAL 0 [PRESSURE DATA]
TOTAL FM JAN 1 0 HIGHEST SLP 30.62 ON 24
DPTR FM NORMAL 0 LOWEST SLP 29.35 ON 11
[REMARKS]
#FINAL-02-22#