000
CXUS53 KAPX 011306
CF6APX
PRELIMINARY LOCAL CLIMATOLOGICAL DATA (WS FORM: F-6)
STATION: GAYLORD WFO
MONTH: OCTOBER
YEAR: 2023
LATITUDE: 45 4 N
LONGITUDE: 84 43 W
TEMPERATURE IN F: :PCPN: SNOW: WIND :SUNSHINE: SKY :PK WND
================================================================================
1 2 3 4 5 6A 6B 7 8 9 10 11 12 13 14 15 16 17 18
12Z AVG MX 2MIN
DY MAX MIN AVG DEP HDD CDD WTR SNW DPTH SPD SPD DIR MIN PSBL S-S WX SPD DR
================================================================================
1 75 58 67 14 0 2 0.08 0.0 0 M M M M M M M M
2 82 61 72 20 0 7 0.00 0.0 0 M M M M M M M M
3 83 61 72 20 0 7 0.00 0.0 0 M M M M M M M M
4 78 62 70 19 0 5 0.06 0.0 0 M M M M M M M M
5 64 54 59 8 6 0 0.16 0.0 0 M M M M M M M M
6 58 43 51 1 14 0 0.09 0.0 0 M M M M M M M M
7 48 40 44 -6 21 0 0.50 0.0 0 M M M M M M M M
8 47 35 41 -9 24 0 T 0.0 0 M M M M M M M M
9 45 39 42 -7 23 0 0.23 0.0 0 M M M M M M M M
10 45 40 43 -6 22 0 0.13 0.0 0 M M M M M M M M
11 53 39 46 -2 19 0 0.07 0.0 0 M M M M M M M M
12 54 38 46 -2 19 0 0.00 0.0 0 M M M M M M M M
13 50 41 46 -1 19 0 0.00 0.0 0 M M M M M M M M
14 50 44 47 0 18 0 0.02 0.0 0 M M M M M M M M
15 50 43 47 1 18 0 0.02 0.0 0 M M M M M M M M
16 50 40 45 -1 20 0 0.00 0.0 0 M M M M M M M M
17 47 39 43 -3 22 0 0.00 0.0 0 M M M M M M M M
18 58 40 49 4 16 0 0.02 0.0 0 M M M M M M M M
19 52 48 50 5 15 0 0.24 0.0 0 M M M M M M M M
20 50 41 46 2 19 0 0.21 0.0 0 M M M M M M M M
21 43 34 39 -5 26 0 0.00 0.0 0 M M M M M M M M
22 46 31 39 -5 26 0 T 0.0 0 M M M M M M M M
23 44 30 37 -6 28 0 0.00 0.0 0 M M M M M M M M
24 62 44 53 10 12 0 0.78 0.0 0 M M M M M M 3 M M
25 60 56 58 16 7 0 0.00 0.0 0 M M M M M M 12 M M
26 61 55 58 16 7 0 0.83 0.0 0 M M M M M M M M
27 64 45 55 13 10 0 0.59 0.0 0 M M M M M M M M
28 45 35 40 -1 25 0 0.01 T 0 M M M M M M M M
29 39 31 35 -6 30 0 0.11 0.3 0 M M M M M M M M
30 39 27 33 -7 32 0 0.04 0.7 1 M M M M M M M M
31 45 35 40 0 25 0 0.02 0.2 T M M M M M M M M
================================================================================
SM 1687 1329 523 21 4.21 1.2 M M M
================================================================================
AV 54.4 42.9 M FASTST M M M MAX(MPH)
MISC ----> M M M M
================================================================================
NOTES:
# LAST OF SEVERAL OCCURRENCES
COLUMN 17 PEAK WIND IN M.P.H.
PRELIMINARY LOCAL CLIMATOLOGICAL DATA (WS FORM: F-6) , PAGE 2
STATION: GAYLORD WFO
MONTH: OCTOBER
YEAR: 2023
LATITUDE: 45 4 N
LONGITUDE: 84 43 W
[TEMPERATURE DATA] [PRECIPITATION DATA] SYMBOLS USED IN COLUMN 16
AVERAGE MONTHLY: 48.6 TOTAL FOR MONTH: 4.21 1 = FOG OR MIST
DPTR FM NORMAL: 2.5 DPTR FM NORMAL: 0.06 2 = FOG REDUCING VISIBILITY
HIGHEST: 83 ON 3 GRTST 24HR 0.83 ON 26-26 TO 1/4 MILE OR LESS
LOWEST: 27 ON 30 3 = THUNDER
SNOW, ICE PELLETS, HAIL 4 = ICE PELLETS
TOTAL MONTH: 1.2 INCHES 5 = HAIL
GRTST 24HR 0.7 ON 30-30 6 = FREEZING RAIN OR DRIZZLE
GRTST DEPTH: 1 ON 30 7 = DUSTSTORM OR SANDSTORM:
VSBY 1/2 MILE OR LESS
8 = SMOKE OR HAZE
[NO. OF DAYS WITH] [WEATHER - DAYS WITH] 9 = BLOWING SNOW
X = TORNADO
MAX 32 OR BELOW: 0 0.01 INCH OR MORE: 20
MAX 90 OR ABOVE: 0 0.10 INCH OR MORE: 10
MIN 32 OR BELOW: 4 0.50 INCH OR MORE: 4
MIN 0 OR BELOW: 0 1.00 INCH OR MORE: 0
[HDD (BASE 65) ]
TOTAL THIS MO. 523 CLEAR (SCALE 0-3) 0
DPTR FM NORMAL -64 PTCLDY (SCALE 4-7) 0
TOTAL FM JUL 1 805 CLOUDY (SCALE 8-10) 31
DPTR FM NORMAL -111
[CDD (BASE 65) ]
TOTAL THIS MO. 21
DPTR FM NORMAL 18 [PRESSURE DATA]
TOTAL FM JAN 1 314 HIGHEST SLP M ON M
DPTR FM NORMAL -10 LOWEST SLP M ON M
[REMARKS]
#FINAL-10-23#