000
CXUS54 KLCH 010830
CF6ARA
PRELIMINARY LOCAL CLIMATOLOGICAL DATA (WS FORM: F-6)
STATION: NEW IBERIA
MONTH: AUGUST
YEAR: 2021
LATITUDE: 30 1 N
LONGITUDE: 91 53 W
TEMPERATURE IN F: :PCPN: SNOW: WIND :SUNSHINE: SKY :PK WND
================================================================================
1 2 3 4 5 6A 6B 7 8 9 10 11 12 13 14 15 16 17 18
12Z AVG MX 2MIN
DY MAX MIN AVG DEP HDD CDD WTR SNW DPTH SPD SPD DIR MIN PSBL S-S WX SPD DR
================================================================================
1 91 76 84 0 0 19 0.00 0.0 M 4.6 17 210 M M 1 13 25 210
2 89 75 82 -2 0 17 0.36 0.0 M 3.8 24 340 M M 3 13 36 350
3 85 76 81 -3 0 16 0.49 0.0 M 4.2 18 260 M M 6 13 24 250
4 91 74 83 -1 0 18 0.00 0.0 M 7.8 15 30 M M 3 1 20 20
5 89 69 79 -5 0 14 0.00 0.0 M 5.2 13 20 M M 0 17 30
6 91 70 81 -3 0 16 0.00 0.0 M 2.8 9 60 M M 0 1 15 30
7 92 71 82 -2 0 17 0.13 0.0 M 2.2 14 250 M M 1 1 18 260
8 92 75 84 0 0 19 0.02 0.0 M 5.3 15 210 M M 2 138 20 200
9 93 77 85 1 0 20 0.09 0.0 M 5.3 16 160 M M 1 13 23 160
10 93 76 85 1 0 20 0.00 0.0 M 2.7 12 200 M M 1 3 M M
11 94 73 84 0 0 19 0.14 0.0 M 6.4 22 100 M M 2 13 30 100
12 88 73 81 -3 0 16 T 0.0 M 3.6 15 120 M M 1 13 20 220
13 89 73 81 -3 0 16 0.00 0.0 M 3.7 17 220 M M 1 3 22 220
14 94 73 84 0 0 19 0.00 0.0 M 4.5 10 340 M M 2 3 15 120
15 94 74 84 1 0 19 1.46 0.0 M 4.5 32 60 M M 2 123 47 60
16 93 75 84 1 0 19 0.00 M M 3.3 12 200 M M 3 13 14 200
17 92 75 84 1 0 19 0.08 M M 3.4 13 210 M M 1 13 16 210
18 93 76 85 2 0 20 T M M 6.6 15 200 M M 2 3 20 210
19 92 78 85 2 0 20 0.57 M M 5.5 16 120 M M 1 13 22 130
20 92 76 84 1 0 19 0.00 0.0 0 4.6 14 210 M M 1 21 210
21 93 73 83 0 0 18 0.00 0.0 0 3.0 12 200 M M 1 1 16 200
22 95 72 84 1 0 19 0.00 0.0 M 3.0 14 200 M M 0 1 17 190
23 97 74 86 3 0 21 0.00 0.0 M 3.2 13 200 M M 0 1 17 200
24 98 75 87 4 0 22 0.76 M M 3.9 37 40 M M 2 13 50 40
25 98 74 86 3 0 21 0.16 0.0 M 3.4 18 70 M M 1 13 25 70
26 91 76 84 1 0 19 0.02 M M 6.5 22 120 M M 2 13 28 120
27 91 75 83 0 0 18 0.01 M M 9.9 20 110 M M 2 26 120
28 89 74 82 0 0 17 0.55 M M 6.5 28 120 M M 4 13 37 120
29 86 76 81 -1 0 16 0.04 M M 19.0 31 360 M M 6 1 45 360
30 89 77 83 1 0 18 0.00 M M 11.6 23 290 M M 6 34 300
31 90 76 83 1 0 18 0.05 M M 5.3 14 330 M M 3 13 20 270
================================================================================
SM 2844 2307 0 569 4.93 0.0 165.3 M 61
================================================================================
AV 91.7 74.4 5.3 FASTST M M 2 MAX(MPH)
MISC ----> 37 40 50 40
================================================================================
NOTES:
# LAST OF SEVERAL OCCURRENCES
COLUMN 17 PEAK WIND IN M.P.H.
PRELIMINARY LOCAL CLIMATOLOGICAL DATA (WS FORM: F-6) , PAGE 2
STATION: NEW IBERIA
MONTH: AUGUST
YEAR: 2021
LATITUDE: 30 1 N
LONGITUDE: 91 53 W
[TEMPERATURE DATA] [PRECIPITATION DATA] SYMBOLS USED IN COLUMN 16
AVERAGE MONTHLY: 83.1 TOTAL FOR MONTH: 4.93 1 = FOG OR MIST
DPTR FM NORMAL: -0.1 DPTR FM NORMAL: -1.44 2 = FOG REDUCING VISIBILITY
HIGHEST: 98 ON 25,24 GRTST 24HR 1.46 ON 15-15 TO 1/4 MILE OR LESS
LOWEST: 69 ON 5 3 = THUNDER
SNOW, ICE PELLETS, HAIL 4 = ICE PELLETS
TOTAL MONTH: 0.0 INCH 5 = HAIL
GRTST 24HR 0.0 6 = FREEZING RAIN OR DRIZZLE
GRTST DEPTH: 0 7 = DUSTSTORM OR SANDSTORM:
VSBY 1/2 MILE OR LESS
8 = SMOKE OR HAZE
[NO. OF DAYS WITH] [WEATHER - DAYS WITH] 9 = BLOWING SNOW
X = TORNADO
MAX 32 OR BELOW: 0 0.01 INCH OR MORE: 16
MAX 90 OR ABOVE: 23 0.10 INCH OR MORE: 9
MIN 32 OR BELOW: 0 0.50 INCH OR MORE: 4
MIN 0 OR BELOW: 0 1.00 INCH OR MORE: 1
[HDD (BASE 65) ]
TOTAL THIS MO. 0 CLEAR (SCALE 0-3) 26
DPTR FM NORMAL 0 PTCLDY (SCALE 4-7) 5
TOTAL FM JUL 1 0 CLOUDY (SCALE 8-10) 0
DPTR FM NORMAL 0
[CDD (BASE 65) ]
TOTAL THIS MO. 569
DPTR FM NORMAL 5 [PRESSURE DATA]
TOTAL FM JAN 1 2213 HIGHEST SLP 30.17 ON 13
DPTR FM NORMAL -1 LOWEST SLP 29.58 ON 29
[REMARKS]
#FINAL-08-21#