000
CXUS54 KLCH 010930
CF6ARA
PRELIMINARY LOCAL CLIMATOLOGICAL DATA (WS FORM: F-6)
STATION: NEW IBERIA
MONTH: NOVEMBER
YEAR: 2023
LATITUDE: 30 1 N
LONGITUDE: 91 53 W
TEMPERATURE IN F: :PCPN: SNOW: WIND :SUNSHINE: SKY :PK WND
================================================================================
1 2 3 4 5 6A 6B 7 8 9 10 11 12 13 14 15 16 17 18
12Z AVG MX 2MIN
DY MAX MIN AVG DEP HDD CDD WTR SNW DPTH SPD SPD DIR MIN PSBL S-S WX SPD DR
================================================================================
1 62 37 50 -15 15 0 0.00 M M 9.2 21 30 M M 0 30 20
2 71 35 53 -12 12 0 0.00 M M 4.6 12 80 M M 0 18 17 80
3 79 45 62 -2 3 0 0.00 M M 3.7 10 80 M M 0 18 14 80
4 83 44 64 0 1 0 0.00 M M 2.4 10 200 M M 0 128 17 170
5 84 50 67 3 0 2 0.00 M M 2.8 9 200 M M 0 18 13 210
6 82 49 66 3 0 1 0.00 M M 4.6 16 200 M M 2 12 22 210
7 85 59 72 9 0 7 0.00 M M 7.7 18 190 M M 1 128 26 180
8 84 59 72 9 0 7 0.00 M M 7.3 20 200 M M 3 12 27 200
9 85 61 73 11 0 8 0.00 M M 5.3 15 200 M M 3 12 18 200
10 73 60 67 5 0 2 0.14 0.0 M 8.1 16 360 M M 8 18 20 360
11 68 60 64 2 1 0 T M M 9.0 14 60 M M 10 1 20 50
12 70 62 66 4 0 1 M M M 8.8 12 20 M M 10 18 M M
13 64 63 64 3 1 0 M M M 10.7 14 50 M M 7 1 M M
14 62 60 61 0 4 0 0.39 M M 10.8 20 50 M M 9 1 28 70
15 64 59 62 1 3 0 T M M 10.4 15 30 M M 7 1 20 360
16 68 60 64 4 1 0 0.00 M M 7.3 14 50 M M 10 1 19 30
17 78 61 70 10 0 5 0.00 M M 2.5 8 260 M M 7 1 11 350
18 74 53 64 4 1 0 0.00 M M 7.6 17 360 M M 5 1 21 350
19 74 45 60 0 5 0 0.00 M M 3.8 10 180 M M 0 14 180
20 82 56 69 9 0 4 0.83 M M 12.7 26 230 M M 7 13 37 240
21 70 53 62 3 3 0 T M M 12.0 21 320 M M 9 12 28 330
22 59 44 52 -7 13 0 0.00 M M 5.0 14 350 M M 2 1 19 330
23 55 46 51 -8 14 0 0.05 M M 4.7 10 150 M M 5 13 80
24 65 47 56 -3 9 0 0.01 M M 6.5 14 50 M M 5 1 18 50
25 68 45 57 -1 8 0 0.04 M M 6.8 12 100 M M 5 1 17 50
26 71 46 59 1 6 0 0.00 M M 10.2 18 320 M M 5 1 25 330
27 58 38 48 -10 17 0 0.00 M M 9.5 18 40 M M 0 23 40
28 63 37 50 -8 15 0 0.00 M M 5.8 15 50 M M 1 21 60
29 66 37 52 -6 13 0 0.00 M M 4.8 12 190 M M 0 15 160
30 68 50 59 1 6 0 0.64 0.0 0 13.6 28 150 M M 7 1 37 150
================================================================================
SM 2135 1521 151 37 2.10 0.0 218.2 M 128
================================================================================
AV 71.2 50.7 7.3 FASTST M M 4 MAX(MPH)
MISC ----> 28 150 # 37 240
================================================================================
NOTES:
# LAST OF SEVERAL OCCURRENCES
COLUMN 17 PEAK WIND IN M.P.H.
PRELIMINARY LOCAL CLIMATOLOGICAL DATA (WS FORM: F-6) , PAGE 2
STATION: NEW IBERIA
MONTH: NOVEMBER
YEAR: 2023
LATITUDE: 30 1 N
LONGITUDE: 91 53 W
[TEMPERATURE DATA] [PRECIPITATION DATA] SYMBOLS USED IN COLUMN 16
AVERAGE MONTHLY: 60.9 TOTAL FOR MONTH: 2.10 1 = FOG OR MIST
DPTR FM NORMAL: 0.1 DPTR FM NORMAL: -2.40 2 = FOG REDUCING VISIBILITY
HIGHEST: 85 ON 9, 7 GRTST 24HR 0.83 ON 20-20 TO 1/4 MILE OR LESS
LOWEST: 35 ON 2 3 = THUNDER
SNOW, ICE PELLETS, HAIL 4 = ICE PELLETS
TOTAL MONTH: 0.0 INCH 5 = HAIL
GRTST 24HR 0.0 6 = FREEZING RAIN OR DRIZZLE
GRTST DEPTH: 0 7 = DUSTSTORM OR SANDSTORM:
VSBY 1/2 MILE OR LESS
8 = SMOKE OR HAZE
[NO. OF DAYS WITH] [WEATHER - DAYS WITH] 9 = BLOWING SNOW
X = TORNADO
MAX 32 OR BELOW: 0 0.01 INCH OR MORE: 7
MAX 90 OR ABOVE: 0 0.10 INCH OR MORE: 4
MIN 32 OR BELOW: 0 0.50 INCH OR MORE: 2
MIN 0 OR BELOW: 0 1.00 INCH OR MORE: 0
[HDD (BASE 65) ]
TOTAL THIS MO. 151 CLEAR (SCALE 0-3) 13
DPTR FM NORMAL -23 PTCLDY (SCALE 4-7) 11
TOTAL FM JUL 1 185 CLOUDY (SCALE 8-10) 6
DPTR FM NORMAL -20
[CDD (BASE 65) ]
TOTAL THIS MO. 37
DPTR FM NORMAL -11 [PRESSURE DATA]
TOTAL FM JAN 1 3700 HIGHEST SLP 30.42 ON 28
DPTR FM NORMAL 794 LOWEST SLP 29.74 ON 20
[REMARKS]
#FINAL-11-23#