000
CXUS51 KBUF 021324
CF6ART
PRELIMINARY LOCAL CLIMATOLOGICAL DATA (WS FORM: F-6)
STATION: WATERTOWN NY
MONTH: MAY
YEAR: 2022
LATITUDE: 43 59 N
LONGITUDE: 76 2 W
TEMPERATURE IN F: :PCPN: SNOW: WIND :SUNSHINE: SKY :PK WND
================================================================================
1 2 3 4 5 6A 6B 7 8 9 10 11 12 13 14 15 16 17 18
12Z AVG MX 2MIN
DY MAX MIN AVG DEP HDD CDD WTR SNW DPTH SPD SPD DIR MIN PSBL S-S WX SPD DR
================================================================================
1 70 27 49 -1 16 0 0.00 M M 5.3 16 260 M M 1 21 60
2 62 48 55 5 10 0 0.07 M M 6.3 14 260 M M 9 18 20 220
3 62 48 55 4 10 0 0.03 M M 4.3 13 60 M M 10 1 16 50
4 60 38 49 -2 16 0 0.22 M M 5.8 20 40 M M 8 1 24 40
5 63 30 47 -4 18 0 0.00 M M 5.0 13 10 M M 0 1 18 40
6 64 39 52 0 13 0 0.00 M M 10.4 18 20 M M 0 24 20
7 62 39 51 -1 14 0 0.00 M M 16.1 25 40 M M 0 34 30
8 68 29 49 -3 16 0 0.00 M M 6.6 22 20 M M 0 26 20
9 75 33 54 1 11 0 0.00 M M 5.6 16 10 M M 0 23 40
10 74 36 55 2 10 0 0.00 M M 5.2 16 270 M M 0 21 280
11 76 35 56 2 9 0 0.00 M M 4.1 17 260 M M 0 21 270
12 81 42 62 8 3 0 0.00 M M 3.9 12 290 M M 0 8 13 290
13 82 54 68 14 0 3 0.00 M M 6.7 16 220 M M 0 8 21 230
14 80 59 70 16 0 5 1.34 M M 6.3 18 80 M M 2 138 27 150
15 75 59 67 12 0 2 T M M 5.8 15 270 M M 3 3 19 270
16 76 52 64 9 1 0 0.65 M M 7.9 23 310 M M 5 13 32 220
17 55 47 51 -4 14 0 0.04 M M 12.0 23 250 M M 8 1 32 270
18 59 34 47 -9 18 0 0.00 M M 3.2 14 230 M M 0 18 260
19 58 42 50 -6 15 0 0.49 M M 3.5 12 320 M M 9 123 13 130
20 83 42 63 7 2 0 T M M 7.7 18 170 M M 2 12 27 200
21 83 63 73 16 0 8 0.34 M M 9.4 20 220 M M 3 13 30 210
22 75 51 63 6 2 0 0.05 M M 6.7 20 260 M M 8 12 26 230
23 65 46 56 -1 9 0 0.00 M M 5.2 13 10 M M 4 19 350
24 70 42 56 -2 9 0 0.00 M M 4.7 14 350 M M 2 21 310
25 75 46 61 3 4 0 0.00 M M 5.3 12 10 M M 2 16 330
26 82 63 73 15 0 8 T M M 10.4 17 200 M M 6 31 210
27 68 61 65 7 0 0 1.15 M M 6.5 15 230 M M 10 1 24 160
28 71 55 63 4 2 0 0.04 M M 6.9 15 260 M M 6 1 20 260
29 73 52 63 4 2 0 0.00 M M 5.6 16 260 M M 0 20 260
30 82 51 67 8 0 2 T M M 5.7 16 270 M M 0 20 270
31 84 63 74 14 0 9 0.00 M M 5.7 13 230 M M 3 18 230
================================================================================
SM 2213 1426 224 37 4.42 M 203.8 M 101
================================================================================
AV 71.4 46.0 6.6 FASTST M M 3 MAX(MPH)
MISC ----> 25 40 34 30
================================================================================
NOTES:
# LAST OF SEVERAL OCCURRENCES
COLUMN 17 PEAK WIND IN M.P.H.
PRELIMINARY LOCAL CLIMATOLOGICAL DATA (WS FORM: F-6) , PAGE 2
STATION: WATERTOWN NY
MONTH: MAY
YEAR: 2022
LATITUDE: 43 59 N
LONGITUDE: 76 2 W
[TEMPERATURE DATA] [PRECIPITATION DATA] SYMBOLS USED IN COLUMN 16
AVERAGE MONTHLY: 58.7 TOTAL FOR MONTH: 4.42 1 = FOG OR MIST
DPTR FM NORMAL: 3.7 DPTR FM NORMAL: 1.45 2 = FOG REDUCING VISIBILITY
HIGHEST: 84 ON 31 GRTST 24HR 1.34 ON 14-14 TO 1/4 MILE OR LESS
LOWEST: 27 ON 1 3 = THUNDER
SNOW, ICE PELLETS, HAIL 4 = ICE PELLETS
TOTAL MONTH: M 5 = HAIL
GRTST 24HR M ON M 6 = FREEZING RAIN OR DRIZZLE
GRTST DEPTH: M ON M 7 = DUSTSTORM OR SANDSTORM:
VSBY 1/2 MILE OR LESS
8 = SMOKE OR HAZE
[NO. OF DAYS WITH] [WEATHER - DAYS WITH] 9 = BLOWING SNOW
X = TORNADO
MAX 32 OR BELOW: 0 0.01 INCH OR MORE: 11
MAX 90 OR ABOVE: 0 0.10 INCH OR MORE: 6
MIN 32 OR BELOW: 3 0.50 INCH OR MORE: 3
MIN 0 OR BELOW: 0 1.00 INCH OR MORE: 2
[HDD (BASE 65) ]
TOTAL THIS MO. 224 CLEAR (SCALE 0-3) 19
DPTR FM NORMAL -102 PTCLDY (SCALE 4-7) 7
TOTAL FM JUL 1 6917 CLOUDY (SCALE 8-10) 5
DPTR FM NORMAL -506
[CDD (BASE 65) ]
TOTAL THIS MO. 37
DPTR FM NORMAL 23 [PRESSURE DATA]
TOTAL FM JAN 1 37 HIGHEST SLP 30.46 ON 10
DPTR FM NORMAL 22 LOWEST SLP 29.45 ON 16
[REMARKS]
#FINAL-05-22#