000
CXUS51 KBUF 010805
CF6ART
PRELIMINARY LOCAL CLIMATOLOGICAL DATA (WS FORM: F-6)
STATION: WATERTOWN NY
MONTH: MARCH
YEAR: 2021
LATITUDE: 43 59 N
LONGITUDE: 76 2 W
TEMPERATURE IN F: :PCPN: SNOW: WIND :SUNSHINE: SKY :PK WND
================================================================================
1 2 3 4 5 6A 6B 7 8 9 10 11 12 13 14 15 16 17 18
12Z AVG MX 2MIN
DY MAX MIN AVG DEP HDD CDD WTR SNW DPTH SPD SPD DIR MIN PSBL S-S WX SPD DR
================================================================================
1 44 10 27 2 38 0 0.04 M M 19.9 39 280 M M 9 18 50 270
2 26 4 15 -10 50 0 T M M 11.7 22 300 M M 3 26 310
3 36 25 31 6 34 0 0.06 M M 7.6 14 230 M M 10 1 19 220
4 31 18 25 -1 40 0 T M M 12.2 20 340 M M 7 8 26 340
5 28 8 18 -8 47 0 0.00 M M 12.4 23 280 M M 5 31 260
6 23 8 16 -10 49 0 T M M 5.4 15 310 M M 9 18 290
7 24 2 13 -14 52 0 0.00 M M 3.0 13 230 M M 0 17 230
8 42 2 22 -5 43 0 0.00 M M 4.7 13 270 M M 5 8 17 260
9 44 23 34 6 31 0 0.00 M M 4.3 10 210 M M 3 21 190
10 60 17 39 11 26 0 0.00 M M 7.5 16 180 M M 0 27 190
11 66 42 54 26 11 0 0.12 M M 11.7 25 240 M M 6 1 40 230
12 44 28 36 7 29 0 0.00 M M 16.1 31 270 M M 1 41 270
13 35 15 25 -4 40 0 0.00 M M 10.0 21 260 M M 2 28 230
14 35 17 26 -4 39 0 0.00 M M 15.7 29 10 M M 5 36 320
15 27 11 19 -11 46 0 0.00 M M 8.4 22 340 M M 0 27 330
16 42 13 28 -2 37 0 0.00 M M 3.8 10 200 M M 3 13 210
17 48 28 38 7 27 0 0.00 M M 4.3 13 260 M M 8 16 270
18 41 27 34 3 31 0 T M M 10.5 23 20 M M 6 1 31 10
19 37 19 28 -4 37 0 0.00 M M 10.6 23 30 M M 0 31 40
20 49 26 38 6 27 0 0.00 M M 8.5 17 220 M M 0 23 230
21 60 19 40 7 25 0 0.00 M M 5.0 15 270 M M 0 17 270
22 64 25 45 12 20 0 0.00 M M 6.5 18 270 M M 0 23 210
23 67 29 48 14 17 0 0.00 M M 5.6 14 270 M M 0 17 220
24 62 38 50 16 15 0 0.21 M M 10.2 22 170 M M 7 1 33 170
25 66 51 59 25 6 0 T M M 9.3 23 230 M M 1 34 230
26 67 38 53 18 12 0 0.50 M M 12.3 29 230 M M 10 13 42 260
27 47 34 41 6 24 0 T M M 6.5 15 270 M M 7 18 270
28 57 35 46 10 19 0 0.36 M M 14.7 28 250 M M 6 1 46 170
29 40 31 36 0 29 0 T M M 15.8 31 290 M M 4 1 39 290
30 69 30 50 13 15 0 0.00 M M 11.6 23 180 M M 0 36 170
31 59 35 47 10 18 0 0.17 M M 10.5 23 160 M M 6 1 36 170
================================================================================
SM 1440 708 934 0 1.46 M 296.3 M 123
================================================================================
AV 46.5 22.8 9.6 FASTST M M 4 MAX(MPH)
MISC ----> 39 280 50 270
================================================================================
NOTES:
# LAST OF SEVERAL OCCURRENCES
COLUMN 17 PEAK WIND IN M.P.H.
PRELIMINARY LOCAL CLIMATOLOGICAL DATA (WS FORM: F-6) , PAGE 2
STATION: WATERTOWN NY
MONTH: MARCH
YEAR: 2021
LATITUDE: 43 59 N
LONGITUDE: 76 2 W
[TEMPERATURE DATA] [PRECIPITATION DATA] SYMBOLS USED IN COLUMN 16
AVERAGE MONTHLY: 34.6 TOTAL FOR MONTH: 1.46 1 = FOG OR MIST
DPTR FM NORMAL: 4.0 DPTR FM NORMAL: -0.84 2 = FOG REDUCING VISIBILITY
HIGHEST: 69 ON 30 GRTST 24HR 0.50 ON 26-26 TO 1/4 MILE OR LESS
LOWEST: 2 ON 8, 7 3 = THUNDER
SNOW, ICE PELLETS, HAIL 4 = ICE PELLETS
TOTAL MONTH: M 5 = HAIL
GRTST 24HR M ON M 6 = FREEZING RAIN OR DRIZZLE
GRTST DEPTH: M ON M 7 = DUSTSTORM OR SANDSTORM:
VSBY 1/2 MILE OR LESS
8 = SMOKE OR HAZE
[NO. OF DAYS WITH] [WEATHER - DAYS WITH] 9 = BLOWING SNOW
X = TORNADO
MAX 32 OR BELOW: 6 0.01 INCH OR MORE: 7
MAX 90 OR ABOVE: 0 0.10 INCH OR MORE: 5
MIN 32 OR BELOW: 24 0.50 INCH OR MORE: 1
MIN 0 OR BELOW: 0 1.00 INCH OR MORE: 0
[HDD (BASE 65) ]
TOTAL THIS MO. 934 CLEAR (SCALE 0-3) 14
DPTR FM NORMAL -132 PTCLDY (SCALE 4-7) 13
TOTAL FM JUL 1 5898 CLOUDY (SCALE 8-10) 4
DPTR FM NORMAL -610
[CDD (BASE 65) ]
TOTAL THIS MO. 0
DPTR FM NORMAL 0 [PRESSURE DATA]
TOTAL FM JAN 1 0 HIGHEST SLP 30.58 ON 21
DPTR FM NORMAL 0 LOWEST SLP 29.26 ON 28
[REMARKS]
#FINAL-03-21#