000
CXUS55 KGJT 011010
CF6ASE
PRELIMINARY LOCAL CLIMATOLOGICAL DATA (WS FORM: F-6)
STATION: ASPEN CO
MONTH: NOVEMBER
YEAR: 2023
LATITUDE: 39 13 N
LONGITUDE: 106 52 W
TEMPERATURE IN F: :PCPN: SNOW: WIND :SUNSHINE: SKY :PK WND
================================================================================
1 2 3 4 5 6A 6B 7 8 9 10 11 12 13 14 15 16 17 18
12Z AVG MX 2MIN
DY MAX MIN AVG DEP HDD CDD WTR SNW DPTH SPD SPD DIR MIN PSBL S-S WX SPD DR
================================================================================
1 47 16 32 -6 33 0 0.00 M M 5.3 12 320 M M 2 16 330
2 53 21 37 -1 28 0 0.00 M M 4.9 10 220 M M 3 15 180
3 56 27 42 5 23 0 0.00 M M 5.8 13 320 M M 2 17 340
4 58 26 42 5 23 0 0.00 M M 6.2 12 200 M M 0 15 200
5 63 28 46 10 19 0 0.00 M M 5.1 16 260 M M 0 26 240
6 63 32 48 12 17 0 0.00 M M 5.3 17 220 M M 0 28 250
7 60 32 46 10 19 0 0.00 M M 9.3 28 200 M M 3 42 180
8 44 25 35 0 30 0 0.01 M M 3.8 14 10 M M 10 18 19 10
9 41 17 29 -6 36 0 0.00 M M 4.3 12 170 M M 4 18 18 170
10 45 12 29 -5 36 0 0.00 M M 5.1 13 330 M M 0 16 320
11 47 17 32 -2 33 0 0.00 M M 6.0 12 360 M M 0 16 350
12 53 18 36 2 29 0 0.00 M M 5.0 12 220 M M 0 19 220
13 58 21 40 7 25 0 0.00 M M 4.4 12 210 M M 0 14 320
14 57 20 39 6 26 0 0.00 M M 5.2 14 350 M M 0 18 350
15 55 20 38 6 27 0 0.00 M M 5.2 10 200 M M 0 15 40
16 52 28 40 8 25 0 0.01 M M 3.4 18 350 M M 6 26 350
17 52 22 37 6 28 0 0.00 M M 5.3 14 330 M M 2 18 340
18 50 20 35 4 30 0 0.03 M M 4.6 12 200 M M 3 1 17 200
19 39 29 34 4 31 0 0.31 M M 2.2 13 20 M M 10 18 17 30
20 38 26 32 2 33 0 0.02 M M 4.9 17 290 M M 9 18 26 240
21 42 21 32 2 33 0 0.00 M M 4.0 9 210 M M 3 12 180
22 49 16 33 4 32 0 0.00 M M 4.9 10 210 M M 0 13 200
23 41 20 31 2 34 0 0.00 M M 5.4 18 150 M M 2 30 120
24 40 25 33 5 32 0 0.07 M M 6.3 24 170 M M 8 128 30 140
25 28 8 18 -10 47 0 0.01 M M 5.0 12 350 M M 9 18 18 10
26 28 -2 13 -14 52 0 T M M 4.5 9 210 M M 2 18 13 210
27 34 3 19 -8 46 0 0.00 M M 5.6 12 220 M M 0 15 210
28 39 7 23 -3 42 0 0.00 M M 4.6 10 210 M M 0 12 200
29 40 8 24 -2 41 0 0.00 M M 5.9 9 200 M M 0 13 360
30 40 14 27 1 38 0 0.13 M M 4.6 17 330 M M 4 18 25 310
================================================================================
SM 1412 577 948 0 0.59 M 152.1 M 82
================================================================================
AV 47.1 19.2 5.1 FASTST M M 3 MAX(MPH)
MISC ----> 28 200 42 180
================================================================================
NOTES:
# LAST OF SEVERAL OCCURRENCES
COLUMN 17 PEAK WIND IN M.P.H.
PRELIMINARY LOCAL CLIMATOLOGICAL DATA (WS FORM: F-6) , PAGE 2
STATION: ASPEN CO
MONTH: NOVEMBER
YEAR: 2023
LATITUDE: 39 13 N
LONGITUDE: 106 52 W
[TEMPERATURE DATA] [PRECIPITATION DATA] SYMBOLS USED IN COLUMN 16
AVERAGE MONTHLY: 33.2 TOTAL FOR MONTH: 0.59 1 = FOG OR MIST
DPTR FM NORMAL: 1.2 DPTR FM NORMAL: -0.45 2 = FOG REDUCING VISIBILITY
HIGHEST: 63 ON 6, 5 GRTST 24HR 0.33 ON 18-19 TO 1/4 MILE OR LESS
LOWEST: -2 ON 26 3 = THUNDER
SNOW, ICE PELLETS, HAIL 4 = ICE PELLETS
TOTAL MONTH: M 5 = HAIL
GRTST 24HR M ON M 6 = FREEZING RAIN OR DRIZZLE
GRTST DEPTH: M ON M 7 = DUSTSTORM OR SANDSTORM:
VSBY 1/2 MILE OR LESS
8 = SMOKE OR HAZE
[NO. OF DAYS WITH] [WEATHER - DAYS WITH] 9 = BLOWING SNOW
X = TORNADO
MAX 32 OR BELOW: 2 0.01 INCH OR MORE: 8
MAX 90 OR ABOVE: 0 0.10 INCH OR MORE: 2
MIN 32 OR BELOW: 30 0.50 INCH OR MORE: 0
MIN 0 OR BELOW: 1 1.00 INCH OR MORE: 0
[HDD (BASE 65) ]
TOTAL THIS MO. 948 CLEAR (SCALE 0-3) 21
DPTR FM NORMAL -44 PTCLDY (SCALE 4-7) 5
TOTAL FM JUL 1 1917 CLOUDY (SCALE 8-10) 4
DPTR FM NORMAL -100
[CDD (BASE 65) ]
TOTAL THIS MO. 0
DPTR FM NORMAL 0 [PRESSURE DATA]
TOTAL FM JAN 1 81 HIGHEST SLP M ON M
DPTR FM NORMAL -7 LOWEST SLP 29.53 ON 7
[REMARKS]
#FINAL-11-23#