000
CXUS52 KFFC 050032
CLMATL
CLIMATE REPORT
NATIONAL WEATHER SERVICE PEACHTREE CITY GA
832 PM EDT TUE JUL 04 2023
...................................
...THE ATLANTA CLIMATE SUMMARY FOR THE MONTH OF JUNE 2023...
CLIMATE NORMAL PERIOD: 1991 TO 2020
CLIMATE RECORD PERIOD: 1878 TO 2023
WEATHER OBSERVED NORMAL DEPART LAST YEAR`S
VALUE DATE(S) VALUE FROM VALUE DATE(S)
NORMAL
................................................................
TEMPERATURE (F)
RECORD
HIGH 106 06/30/2012
LOW 39 06/01/1889
HIGHEST 92 06/25 99 -7 99 06/15
06/29
LOWEST 63 06/10 48 15 64 06/10
06/13
AVG. MAXIMUM 85.5 87.1 -1.6 90.6
AVG. MINIMUM 67.7 68.6 -0.9 71.5
MEAN 76.6 77.9 -1.3 81.1
DAYS MAX >= 90 8 9.9 -1.9 18
DAYS MAX <= 32 0 0.0 0.0 0
DAYS MIN <= 32 0 0.0 0.0 0
DAYS MIN <= 0 0 0.0 0.0 0
PRECIPITATION (INCHES)
RECORD
MAXIMUM 11.21 1912
MINIMUM 0.16 1988
TOTALS 4.38 4.54 -0.16 5.30
DAILY AVG. 0.15 0.15 -0.00 0.18
DAYS >= .01 10 11.1 -1.1 8
DAYS >= .10 7 7.5 -0.5 6
DAYS >= .50 5 3.3 1.7 3
DAYS >= 1.00 1 1.2 -0.2 2
GREATEST
24 HR. TOTAL 1.00 06/19 TO 06/19 2.40 06/27 TO 06/27
DEGREE DAYS
HEATING TOTAL 0 1 -1 0
SINCE 7/1 1932 2529 -597 MM
COOLING TOTAL 356 386 -30 490
SINCE 1/1 665 684 -19 MM
................................................................
WIND (MPH)
AVERAGE WIND SPEED 7.6
HIGHEST WIND SPEED/DIRECTION 41/360 DATE 06/25
HIGHEST GUST SPEED/DIRECTION 55/360 DATE 06/25
SKY COVER
POSSIBLE SUNSHINE (PERCENT) MM
AVERAGE SKY COVER 0.54
NUMBER OF DAYS FAIR 4
NUMBER OF DAYS PC 21
NUMBER OF DAYS CLOUDY 5
AVERAGE RH (PERCENT) 67
WEATHER CONDITIONS. NUMBER OF DAYS WITH
THUNDERSTORM 9 MIXED PRECIP 0
HEAVY RAIN 6 RAIN 7
LIGHT RAIN 10 FREEZING RAIN 0
LT FREEZING RAIN 0 HAIL 0
HEAVY SNOW 0 SNOW 0
LIGHT SNOW 0 SLEET 0
FOG 11 FOG W/VIS <= 1/4 MILE 0
HAZE 5
- INDICATES NEGATIVE NUMBERS.
R INDICATES RECORD WAS SET OR TIED.
MM INDICATES DATA IS MISSING.
T INDICATES TRACE AMOUNT.
$$