000
CXUS54 KEWX 012218
CLMATT
CLIMATE REPORT
NATIONAL WEATHER SERVICE AUSTIN/SAN ANTONIO
411 PM CST FRI DEC 01 2023
...................................
...THE AUSTIN CAMP MABRY CLIMATE SUMMARY FOR THE MONTH OF NOVEMBER 2023...
CLIMATE NORMAL PERIOD: 1991 TO 2020
CLIMATE RECORD PERIOD: 1897 TO 2023
WEATHER OBSERVED NORMAL DEPART LAST YEAR`S
VALUE DATE(S) VALUE FROM VALUE DATE(S)
NORMAL
................................................................
TEMPERATURE (F)
HIGHEST 85 11/07 86 11/04
LOWEST 35 11/02 35 11/13
AVG. MAXIMUM 68.3 71.5 -3.2 67.5
AVG. MINIMUM 50.6 50.5 0.1 50.9
MEAN 59.5 61.0 -1.5 59.2
DAYS MAX >= 90 0 0
DAYS MAX <= 32 0 0
DAYS MIN <= 32 0 0
DAYS MIN <= 0 0 0
PRECIPITATION (INCHES)
TOTALS 1.21 2.92 -1.71 4.14
DAILY AVG. 0.04 0.10 -0.06 0.14
DAYS >= .01 6 15
DAYS >= .10 4 9
DAYS >= .50 0 3
DAYS >= 1.00 0 2
GREATEST
24 HR. TOTAL 0.80 11/09 TO 11/10
SNOWFALL (INCHES)
TOTALS 0.0 0.0 0.0 0.0
SINCE 7/1 0.0
DEGREE DAYS
HEATING TOTAL 204 182 22 250
SINCE 7/1 249 215 34 MM
COOLING TOTAL 44 62 -18 81
SINCE 1/1 3941 3274 667 MM
................................................................
WIND (MPH)
AVERAGE WIND SPEED 3.8
HIGHEST WIND SPEED/DIRECTION 17/340 DATE 11/21
HIGHEST GUST SPEED/DIRECTION 36/340 DATE 11/21
SKY COVER
POSSIBLE SUNSHINE (PERCENT) MM
AVERAGE SKY COVER 0.50
NUMBER OF DAYS FAIR 10
NUMBER OF DAYS PC 11
NUMBER OF DAYS CLOUDY 9
AVERAGE RH (PERCENT) 73
WEATHER CONDITIONS. NUMBER OF DAYS WITH
THUNDERSTORM 0 MIXED PRECIP 0
HEAVY RAIN 2 RAIN 2
LIGHT RAIN 8 FREEZING RAIN 0
LT FREEZING RAIN 0 HAIL 0
HEAVY SNOW 0 SNOW 0
LIGHT SNOW 0 SLEET 0
FOG 10 FOG W/VIS <= 1/4 MILE 1
HAZE 1
- INDICATES NEGATIVE NUMBERS.
R INDICATES RECORD WAS SET OR TIED.
MM INDICATES DATA IS MISSING.
T INDICATES TRACE AMOUNT.
&&
MONTHLY CLIMATE SUMMARY:
NOVEMBER 2023 WAS TIED FOR THE 62ND COOLEST AND WAS THE
41ST DRIEST NOVEMBER ON RECORD.
SEA LEVEL PRESSURE DATA:
HIGHEST SLP 30.53 ON 1ST
LOWEST SLP 29.65 ON 30TH
PRELIMINARY LOCAL CLIMATOLOGICAL DATA (WS FORM: F-6)
STATION: AUSTIN CAMP MABRY
MONTH: NOVEMBER
YEAR: 2023
LATITUDE: 30 17 N
LONGITUDE: 97 42 W
TEMPERATURE IN F: :PCPN: SNOW: WIND :SUNSHINE: SKY :PK WND
================================================================================
1 2 3 4 5 6A 6B 7 8 9 10 11 12 13 14 15 16 17 18
12Z AVG MX 2MIN
DY MAX MIN AVG DEP HDD CDD WTR SNW DPTH SPD SPD DIR MIN PSBL S-S WX SPD DR
================================================================================
1 60 38 49 -17 16 0 0.00 0.0 0 3.0 10 360 M M 0 17 20
2 67 35 51 -15 14 0 0.00 0.0 0 1.7 12 130 M M 1 18 130
3 76 46 61 -4 4 0 0.00 0.0 0 2.2 9 190 M M 2 21 210
4 79 58 69 4 0 4 0.00 0.0 0 2.9 10 190 M M 4 1 20 180
5 80 59 70 6 0 5 0.00 0.0 0 2.6 9 180 M M 3 12 17 180
6 80 64 72 8 0 7 0.00 0.0 0 4.6 14 210 M M 3 26 190
7 85 63 74 10 0 9 0.00 0.0 0 6.6 13 160 M M 1 25 180
8 81 69 75 12 0 10 0.00 0.0 0 6.1 12 200 M M 7 25 180
9 74 53 64 1 1 0 0.46 0.0 0 5.4 15 340 M M 10 1 24 330
10 56 52 54 -9 11 0 0.35 0.0 0 6.3 13 360 M M 10 1 21 360
11 61 53 57 -5 8 0 T 0.0 0 3.8 12 360 M M 10 1 20 360
12 61 54 58 -4 7 0 0.12 0.0 0 3.5 10 360 M M 10 16 350
13 65 53 59 -3 6 0 0.04 0.0 0 5.0 10 10 M M 9 18 360
14 72 54 63 2 2 0 0.00 0.0 0 2.9 9 350 M M 4 16 360
15 74 51 63 2 2 0 0.00 0.0 0 2.1 8 20 M M 0 8 13 30
16 62 51 57 -4 8 0 0.00 0.0 0 2.0 7 140 M M 4 1 11 160
17 81 55 68 8 0 3 0.00 0.0 0 4.9 14 20 M M 6 1 25 10
18 70 59 65 5 0 0 0.00 0.0 0 3.1 9 360 M M 9 17 50
19 65 56 61 1 4 0 0.08 0.0 0 2.7 9 150 M M 9 1 15 150
20 82 60 71 12 0 6 T 0.0 0 4.7 13 350 M M 6 1 25 360
21 60 47 54 -5 11 0 0.00 0.0 0 9.4 17 340 M M 6 36 340
22 66 39 53 -6 12 0 0.00 0.0 0 3.3 12 360 M M 0 21 340
23 58 42 50 -9 15 0 0.00 0.0 0 2.2 8 140 M M 5 13 150
24 65 40 53 -5 12 0 0.00 0.0 0 1.6 9 110 M M 1 16 90
25 59 46 53 -5 12 0 T 0.0 0 2.2 9 120 M M 8 15 120
26 56 42 49 -9 16 0 0.00 0.0 0 6.2 16 340 M M 4 33 350
27 56 36 46 -12 19 0 0.00 0.0 0 3.1 9 10 M M 2 17 10
28 61 45 53 -4 12 0 0.00 0.0 0 1.2 8 110 M M 5 12 140
29 63 43 53 -4 12 0 T 0.0 0 3.8 13 150 M M 8 22 160
30 73 56 65 8 0 0 0.16 0.0 0 3.7 10 210 M M 6 1 22 180
================================================================================
SM 2048 1519 204 44 1.21 0.0 112.8 M 153
================================================================================
AV 68.3 50.6 3.8 FASTST M M 5 MAX(MPH)
MISC ----> 17 340 36 340
================================================================================
NOTES:
# LAST OF SEVERAL OCCURRENCES
COLUMN 17 PEAK WIND IN M.P.H.
SYMBOLS USED IN COLUMN 16
1 = FOG OR MIST
2 = FOG REDUCING VISIBILITY TO 1/4 MILE OR LESS
3 = THUNDER
4 = ICE PELLETS
5 = HAIL
6 = FREEZING RAIN OR DRIZZLE
7 = DUSTSTORM OR SANDSTORM: VSBY 1/2 MILE OR LESS
8 = SMOKE OR HAZE
9 = BLOWING SNOW
X = TORNADO
$$