000
CXUS53 KGRB 061905
CF6ATW
PRELIMINARY LOCAL CLIMATOLOGICAL DATA (WS FORM: F-6)
STATION: APPLETON WI
MONTH: JUNE
YEAR: 2023
LATITUDE: 44 16 N
LONGITUDE: 88 31 W
TEMPERATURE IN F: :PCPN: SNOW: WIND :SUNSHINE: SKY :PK WND
================================================================================
1 2 3 4 5 6A 6B 7 8 9 10 11 12 13 14 15 16 17 18
12Z AVG MX 2MIN
DY MAX MIN AVG DEP HDD CDD WTR SNW DPTH SPD SPD DIR MIN PSBL S-S WX SPD DR
================================================================================
1 90 64 77 14 0 12 M M M 5.6 14 120 M M 2 M M
2 90 61 76 13 0 11 M M M 4.1 12 50 M M 3 M M
3 88 61 75 12 0 10 M M M 8.1 14 40 M M 3 18 90
4 79 57 68 4 0 3 M M M 5.3 8 160 M M 6 18 M M
5 84 59 72 8 0 7 M M M 4.6 9 140 M M 5 8 M M
6 73 55 64 0 1 0 M M M 9.1 14 40 M M 7 18 40
7 73 48 61 -4 4 0 M M M 9.0 15 70 M M 1 21 70
8 75 45 60 -5 5 0 M M M 10.3 93 60 M M 1 M M
9 81 48 65 0 0 0 M M M 4.6 12 270 M M 2 M M
10 75 52 64 -2 1 0 0.02 M M 8.2 15 20 M M 6 22 20
11 55 41 48 -18 17 0 0.15 M M 13.4 21 30 M M 8 25 30
12 68 41 55 -11 10 0 M M M 7.1 13 310 M M 6 20 320
13 59 50 55 -12 10 0 M M M 8.4 14 310 M M 10 1 22 310
14 75 57 66 -1 0 1 M M M 4.5 7 140 M M 8 18 M M
15 64 55 60 -7 5 0 M M M 10.5 16 350 M M 9 1 22 10
16 72 54 63 -5 2 0 M M M 5.3 12 30 M M 6 18 M M
17 79 55 67 -1 0 2 M M M 4.8 12 210 M M 1 18 M M
18 81 61 71 3 0 6 M M M 5.6 13 130 M M 3 8 M M
19 86 63 75 7 0 10 M M M 5.9 10 140 M M 5 M M
20 84 63 74 5 0 9 M M M 7.6 17 60 M M 0 21 80
21 88 66 77 8 0 12 M M M 6.7 12 160 M M 2 M M
22 88 63 76 7 0 11 M M M 5.2 9 110 M M 2 8 M M
23 90 63 77 7 0 12 M M M 4.7 10 320 M M 2 8 M M
24 90 66 78 8 0 13 0.04 M M 7.1 14 130 M M 4 8 16 150
25 81 64 73 3 0 8 M M M 7.1 15 160 M M 7 21 160
26 73 63 68 -2 0 3 M M M 12.7 17 350 M M 9 18 28 340
27 81 59 70 0 0 5 M M M 8.3 13 20 M M 8 18 18 330
28 82 59 71 0 0 6 M M M 9.3 16 160 M M 8 8 25 160
29 88 68 78 7 0 13 M M M 6.6 18 160 M M 5 8 M M
30 90 66 78 7 0 13 M M M 8.2 15 280 M M 3 18 280
================================================================================
SM 2382 1727 55 167 0.21 M 217.6 M 142
================================================================================
AV 79.4 57.6 7.3 FASTST M M 5 MAX(MPH)
MISC ----> 93 60 28 340
================================================================================
NOTES:
# LAST OF SEVERAL OCCURRENCES
COLUMN 17 PEAK WIND IN M.P.H.
PRELIMINARY LOCAL CLIMATOLOGICAL DATA (WS FORM: F-6) , PAGE 2
STATION: APPLETON WI
MONTH: JUNE
YEAR: 2023
LATITUDE: 44 16 N
LONGITUDE: 88 31 W
[TEMPERATURE DATA] [PRECIPITATION DATA] SYMBOLS USED IN COLUMN 16
AVERAGE MONTHLY: 68.5 TOTAL FOR MONTH: 0.21 1 = FOG OR MIST
DPTR FM NORMAL: 1.3 DPTR FM NORMAL: -3.80 2 = FOG REDUCING VISIBILITY
HIGHEST: 90 ON 30,24 GRTST 24HR 0.15 ON 11-11 TO 1/4 MILE OR LESS
LOWEST: 41 ON 12,11 3 = THUNDER
SNOW, ICE PELLETS, HAIL 4 = ICE PELLETS
TOTAL MONTH: M 5 = HAIL
GRTST 24HR M ON M 6 = FREEZING RAIN OR DRIZZLE
GRTST DEPTH: M ON M 7 = DUSTSTORM OR SANDSTORM:
VSBY 1/2 MILE OR LESS
8 = SMOKE OR HAZE
[NO. OF DAYS WITH] [WEATHER - DAYS WITH] 9 = BLOWING SNOW
X = TORNADO
MAX 32 OR BELOW: 0 0.01 INCH OR MORE: 3
MAX 90 OR ABOVE: 5 0.10 INCH OR MORE: 1
MIN 32 OR BELOW: 0 0.50 INCH OR MORE: 0
MIN 0 OR BELOW: 0 1.00 INCH OR MORE: 0
[HDD (BASE 65) ]
TOTAL THIS MO. 55 CLEAR (SCALE 0-3) 12
DPTR FM NORMAL -7 PTCLDY (SCALE 4-7) 12
TOTAL FM JUL 1 7110 CLOUDY (SCALE 8-10) 6
DPTR FM NORMAL -518
[CDD (BASE 65) ]
TOTAL THIS MO. 167
DPTR FM NORMAL 37 [PRESSURE DATA]
TOTAL FM JAN 1 238 HIGHEST SLP M ON M
DPTR FM NORMAL 73 LOWEST SLP M ON M
[REMARKS]
#FINAL-06-23#