000
CXUS53 KGID 011023
CF6AUH
PRELIMINARY LOCAL CLIMATOLOGICAL DATA (WS FORM: F-6)
STATION: AURORA NE
MONTH: NOVEMBER
YEAR: 2022
LATITUDE: 40 54 N
LONGITUDE: 97 59 W
TEMPERATURE IN F: :PCPN: SNOW: WIND :SUNSHINE: SKY :PK WND
================================================================================
1 2 3 4 5 6A 6B 7 8 9 10 11 12 13 14 15 16 17 18
12Z AVG MX 2MIN
DY MAX MIN AVG DEP HDD CDD WTR SNW DPTH SPD SPD DIR MIN PSBL S-S WX SPD DR
================================================================================
1 75 38 57 M 8 0 0.00 M M 11.1 18 170 M M 0 24 190
2 76 54 65 M 0 0 0.00 M M 19.7 30 190 M M 1 38 190
3 67 38 53 M 12 0 T M M 17.8 22 190 M M 8 30 190
4 43 27 35 M 30 0 0.07 M M 12.5 20 350 M M 5 28 360
5 62 23 43 M 22 0 0.00 M M 12.9 23 220 M M 0 28 220
6 57 32 45 M 20 0 0.00 M M 8.2 14 340 M M 2 20 330
7 54 31 43 M 22 0 0.00 M M 12.5 17 120 M M 2 27 110
8 66 45 56 M 9 0 0.09 M M 16.6 24 170 M M 10 29 170
9 75 64 70 M 0 5 0.00 M M 20.7 27 170 M M 9 37 190
10 67 21 44 M 21 0 T M M 20.0 27 320 M M 4 33 210
11 33 13 23 M 42 0 0.00 M M 15.9 22 340 M M 0 30 330
12 29 11 20 M 45 0 0.00 M M 7.9 16 340 M M 4 20 340
13 41 11 26 M 39 0 0.00 M M 11.8 23 140 M M 0 30 160
14 32 13 23 M 42 0 0.00 M M 10.0 20 340 M M 4 20 340
15 36 15 26 M 39 0 T M M 9.2 21 320 M M 7 24 340
16 30 10 20 M 45 0 0.00 M M 9.9 16 320 M M 2 23 320
17 34 16 25 M 40 0 T M M 16.7 30 330 M M 7 38 330
18 26 6 16 M 49 0 T M M 13.3 23 330 M M 1 28 320
19 30 15 23 M 42 0 0.00 M M 14.6 27 340 M M 2 33 350
20 53 17 35 M 30 0 0.00 M M 11.2 16 250 M M 0 27 240
21 53 19 36 M 29 0 0.00 M M 6.4 12 330 M M 0 17 330
22 60 21 41 M 24 0 0.00 M M 5.7 10 220 M M 0 M M
23 52 20 36 M 29 0 0.00 M M 6.6 12 180 M M 1 1 16 170
24 49 23 36 M 29 0 0.00 M M 12.5 23 350 M M 2 29 340
25 57 18 38 M 27 0 0.00 M M 8.9 16 210 M M 0 18 220
26 59 24 42 M 23 0 0.00 M M 12.9 32 360 M M 3 43 360
27 40 24 32 M 33 0 0.00 M M 11.1 20 350 M M 0 31 360
28 55 26 41 M 24 0 0.00 M M 10.6 16 220 M M 2 23 230
29 39 12 26 M 39 0 M M M 21.7 32 20 M M 7 44 20
30 29 7 18 M 47 0 0.00 M M 9.1 14 300 M M 0 17 270
================================================================================
SM 1479 694 861 5 M M 378.0 M 83
================================================================================
AV 49.3 23.1 12.6 FASTST M M 3 MAX(MPH)
MISC ----> # 32 360 M M
================================================================================
NOTES:
# LAST OF SEVERAL OCCURRENCES
COLUMN 17 PEAK WIND IN M.P.H.
PRELIMINARY LOCAL CLIMATOLOGICAL DATA (WS FORM: F-6) , PAGE 2
STATION: AURORA NE
MONTH: NOVEMBER
YEAR: 2022
LATITUDE: 40 54 N
LONGITUDE: 97 59 W
[TEMPERATURE DATA] [PRECIPITATION DATA] SYMBOLS USED IN COLUMN 16
AVERAGE MONTHLY: 36.2 TOTAL FOR MONTH: M 1 = FOG OR MIST
DPTR FM NORMAL: M DPTR FM NORMAL: M 2 = FOG REDUCING VISIBILITY
HIGHEST: 76 ON 2 GRTST 24HR M ON M TO 1/4 MILE OR LESS
LOWEST: 6 ON 18 3 = THUNDER
SNOW, ICE PELLETS, HAIL 4 = ICE PELLETS
TOTAL MONTH: M 5 = HAIL
GRTST 24HR M ON M 6 = FREEZING RAIN OR DRIZZLE
GRTST DEPTH: M ON M 7 = DUSTSTORM OR SANDSTORM:
VSBY 1/2 MILE OR LESS
8 = SMOKE OR HAZE
[NO. OF DAYS WITH] [WEATHER - DAYS WITH] 9 = BLOWING SNOW
X = TORNADO
MAX 32 OR BELOW: 6 0.01 INCH OR MORE: M
MAX 90 OR ABOVE: 0 0.10 INCH OR MORE: M
MIN 32 OR BELOW: 25 0.50 INCH OR MORE: M
MIN 0 OR BELOW: 0 1.00 INCH OR MORE: M
[HDD (BASE 65) ]
TOTAL THIS MO. 861 CLEAR (SCALE 0-3) 20
DPTR FM NORMAL M PTCLDY (SCALE 4-7) 8
TOTAL FM JUL 1 1289 CLOUDY (SCALE 8-10) 2
DPTR FM NORMAL M
[CDD (BASE 65) ]
TOTAL THIS MO. 5
DPTR FM NORMAL M [PRESSURE DATA]
TOTAL FM JAN 1 1244 HIGHEST SLP M ON M
DPTR FM NORMAL M LOWEST SLP M ON M
[REMARKS]
#FINAL-11-22#