000
CXUS54 KBMX 011010
CF6AUO
PRELIMINARY LOCAL CLIMATOLOGICAL DATA (WS FORM: F-6)
STATION: AUBURN AWOS
MONTH: MAY
YEAR: 2021
LATITUDE: 32 34 N
LONGITUDE: 85 30 W
TEMPERATURE IN F: :PCPN: SNOW: WIND :SUNSHINE: SKY :PK WND
================================================================================
1 2 3 4 5 6A 6B 7 8 9 10 11 12 13 14 15 16 17 18
12Z AVG MX 2MIN
DY MAX MIN AVG DEP HDD CDD WTR SNW DPTH SPD SPD DIR MIN PSBL S-S WX SPD DR
================================================================================
1 80 56 68 M 0 3 0.00 0.0 0 5.5 12 60 M M 0 16 20
2 82 62 72 M 0 7 M 0.0 0 8.2 13 150 M M 2 20 150
3 83 63 73 M 0 8 2.23 0.0 0 10.5 24 350 M M 7 13 43 350
4 87 64 76 M 0 11 0.09 0.0 M 11.7 18 180 M M 7 138 40 230
5 74 62 68 M 0 3 M 0.0 0 6.8 13 290 M M 4 21 290
6 73 54 64 M 1 0 0.00 0.0 0 7.8 13 310 M M 0 31 320
7 70 50 60 M 5 0 0.00 0.0 0 8.4 16 330 M M 0 27 300
8 77 47 62 M 3 0 0.00 0.0 0 3.9 9 200 M M 0 M M
9 84 55 70 M 0 5 0.00 0.0 0 10.3 17 190 M M 0 41 90
10 78 63 71 M 0 6 0.16 0.0 0 5.6 15 340 M M 6 1 24 340
11 79 65 72 M 0 7 0.08 0.0 0 4.2 9 310 M M 8 13 M M
12 67 51 59 M 6 0 0.22 0.0 0 8.4 15 40 M M 10 1 18 40
13 71 46 59 M 6 0 0.00 0.0 0 7.9 13 60 M M 3 17 60
14 75 49 62 M 3 0 0.00 0.0 0 2.6 9 70 M M 1 M M
15 77 52 65 M 0 0 0.00 0.0 0 4.2 9 50 M M 1 M M
16 79 57 68 M 0 3 0.00 0.0 0 3.7 9 180 M M 0 8 M M
17 81 59 70 M 0 5 0.00 0.0 0 7.0 14 160 M M 0 16 130
18 81 64 73 M 0 8 M 0.0 M 9.1 14 130 M M 1 21 100
19 82 64 73 M 0 8 0.00 0.0 0 10.3 15 120 M M 2 23 100
20 81 63 72 M 0 7 0.00 0.0 0 10.3 16 140 M M 1 23 110
21 84 61 73 M 0 8 0.00 0.0 0 8.4 16 150 M M 1 23 130
22 84 63 74 M 0 9 0.00 0.0 0 5.9 12 80 M M 1 M M
23 89 60 75 M 0 10 0.00 0.0 0 2.6 7 10 M M 0 M M
24 89 64 77 M 0 12 0.00 0.0 0 3.7 7 340 M M 1 M M
25 90 68 79 M 0 14 0.00 0.0 0 4.3 10 210 M M 0 M M
26 87 64 76 M 0 11 M 0.0 0 5.1 14 210 M M 0 20 220
27 86 65 76 M 0 11 0.07 0.0 0 5.2 9 200 M M 4 M M
28 86 67 77 M 0 12 0.36 0.0 0 8.5 16 190 M M 5 138 30 350
29 78 56 67 M 0 2 0.00 0.0 0 8.9 15 320 M M 4 20 300
30 79 52 66 M 0 1 0.00 0.0 0 6.8 9 50 M M 0 M M
31 82 57 70 M 0 5 0.00 0.0 0 6.7 13 150 M M 0 16 130
================================================================================
SM 2495 1823 24 176 3.21 0.0 212.5 M 69
================================================================================
AV 80.5 58.8 6.9 FASTST M M 2 MAX(MPH)
MISC ----> 24 350 43 350
================================================================================
NOTES:
# LAST OF SEVERAL OCCURRENCES
COLUMN 17 PEAK WIND IN M.P.H.
PRELIMINARY LOCAL CLIMATOLOGICAL DATA (WS FORM: F-6) , PAGE 2
STATION: AUBURN AWOS
MONTH: MAY
YEAR: 2021
LATITUDE: 32 34 N
LONGITUDE: 85 30 W
[TEMPERATURE DATA] [PRECIPITATION DATA] SYMBOLS USED IN COLUMN 16
AVERAGE MONTHLY: 69.6 TOTAL FOR MONTH: 3.21 1 = FOG OR MIST
DPTR FM NORMAL: 0.0 DPTR FM NORMAL: M 2 = FOG REDUCING VISIBILITY
HIGHEST: 90 ON 25 GRTST 24HR 2.23 ON 3- 3 TO 1/4 MILE OR LESS
LOWEST: 46 ON 13 3 = THUNDER
SNOW, ICE PELLETS, HAIL 4 = ICE PELLETS
TOTAL MONTH: 0.0 INCH 5 = HAIL
GRTST 24HR 0.0 6 = FREEZING RAIN OR DRIZZLE
GRTST DEPTH: 0 7 = DUSTSTORM OR SANDSTORM:
VSBY 1/2 MILE OR LESS
8 = SMOKE OR HAZE
[NO. OF DAYS WITH] [WEATHER - DAYS WITH] 9 = BLOWING SNOW
X = TORNADO
MAX 32 OR BELOW: 0 0.01 INCH OR MORE: 7
MAX 90 OR ABOVE: 1 0.10 INCH OR MORE: 4
MIN 32 OR BELOW: 0 0.50 INCH OR MORE: 1
MIN 0 OR BELOW: 0 1.00 INCH OR MORE: 1
[HDD (BASE 65) ]
TOTAL THIS MO. 24 CLEAR (SCALE 0-3) 22
DPTR FM NORMAL M PTCLDY (SCALE 4-7) 8
TOTAL FM JUL 1 1806 CLOUDY (SCALE 8-10) 1
DPTR FM NORMAL M
[CDD (BASE 65) ]
TOTAL THIS MO. 176
DPTR FM NORMAL M [PRESSURE DATA]
TOTAL FM JAN 1 251 HIGHEST SLP M ON M
DPTR FM NORMAL M LOWEST SLP M ON M
[REMARKS]
#FINAL-05-21#