000
CXUS54 KEWX 181422
CF6AUS
PRELIMINARY LOCAL CLIMATOLOGICAL DATA (WS FORM: F-6)
STATION: AUSTIN BERGSTROM
MONTH: OCTOBER
YEAR: 2021
LATITUDE: 30 13 N
LONGITUDE: 97 40 W
TEMPERATURE IN F: :PCPN: SNOW: WIND :SUNSHINE: SKY :PK WND
================================================================================
1 2 3 4 5 6A 6B 7 8 9 10 11 12 13 14 15 16 17 18
12Z AVG MX 2MIN
DY MAX MIN AVG DEP HDD CDD WTR SNW DPTH SPD SPD DIR MIN PSBL S-S WX SPD DR
================================================================================
1 87 66 77 2 0 12 0.54 0.0 0 5.3 16 330 M M 8 1 24 320
2 87 66 77 2 0 12 0.00 0.0 0 2.0 9 80 M M 7 15 60
3 90 67 79 5 0 14 0.00 0.0 0 4.3 15 20 M M 7 19 70
4 90 60 75 1 0 10 0.00 0.0 0 5.4 18 20 M M 3 27 10
5 89 55 72 -2 0 7 0.00 0.0 0 4.6 20 10 M M 1 27 10
6 88 54 71 -2 0 6 0.00 0.0 0 3.1 10 80 M M 2 17 80
7 89 57 73 0 0 8 0.00 0.0 0 5.0 16 180 M M 1 23 180
8 89 58 74 1 0 9 0.00 0.0 0 6.4 15 170 M M 2 22 200
9 88 55 72 0 0 7 0.00 0.0 0 7.7 17 150 M M 3 25 150
10 92 63 78 6 0 13 0.47 0.0 0 14.2 26 170 M M 8 13 39 160
11 82 59 71 -1 0 6 0.27 0.0 0 5.2 14 10 M M 4 13 19 80
12 88 69 79 8 0 14 0.06 0.0 0 9.5 23 160 M M 9 13 33 150
13 88 67 78 7 0 13 2.91 0.0 0 12.0 22 360 M M 9 13 28 190
14 79 64 72 1 0 7 0.51 0.0 0 4.1 12 60 M M 7 13 18 70
15 89 63 76 6 0 11 T 0.0 0 8.8 24 360 M M 6 1 31 360
16 74 47 61 -9 4 0 0.00 0.0 0 11.4 21 10 M M 3 29 40
17 74 46 60 -10 5 0 0.00 0.0 0 2.7 10 120 M M 6 17 50
18 77 44 61 -8 4 0 0.00 0.0 0 4.8 13 150 M M 4 25 130
19 83 51 67 -2 0 2 0.00 0.0 0 6.8 17 150 M M 6 23 130
20 84 59 72 4 0 7 0.00 0.0 0 0.3 9 340 M M 6 12 180
21 86 59 73 5 0 8 0.00 0.0 0 2.4 9 40 M M 4 16 70
22 86 61 74 6 0 9 0.00 0.0 0 2.9 10 120 M M 3 1 17 120
23 88 68 78 11 0 13 T 0.0 0 9.3 22 150 M M 6 1 29 150
24 87 66 77 10 0 12 0.01 0.0 0 5.5 16 180 M M 6 1 23 180
25 88 68 78 11 0 13 T 0.0 0 4.2 15 150 M M 5 1 24 150
26 88 69 79 13 0 14 T 0.0 0 11.1 22 150 M M 8 1 30 140
27 79 57 68 2 0 3 0.82 0.0 0 10.9 33 310 M M 4 13 52 330
28 79 54 67 1 0 2 0.00 0.0 0 11.7 30 320 M M 0 49 330
29 75 45 60 -5 5 0 0.00 0.0 0 9.4 25 340 M M 0 36 330
30 80 40 60 -5 5 0 0.00 0.0 0 3.2 12 220 M M 0 16 210
31 82 43 63 -1 2 0 0.00 0.0 0 3.5 15 180 M M 0 21 180
================================================================================
SM 2625 1800 25 232 5.59 0.0 197.7 M 138
================================================================================
AV 84.7 58.1 6.4 FASTST M M 4 MAX(MPH)
MISC ----> 33 310 52 330
================================================================================
NOTES:
# LAST OF SEVERAL OCCURRENCES
COLUMN 17 PEAK WIND IN M.P.H.
PRELIMINARY LOCAL CLIMATOLOGICAL DATA (WS FORM: F-6) , PAGE 2
STATION: AUSTIN BERGSTROM
MONTH: OCTOBER
YEAR: 2021
LATITUDE: 30 13 N
LONGITUDE: 97 40 W
[TEMPERATURE DATA] [PRECIPITATION DATA] SYMBOLS USED IN COLUMN 16
AVERAGE MONTHLY: 71.4 TOTAL FOR MONTH: 5.59 1 = FOG OR MIST
DPTR FM NORMAL: 1.5 DPTR FM NORMAL: 1.34 2 = FOG REDUCING VISIBILITY
HIGHEST: 92 ON 10 GRTST 24HR 3.42 ON 13-14 TO 1/4 MILE OR LESS
LOWEST: 40 ON 30 3 = THUNDER
SNOW, ICE PELLETS, HAIL 4 = ICE PELLETS
TOTAL MONTH: 0.0 INCH 5 = HAIL
GRTST 24HR 0.0 6 = FREEZING RAIN OR DRIZZLE
GRTST DEPTH: 0 7 = DUSTSTORM OR SANDSTORM:
VSBY 1/2 MILE OR LESS
8 = SMOKE OR HAZE
[NO. OF DAYS WITH] [WEATHER - DAYS WITH] 9 = BLOWING SNOW
X = TORNADO
MAX 32 OR BELOW: 0 0.01 INCH OR MORE: 8
MAX 90 OR ABOVE: 3 0.10 INCH OR MORE: 6
MIN 32 OR BELOW: 0 0.50 INCH OR MORE: 4
MIN 0 OR BELOW: 0 1.00 INCH OR MORE: 1
[HDD (BASE 65) ]
TOTAL THIS MO. 25 CLEAR (SCALE 0-3) 10
DPTR FM NORMAL -19 PTCLDY (SCALE 4-7) 19
TOTAL FM JUL 1 25 CLOUDY (SCALE 8-10) 2
DPTR FM NORMAL -19
[CDD (BASE 65) ]
TOTAL THIS MO. 232
DPTR FM NORMAL 37 [PRESSURE DATA]
TOTAL FM JAN 1 2598 HIGHEST SLP 30.36 ON 16
DPTR FM NORMAL -336 LOWEST SLP 29.53 ON 27
[REMARKS]
#FINAL-10-21#