000
CXUS53 KGRB 010721
CLMAUW
CLIMATE REPORT
NATIONAL WEATHER SERVICE GREEN BAY
221 AM CDT SAT APR 01 2023
...................................
...THE WAUSAU WI CLIMATE SUMMARY FOR THE MONTH OF MARCH 2023...
CLIMATE NORMAL PERIOD: 1991 TO 2020
CLIMATE RECORD PERIOD: 1896 TO 2023
WEATHER OBSERVED NORMAL DEPART LAST YEAR`S
VALUE DATE(S) VALUE FROM VALUE DATE(S)
NORMAL
................................................................
TEMPERATURE (F)
RECORD
HIGH 80 03/30/1910
03/29/1910
LOW -33 03/01/1962
HIGHEST 46 03/15 61 -15 62 03/16
03/26
LOWEST 1 03/14 -2 3 -3 03/12
AVG. MAXIMUM 37.9 39.6 -1.7 37.8
AVG. MINIMUM 20.8 20.6 0.2 22.2
MEAN 29.3 30.1 -0.8 30.0
DAYS MAX >= 90 0 0.0 0.0 0
DAYS MAX <= 32 5 7.2 -2.2 7
DAYS MIN <= 32 30 26.1 3.9 25
DAYS MIN <= 0 0 2.0 -2.0 1
PRECIPITATION (INCHES)
RECORD
MAXIMUM 4.95 2016
MINIMUM 0.05 1960
TOTALS 3.58 1.83 1.75 3.71
DAYS >= .01 13 9.4 3.6 11
DAYS >= .10 7 4.9 2.1 7
DAYS >= .50 1 1.1 -0.1
DAYS >= 1.00 1 0.2 0.8 1
GREATEST
STORM TOTAL 1.80
(MM/DD(HH))
SNOWFALL (INCHES)
RECORDS
TOTAL 36.2 1956
24 HR TOTAL 7.0 03/23/2016 TO 03/23/2016
TOTALS 24.0 8.3 15.7 10.1
SINCE 7/1 79.8 57.6 22.2 MM
DAYS >= TRACE 16 6.3 9.7
DAYS >= 1.0 6 2.8 3.2 3
GREATEST
SNOW DEPTH 23 03/12 11 03/14
03/13
24 HR TOTAL MM
DEGREE DAYS
HEATING TOTAL 1099 1082 17 1078
SINCE 7/1 6484 7132 -648 MM
COOLING TOTAL 0 0 0 0
SINCE 1/1 0 0 0 MM
................................................................
WIND (MPH)
AVERAGE WIND SPEED 8.0
HIGHEST WIND SPEED/DIRECTION 29/040 DATE 03/31
HIGHEST GUST SPEED/DIRECTION 45/030 DATE 03/31
SKY COVER
POSSIBLE SUNSHINE (PERCENT) MM
AVERAGE SKY COVER 0.49
NUMBER OF DAYS FAIR 14
NUMBER OF DAYS PC 7
NUMBER OF DAYS CLOUDY 10
AVERAGE RH (PERCENT) 64
WEATHER CONDITIONS. NUMBER OF DAYS WITH
THUNDERSTORM 1 MIXED PRECIP 0
HEAVY RAIN 1 RAIN 2
LIGHT RAIN 3 FREEZING RAIN 1
LT FREEZING RAIN 3 HAIL 0
HEAVY SNOW 1 SNOW 3
LIGHT SNOW 15 SLEET 0
FOG 13 FOG W/VIS <= 1/4 MILE 5
HAZE 11
- INDICATES NEGATIVE NUMBERS.
R INDICATES RECORD WAS SET OR TIED.
MM INDICATES DATA IS MISSING.
T INDICATES TRACE AMOUNT.
$$