000
CXUS52 KGSP 011343
CLMAVL
CLIMATE REPORT
NATIONAL WEATHER SERVICE GREENVILLE-SPARTANBURG SC
843 AM EST FRI DEC 01 2023
...................................
...THE ASHEVILLE NC CLIMATE SUMMARY FOR THE MONTH OF NOVEMBER 2023...
CLIMATE NORMAL PERIOD 1991 TO 2020
CLIMATE RECORD PERIOD 1869 TO 2023
WEATHER OBSERVED NORMAL DEPART LAST YEAR`S
VALUE DATE(S) VALUE FROM VALUE DATE(S)
NORMAL
................................................................
TEMPERATURE (F)
RECORD
HIGH 83 11/01/1950
LOW 1 11/25/1950
HIGHEST 82 11/09 MM MM 77 11/06
LOWEST 18 11/29 MM MM 19 11/21
AVG. MAXIMUM 60.7 59.5 1.2 58.5
AVG. MINIMUM 36.5 36.1 0.4 37.4
MEAN 48.6 47.8 0.8 48.0
DAYS MAX >= 90 0 0.0 0.0 0
DAYS MAX <= 32 0 0.0 0.0 0
DAYS MIN <= 32 9 13.3 -4.3 12
DAYS MIN <= 0 0 0.0 0.0 0
PRECIPITATION (INCHES)
RECORD
MAXIMUM 7.82 2015
MINIMUM 0.07 1909
TOTALS 0.93 3.72 -2.79 5.56
DAILY AVG. 0.03 0.12 -0.09 0.19
DAYS >= .01 3 8.8 -5.8 9
DAYS >= .10 2 5.8 -3.8 7
DAYS >= .50 1 2.4 -1.4 4
DAYS >= 1.00 0 1.3 -1.3 2
GREATEST
24 HR. TOTAL 0.78 11/21 TO 11/21 2.60 11/10 TO 11/11
STORM TOTAL 0.78 2.26
(MM/DD(HH)) MM
SNOWFALL (INCHES)
RECORDS
TOTAL 9.6 1968
24 HR TOTAL 5.4 11/11/1968 TO 11/11/1968
SNOW DEPTH 5 11/12/1968
TOTALS 0.0 0.2 -0.2 0.0
LIQUID EQUIV 0.00 0.00 0.00 0.00
SINCE 7/1 0.0 0.2 -0.2 MM
LIQUID 7/1 0.00 0.00 0.00 MM
SNOWDEPTH AVG. 0 0
DAYS >= TRACE 0 0.2 -0.2 0
DAYS >= 1.0 0 0.1 -0.1 0
GREATEST
SNOW DEPTH 0 0 MM
24 HR TOTAL MM MM
STORM TOTAL 0.0 0.0
(MM/DD(HH)) MM
DEGREE DAYS
HEATING TOTAL 486 517 -31 507
SINCE 7/1 704 791 -87 MM
COOLING TOTAL 0 1 -1 5
SINCE 1/1 1014 1048 -34 MM
FREEZE DATES
RECORD
EARLIEST MM
LATEST MM
EARLIEST 11/01 MM
LATEST 04/10
................................................................
WIND (MPH)
AVERAGE WIND SPEED 5.3
HIGHEST WIND SPEED/DIRECTION 32/330 DATE 11/01
HIGHEST GUST SPEED/DIRECTION 39/330 DATE 11/01
SKY COVER
POSSIBLE SUNSHINE (PERCENT) MM
AVERAGE SKY COVER 0.29
NUMBER OF DAYS FAIR 20
NUMBER OF DAYS PC 5
NUMBER OF DAYS CLOUDY 5
AVERAGE RH (PERCENT) 62
WEATHER CONDITIONS. NUMBER OF DAYS WITH
THUNDERSTORM 0 MIXED PRECIP 0
HEAVY RAIN 1 RAIN 1
LIGHT RAIN 6 FREEZING RAIN 0
LT FREEZING RAIN 0 HAIL 0
HEAVY SNOW 0 SNOW 0
LIGHT SNOW 0 SLEET 0
FOG 5 FOG W/VIS <= 1/4 MILE 0
HAZE 1
- INDICATES NEGATIVE NUMBERS.
R INDICATES RECORD WAS SET OR TIED.
MM INDICATES DATA IS MISSING.
T INDICATES TRACE AMOUNT.
$$