000
CXUS51 KBGM 010709
CLMAVP
CLIMATE REPORT
NATIONAL WEATHER SERVICE BINGHAMTON, NY
209 AM EST FRI DEC 01 2023
...................................
...THE AVOCA PA CLIMATE SUMMARY FOR THE MONTH OF NOVEMBER 2023...
CLIMATE NORMAL PERIOD 1991 TO 2020
CLIMATE RECORD PERIOD 1901 TO 2023
WEATHER OBSERVED NORMAL DEPART LAST YEAR`S
VALUE DATE(S) VALUE FROM VALUE DATE(S)
NORMAL
................................................................
TEMPERATURE (F)
RECORD
HIGH 80 11/02/1982
LOW 5 11/23/2018
HIGHEST 68 11/07 49 19 75 11/05
LOWEST 21 11/29 34 -13 20 11/21
AVG. MAXIMUM 50.0 51.2 -1.2 54.1
AVG. MINIMUM 31.5 34.3 -2.8 37.4
MEAN 40.7 42.7 -2.0 45.8
DAYS MAX >= 90 0 0.0 0.0 0
DAYS MAX <= 32 1 1.0 0.0 1
DAYS MIN <= 32 21 14.4 6.6 11
DAYS MIN <= 0 0 0.0 0.0 0
PRECIPITATION (INCHES)
RECORD
MAXIMUM 7.62 1972
MINIMUM 0.80 1976
TOTALS 2.38 2.85 -0.47 2.75
DAILY AVG. 0.08 0.09 -0.01 0.10
DAYS >= .01 5 10.3 -5.3 10
DAYS >= .10 4 5.7 -1.7 7
DAYS >= .50 2 1.6 0.4 3
DAYS >= 1.00 1 0.5 0.5 0
GREATEST
24 HR. TOTAL 1.35 11/21 TO 11/22
SNOWFALL (INCHES)
RECORDS
TOTAL 22.5 1971
24 HR TOTAL 18.5 11/25/1971 TO 11/25/1971
TOTALS 0.2 3.2 -3.0 1.2
SINCE 7/1 0.2 3.9 -3.7 MM
DAYS >= TRACE 1 1.7 -0.7 4
DAYS >= 1.0 0 0.8 -0.8 1
GREATEST
24 HR TOTAL 0.2 11/28 TO 11/28
DEGREE DAYS
HEATING TOTAL 719 668 51 520
SINCE 7/1 1101 1149 -48 MM
COOLING TOTAL 0 0 0 7
SINCE 1/1 760 790 -30 MM
................................................................
WIND (MPH)
AVERAGE WIND SPEED 5.9
RESULTANT WIND SPEED/DIRECTION 2/280
HIGHEST WIND SPEED/DIRECTION 24/360 DATE 11/08
HIGHEST GUST SPEED/DIRECTION 37/130 DATE 11/21
SKY COVER
POSSIBLE SUNSHINE (PERCENT) MM
AVERAGE SKY COVER 0.41
NUMBER OF DAYS FAIR 11
NUMBER OF DAYS PC 16
NUMBER OF DAYS CLOUDY 3
AVERAGE RH (PERCENT) 62
WEATHER CONDITIONS. NUMBER OF DAYS WITH
THUNDERSTORM 0 MIXED PRECIP 0
HEAVY RAIN 2 RAIN 4
LIGHT RAIN 8 FREEZING RAIN 0
LT FREEZING RAIN 0 HAIL 0
HEAVY SNOW 0 SNOW 0
LIGHT SNOW 1 SLEET 0
FOG 7 FOG W/VIS <= 1/4 MILE 1
HAZE 7
- INDICATES NEGATIVE NUMBERS.
R INDICATES RECORD WAS SET OR TIED.
MM INDICATES DATA IS MISSING.
T INDICATES TRACE AMOUNT.
$$