413
CXUS55 KLBF 011200
CF6BBW
PRELIMINARY LOCAL CLIMATOLOGICAL DATA (WS FORM: F-6)
STATION: BROKEN BOW
MONTH: APRIL
YEAR: 2020
LATITUDE: 41 26 N
LONGITUDE: 99 39 W
TEMPERATURE IN F: :PCPN: SNOW: WIND :SUNSHINE: SKY :PK WND
================================================================================
1 2 3 4 5 6A 6B 7 8 9 10 11 12 13 14 15 16 17 18
12Z AVG MX 2MIN
DY MAX MIN AVG DEP HDD CDD WTR SNW DPTH SPD SPD DIR MIN PSBL S-S WX SPD DR
================================================================================
1 68 36 52 9 13 0 0.00 M M 13.8 32 170 M M 2 41 170
2 38 18 28 -15 37 0 T M M 24.3 33 340 M M 10 16 45 340
3 39 15 27 -17 38 0 T M M 13.6 26 340 M M 3 36 350
4 52 16 34 -10 31 0 0.00 M M 9.3 23 160 M M 3 1 32 140
5 62 26 44 0 21 0 0.00 M M 13.1 28 150 M M 2 38 140
6 76 41 59 15 6 0 0.00 M M 4.6 13 180 M M 4 20 210
7 81 39 60 15 5 0 0.00 M M 11.1 32 290 M M 0 42 300
8 63 33 48 3 17 0 0.00 M M 13.8 31 350 M M 0 38 360
9 53 20 37 -9 28 0 0.00 M M 12.9 33 330 M M 1 45 310
10 69 17 43 -3 22 0 0.00 M M 10.2 30 200 M M 0 38 170
11 70 33 52 6 13 0 0.00 M M 11.4 26 350 M M 2 36 20
12 37 21 29 -17 36 0 0.07 M M 25.8 39 360 M M 8 1268 52 350
13 37 14 26 -21 39 0 0.00 M M 14.8 25 310 M M 1 33 310
14 48 14 31 -16 34 0 T M M 9.7 28 270 M M 3 1 43 250
15 22 19 21 -27 44 0 0.00 M M 2.0 8 240 M M 0 M M
16 35 17 26 -22 39 0 0.07 M M 11.9 22 60 M M 10 1 27 60
17 50 18 34 -14 31 0 0.00 M M 7.5 21 230 M M 0 28 240
18 72 31 52 4 13 0 0.00 M M 8.6 16 240 M M 0 22 10
19 62 34 48 -1 17 0 0.07 M M 6.4 38 300 M M 3 48 290
20 69 36 53 4 12 0 0.00 M M 13.3 31 310 M M 3 42 300
21 76 29 53 3 12 0 0.00 M M 8.0 22 190 M M 1 30 180
22 79 43 61 11 4 0 0.00 M M 10.4 22 340 M M 1 31 310
23 75 36 56 6 9 0 T M M 7.2 35 330 M M 1 3 46 340
24 64 45 55 4 10 0 0.50 M M 10.5 20 350 M M 7 1 28 20
25 65 34 50 -1 15 0 0.00 M M 13.6 28 330 M M 2 50 340
26 78 32 55 3 10 0 0.00 M M 10.0 30 170 M M 2 40 140
27 81 47 64 12 1 0 0.00 M M 7.1 15 160 M M 0 22 140
28 72 47 60 8 5 0 T M M 19.9 46 330 M M 3 59 340
29 65 37 51 -2 14 0 0.00 M M 17.0 37 330 M M 2 56 330
30 81 32 57 4 8 0 0.00 M M 10.1 24 160 M M 0 32 160
================================================================================
SM 1839 880 584 0 0.71 M 351.9 M 74
================================================================================
AV 61.3 29.3 11.7 FASTST M M 2 MAX(MPH)
MISC ----> # 46 330 # 59 340
================================================================================
NOTES:
# LAST OF SEVERAL OCCURRENCES
COLUMN 17 PEAK WIND IN M.P.H.
PRELIMINARY LOCAL CLIMATOLOGICAL DATA (WS FORM: F-6) , PAGE 2
STATION: BROKEN BOW
MONTH: APRIL
YEAR: 2020
LATITUDE: 41 26 N
LONGITUDE: 99 39 W
[TEMPERATURE DATA] [PRECIPITATION DATA] SYMBOLS USED IN COLUMN 16
AVERAGE MONTHLY: 45.3 TOTAL FOR MONTH: 0.71 1 = FOG OR MIST
DPTR FM NORMAL: -2.5 DPTR FM NORMAL: -1.88 2 = FOG REDUCING VISIBILITY
HIGHEST: 81 ON 30,27 GRTST 24HR 0.50 ON 24-24 TO 1/4 MILE OR LESS
LOWEST: 14 ON 14,13 3 = THUNDER
SNOW, ICE PELLETS, HAIL 4 = ICE PELLETS
TOTAL MONTH: M 5 = HAIL
GRTST 24HR M ON M 6 = FREEZING RAIN OR DRIZZLE
GRTST DEPTH: M ON M 7 = DUSTSTORM OR SANDSTORM:
VSBY 1/2 MILE OR LESS
8 = SMOKE OR HAZE
[NO. OF DAYS WITH] [WEATHER - DAYS WITH] 9 = BLOWING SNOW
X = TORNADO
MAX 32 OR BELOW: 1 0.01 INCH OR MORE: 4
MAX 90 OR ABOVE: 0 0.10 INCH OR MORE: 1
MIN 32 OR BELOW: 16 0.50 INCH OR MORE: 1
MIN 0 OR BELOW: 0 1.00 INCH OR MORE: 0
[HDD (BASE 65) ]
TOTAL THIS MO. 584 CLEAR (SCALE 0-3) 24
DPTR FM NORMAL 67 PTCLDY (SCALE 4-7) 4
TOTAL FM JUL 1 6127 CLOUDY (SCALE 8-10) 2
DPTR FM NORMAL -253
[CDD (BASE 65) ]
TOTAL THIS MO. 0
DPTR FM NORMAL -1 [PRESSURE DATA]
TOTAL FM JAN 1 0 HIGHEST SLP 30.38 ON 3
DPTR FM NORMAL -1 LOWEST SLP 29.56 ON 11
[REMARKS]
#FINAL-04-20#