000
CXUS51 KOKX 011010
CF6BDR
PRELIMINARY LOCAL CLIMATOLOGICAL DATA (WS FORM: F-6)
STATION: BRIDGEPORT CT
MONTH: NOVEMBER
YEAR: 2022
LATITUDE: 41 10 N
LONGITUDE: 73 8 W
TEMPERATURE IN F: :PCPN: SNOW: WIND :SUNSHINE: SKY :PK WND
================================================================================
1 2 3 4 5 6A 6B 7 8 9 10 11 12 13 14 15 16 17 18
12Z AVG MX 2MIN
DY MAX MIN AVG DEP HDD CDD WTR SNW DPTH SPD SPD DIR MIN PSBL S-S WX SPD DR
================================================================================
1 67 56 62 11 3 0 0.20 0.0 0 6.1 12 220 M M 7 1 16 230
2 72 49 61 11 4 0 0.00 0.0 0 4.6 14 20 M M 0 18 20
3 63 43 53 3 12 0 0.00 0.0 0 4.8 9 200 M M 0 12 360
4 67 45 56 6 9 0 0.00 0.0 0 3.1 9 220 M M 2 1 10 230
5 73 54 64 15 1 0 T 0.0 0 6.8 15 190 M M 6 19 180
6 72 62 67 18 0 2 T 0.0 0 9.2 17 210 M M 6 24 200
7 79 52 66 17 0 1 T 0.0 0 10.1 21 350 M M 2 28 350
8 59 42 51 3 14 0 0.00 0.0 0 10.5 20 340 M M 0 27 330
9 52 38 45 -3 20 0 0.00 0.0 0 8.1 20 20 M M 0 25 20
10 64 41 53 5 12 0 0.00 0.0 0 6.1 15 220 M M 0 8 18 240
11 69 49 59 12 6 0 0.76 0.0 0 7.9 22 190 M M 9 1 31 180
12 72 57 65 18 0 0 T 0.0 0 12.1 28 200 M M 5 36 190
13 58 40 49 2 16 0 0.08 0.0 0 10.9 21 320 M M 7 1 27 330
14 47 33 40 -6 25 0 0.00 0.0 0 7.7 17 300 M M 1 22 340
15 44 31 38 -8 27 0 0.19 0.0 0 9.7 20 40 M M 5 25 50
16 50 36 43 -3 22 0 0.18 0.0 0 13.4 21 300 M M 8 1 27 290
17 47 36 42 -4 23 0 0.00 0.0 0 11.5 22 270 M M 4 33 270
18 44 33 39 -6 26 0 T T 0 11.3 25 290 M M 1 35 280
19 40 30 35 -10 30 0 0.00 0.0 0 9.1 17 230 M M 0 24 270
20 41 28 35 -9 30 0 0.00 0.0 0 13.0 30 290 M M 2 43 290
21 43 24 34 -10 31 0 0.00 0.0 0 12.6 28 220 M M 0 35 220
22 49 32 41 -3 24 0 0.00 0.0 0 7.9 16 250 M M 0 25 260
23 56 34 45 1 20 0 0.00 0.0 0 5.8 14 350 M M 0 18 360
24 50 31 41 -2 24 0 0.00 0.0 0 5.4 10 230 M M 0 14 220
25 53 42 48 5 17 0 0.05 0.0 0 9.8 21 300 M M 4 31 220
26 56 36 46 3 19 0 0.00 0.0 0 6.5 15 320 M M 1 19 310
27 57 41 49 7 16 0 0.65 0.0 0 7.0 22 200 M M 5 1 28 200
28 55 36 46 4 19 0 0.00 0.0 0 11.1 22 320 M M 2 31 340
29 44 29 37 -5 28 0 0.00 0.0 0 4.8 10 220 M M 1 15 350
30 57 34 46 5 19 0 0.43 0.0 0 14.6 32 190 M M 8 1 44 200
================================================================================
SM 1700 1194 497 3 2.54 T 261.5 M 86
================================================================================
AV 56.7 39.8 8.7 FASTST M M 3 MAX(MPH)
MISC ----> 32 190 44 200
================================================================================
NOTES:
# LAST OF SEVERAL OCCURRENCES
COLUMN 17 PEAK WIND IN M.P.H.
PRELIMINARY LOCAL CLIMATOLOGICAL DATA (WS FORM: F-6) , PAGE 2
STATION: BRIDGEPORT CT
MONTH: NOVEMBER
YEAR: 2022
LATITUDE: 41 10 N
LONGITUDE: 73 8 W
[TEMPERATURE DATA] [PRECIPITATION DATA] SYMBOLS USED IN COLUMN 16
AVERAGE MONTHLY: 48.2 TOTAL FOR MONTH: 2.54 1 = FOG OR MIST
DPTR FM NORMAL: 2.2 DPTR FM NORMAL: -0.57 2 = FOG REDUCING VISIBILITY
HIGHEST: 79 ON 7 GRTST 24HR 0.76 ON 11-11 TO 1/4 MILE OR LESS
LOWEST: 24 ON 21 3 = THUNDER
SNOW, ICE PELLETS, HAIL 4 = ICE PELLETS
TOTAL MONTH: T 5 = HAIL
GRTST 24HR T ON 18-18 6 = FREEZING RAIN OR DRIZZLE
GRTST DEPTH: 0 7 = DUSTSTORM OR SANDSTORM:
VSBY 1/2 MILE OR LESS
8 = SMOKE OR HAZE
[NO. OF DAYS WITH] [WEATHER - DAYS WITH] 9 = BLOWING SNOW
X = TORNADO
MAX 32 OR BELOW: 0 0.01 INCH OR MORE: 8
MAX 90 OR ABOVE: 0 0.10 INCH OR MORE: 6
MIN 32 OR BELOW: 7 0.50 INCH OR MORE: 2
MIN 0 OR BELOW: 0 1.00 INCH OR MORE: 0
[HDD (BASE 65) ]
TOTAL THIS MO. 497 CLEAR (SCALE 0-3) 18
DPTR FM NORMAL -73 PTCLDY (SCALE 4-7) 11
TOTAL FM JUL 1 826 CLOUDY (SCALE 8-10) 1
DPTR FM NORMAL -73
[CDD (BASE 65) ]
TOTAL THIS MO. 3
DPTR FM NORMAL 3 [PRESSURE DATA]
TOTAL FM JAN 1 1075 HIGHEST SLP M ON M
DPTR FM NORMAL 121 LOWEST SLP 29.32 ON 27
[REMARKS]
#FINAL-11-22#