000
CXUS53 KIWX 010810
CF6BEH
PRELIMINARY LOCAL CLIMATOLOGICAL DATA (WS FORM: F-6)
STATION: BENTON HARBOR
MONTH: MAY
YEAR: 2023
LATITUDE: 42 7 N
LONGITUDE: 86 26 W
TEMPERATURE IN F: :PCPN: SNOW: WIND :SUNSHINE: SKY :PK WND
================================================================================
1 2 3 4 5 6A 6B 7 8 9 10 11 12 13 14 15 16 17 18
12Z AVG MX 2MIN
DY MAX MIN AVG DEP HDD CDD WTR SNW DPTH SPD SPD DIR MIN PSBL S-S WX SPD DR
================================================================================
1 42 36 39 -14 26 0 0.61 M M 14.3 22 300 M M 10 1 38 300
2 45 40 43 -10 22 0 0.05 M M 11.0 21 290 M M 10 37 310
3 45 36 41 -12 24 0 0.00 M M 6.4 17 340 M M 7 34 340
4 65 36 51 -3 14 0 0.00 M M 3.9 15 260 M M 3 19 270
5 75 50 63 9 2 0 0.00 M M 10.5 20 140 M M 0 33 140
6 74 54 64 10 1 0 0.05 M M 10.9 21 120 M M 6 3 27 130
7 72 55 64 9 1 0 0.05 M M 6.0 17 260 M M 4 138 25 230
8 62 52 57 2 8 0 0.07 M M 5.7 15 120 M M 6 1 21 110
9 67 43 55 0 10 0 0.00 M M 3.4 13 290 M M 1 1 18 300
10 72 42 57 1 8 0 0.00 M M 2.8 12 300 M M 0 16 280
11 83 45 64 8 1 0 0.00 M M 3.6 13 150 M M 0 8 20 220
12 77 56 67 11 0 2 T M M 4.8 14 110 M M 4 19 70
13 70 62 66 9 0 1 0.02 M M 5.3 12 70 M M 10 1 17 70
14 71 55 63 6 2 0 T M M 10.5 21 100 M M 7 30 80
15 69 42 56 -1 9 0 0.00 M M 4.7 10 340 M M 1 18 330
16 73 39 56 -2 9 0 0.00 M M 5.9 18 260 M M 0 26 260
17 62 42 52 -6 13 0 0.00 M M 4.9 14 70 M M 0 22 10
18 72 44 58 0 7 0 0.00 0.0 0 8.1 16 120 M M 0 23 150
19 70 49 60 1 5 0 0.06 0.0 0 6.8 18 230 M M 6 18 25 240
20 57 44 51 -8 14 0 0.00 M M 5.2 14 290 M M 4 1 26 330
21 73 42 58 -2 7 0 0.00 M M 4.8 13 260 M M 0 20 260
22 76 42 59 -1 6 0 0.00 M M 3.2 10 300 M M 0 16 340
23 80 53 67 7 0 2 0.00 0.0 0 4.3 9 300 M M 0 8 15 300
24 80 48 64 4 1 0 0.00 0.0 0 6.8 18 70 M M 1 27 70
25 65 43 54 -7 11 0 0.00 0.0 0 7.9 18 60 M M 0 29 50
26 69 36 53 -8 12 0 0.00 M M 3.9 12 10 M M 0 22 10
27 77 38 58 -4 7 0 0.00 M M 3.7 14 110 M M 0 21 120
28 78 45 62 0 3 0 0.00 M M 3.2 10 300 M M 0 8 19 140
29 83 47 65 3 0 0 0.00 M M 2.5 10 300 M M 0 17 330
30 88 51 70 7 0 5 0.00 M M 2.9 9 360 M M 1 18 15 330
31 93 62 78 15 0 13 0.00 M M 6.8 18 140 M M 1 26 150
================================================================================
SM 2185 1429 223 23 0.91 0.0 184.7 M 82
================================================================================
AV 70.5 46.1 6.0 FASTST M M 3 MAX(MPH)
MISC ----> 22 300 38 300
================================================================================
NOTES:
# LAST OF SEVERAL OCCURRENCES
COLUMN 17 PEAK WIND IN M.P.H.
PRELIMINARY LOCAL CLIMATOLOGICAL DATA (WS FORM: F-6) , PAGE 2
STATION: BENTON HARBOR
MONTH: MAY
YEAR: 2023
LATITUDE: 42 7 N
LONGITUDE: 86 26 W
[TEMPERATURE DATA] [PRECIPITATION DATA] SYMBOLS USED IN COLUMN 16
AVERAGE MONTHLY: 58.3 TOTAL FOR MONTH: 0.91 1 = FOG OR MIST
DPTR FM NORMAL: 0.5 DPTR FM NORMAL: -2.87 2 = FOG REDUCING VISIBILITY
HIGHEST: 93 ON 31 GRTST 24HR 0.62 ON 1- 2 TO 1/4 MILE OR LESS
LOWEST: 36 ON 26, 4 3 = THUNDER
SNOW, ICE PELLETS, HAIL 4 = ICE PELLETS
TOTAL MONTH: 0.0 INCH 5 = HAIL
GRTST 24HR 0.0 6 = FREEZING RAIN OR DRIZZLE
GRTST DEPTH: 0 7 = DUSTSTORM OR SANDSTORM:
VSBY 1/2 MILE OR LESS
8 = SMOKE OR HAZE
[NO. OF DAYS WITH] [WEATHER - DAYS WITH] 9 = BLOWING SNOW
X = TORNADO
MAX 32 OR BELOW: 0 0.01 INCH OR MORE: 7
MAX 90 OR ABOVE: 1 0.10 INCH OR MORE: 1
MIN 32 OR BELOW: 0 0.50 INCH OR MORE: 1
MIN 0 OR BELOW: 0 1.00 INCH OR MORE: 0
[HDD (BASE 65) ]
TOTAL THIS MO. 223 CLEAR (SCALE 0-3) 20
DPTR FM NORMAL -41 PTCLDY (SCALE 4-7) 8
TOTAL FM JUL 1 5505 CLOUDY (SCALE 8-10) 3
DPTR FM NORMAL -618
[CDD (BASE 65) ]
TOTAL THIS MO. 23
DPTR FM NORMAL -17 [PRESSURE DATA]
TOTAL FM JAN 1 36 HIGHEST SLP 30.39 ON 15
DPTR FM NORMAL -11 LOWEST SLP 29.33 ON 1
[REMARKS]
#FINAL-05-23#