000
CXAK58 PABE 011310
CLMBET
CLIMATE REPORT
NATIONAL WEATHER SERVICE ANCHORAGE, AK
410 AM AKST FRI DEC 01 2023
...................................
...THE BETHEL CLIMATE SUMMARY FOR THE MONTH OF NOVEMBER 2023...
CLIMATE NORMAL PERIOD: 1991 TO 2020
CLIMATE RECORD PERIOD: 1948 TO 2023
WEATHER OBSERVED NORMAL DEPART LAST YEAR`S
VALUE DATE(S) VALUE FROM VALUE
NORMAL
..............................................................
TEMPERATURE (F)
RECORD
HIGH 54 11/02/1926
LOW -31 11/30/1939
HIGHEST 41 MM MM 41
LOWEST 8 MM MM -3
AVG. MAXIMUM 30.3 24.3 6.0 27.1
AVG. MINIMUM 20.2 12.8 7.4 15.7
MEAN 25.3 18.5 6.8 21.4
DAYS MAX >= 90 0 0.0 0.0 0
DAYS MAX <= 32 19 20.0 -1.0 21
DAYS MIN <= 32 29 28.2 0.8 28
DAYS MIN <= 0 0 5.7 -5.7 2
PRECIPITATION (INCHES)
RECORD
MAXIMUM 4.26 2003
MINIMUM 0.04
TOTALS 1.49 1.80 -0.31 1.57
DAILY AVG. 0.05 0.06 -0.01 0.05
DAYS >= .01 15 13.7 1.3 14
DAYS >= .10 5 5.5 -0.5 4
DAYS >= .50 0 0.6 -0.6 0
DAYS >= 1.00 0 0.1 -0.1 0
GREATEST
24 HR. TOTAL 0.46 11/12 TO 11/12 0.34
STORM TOTAL 0.46 0.34
(MM/DD(HH))
DEGREE DAYS
HEATING TOTAL 1184 1393 -209 1302
SINCE 7/1 3384 3599 -215 MM
COOLING TOTAL 0 0 0 0
SINCE 1/1 0 6 -6 MM
FREEZE DATES
RECORD
EARLIEST MM
LATEST MM
EARLIEST 09/27
LATEST 05/31
..............................................................
WIND (MPH)
AVERAGE WIND SPEED 11.4
RESULTANT WIND SPEED/DIRECTION 1/030
HIGHEST WIND SPEED/DIRECTION 35/170 DATE 11/12
HIGHEST GUST SPEED/DIRECTION 51/170 DATE 11/12
SKY COVER
POSSIBLE SUNSHINE (PERCENT) MM
AVERAGE SKY COVER 0.73
NUMBER OF DAYS FAIR 0
NUMBER OF DAYS PC 16
NUMBER OF DAYS CLOUDY 14
AVERAGE RH (PERCENT) 92
WEATHER CONDITIONS. NUMBER OF DAYS WITH
THUNDERSTORM 0 MIXED PRECIP 0
HEAVY RAIN 1 RAIN 1
LIGHT RAIN 7 FREEZING RAIN 0
LT FREEZING RAIN 0 HAIL 0
HEAVY SNOW 0 SNOW 1
LIGHT SNOW 17 SLEET 0
FOG 22 FOG W/VIS <= 1/4 MILE 6
HAZE 0
- INDICATES NEGATIVE NUMBERS.
R INDICATES RECORD WAS SET OR TIED.
MM INDICATES DATA IS MISSING.
T INDICATES TRACE AMOUNT.
$$