000
CXUS55 KCYS 021815
CLMBFF
CLIMATE REPORT
NATIONAL WEATHER SERVICE CHEYENNE WY
1115 AM MST FRI FEB 02 2024
...................................
...THE SCOTTSBLUFF NE AIRPORT CLIMATE SUMMARY FOR THE MONTH OF JANUARY 2024...
CLIMATE NORMAL PERIOD 1991 TO 2020
CLIMATE RECORD PERIOD 1871 TO 2024
WEATHER OBSERVED NORMAL DEPART LAST YEAR`S
VALUE DATE(S) VALUE FROM VALUE DATE(S)
NORMAL
................................................................
TEMPERATURE (F)
RECORD
HIGH 74 01/26/1982
LOW -33 01/17/1930
HIGHEST 67 01/31 38 29 51
LOWEST -26 01/16 13 -39 -22
AVG. MAXIMUM 37.6 41.7 -4.1 35.2
AVG. MINIMUM 8.6 14.9 -6.3 14.8
MEAN 23.1 28.3 -5.2 25.0
DAYS MAX >= 90 0 0.0 0.0 0
DAYS MAX <= 32 10 7.0 3.0 8
DAYS MIN <= 32 31 30.5 0.5 31
DAYS MIN <= 0 7 3.6 3.4 4
PRECIPITATION (INCHES)
RECORD
MAXIMUM 1.56 2023
TOTALS 0.37 0.39 -0.02 1.56
DAYS >= .01 6 4.7 1.3 12
DAYS >= .10 2 1.3 0.7 4
DAYS >= .50 0 0.1 -0.1 1
DAYS >= 1.00 0 0.0 0.0 0
GREATEST
24 HR. TOTAL 0.17 01/11 TO 01/11 0.54 01/17 TO 01/18
SNOWFALL (INCHES)
RECORDS
TOTAL 24.1 2023
24 HR TOTAL 24.1 MM
TOTALS 7.0 5.3 1.7 24.1
SINCE 7/1 18.6 22.1 -3.5 MM
DAYS >= 1.0 2 1.6 0.4 7
GREATEST
SNOW DEPTH 7 01/16 10
01/17
01/18
24 HR TOTAL 4.8 01/11 TO 01/11 24.1
DEGREE DAYS
HEATING TOTAL 1290 1138 152 1231
SINCE 7/1 3494 3749 -255 MM
COOLING TOTAL 0 0 0 0
SINCE 1/1 0 0 0 MM
................................................................
WIND (MPH)
AVERAGE WIND SPEED 8.0
HIGHEST WIND SPEED/DIRECTION 41/340 DATE 01/18
HIGHEST GUST SPEED/DIRECTION 57/350 DATE 01/18
SKY COVER
POSSIBLE SUNSHINE (PERCENT) MM
AVERAGE SKY COVER 0.27
NUMBER OF DAYS FAIR 18
NUMBER OF DAYS PC 9
NUMBER OF DAYS CLOUDY 4
AVERAGE RH (PERCENT) 65
WEATHER CONDITIONS. NUMBER OF DAYS WITH
THUNDERSTORM 0 MIXED PRECIP 0
HEAVY RAIN 0 RAIN 0
LIGHT RAIN 0 FREEZING RAIN 0
LT FREEZING RAIN 0 HAIL 0
HEAVY SNOW 0 SNOW 2
LIGHT SNOW 9 SLEET 0
FOG 8 FOG W/VIS <= 1/4 MILE 5
HAZE 7
- INDICATES NEGATIVE NUMBERS.
R INDICATES RECORD WAS SET OR TIED.
MM INDICATES DATA IS MISSING.
T INDICATES TRACE AMOUNT.
$$