000
CXUS54 KAMA 011604
CLMBGD
CLIMATE REPORT
NATIONAL WEATHER SERVICE AMARILLO
1104 AM CDT TUE AUG 01 2023
...................................
...THE BORGER CLIMATE SUMMARY FOR THE MONTH OF JULY 2023...
CLIMATE NORMAL PERIOD: 1991 TO 2020
CLIMATE RECORD PERIOD: 1949 TO 2023
WEATHER OBSERVED NORMAL DEPART LAST YEAR`S
VALUE DATE(S) VALUE FROM VALUE DATE(S)
NORMAL
................................................................
TEMPERATURE (F)
HIGHEST 108 07/18 111 07/19
LOWEST 63 07/01 67 07/29
07/09
07/30
AVG. MAXIMUM 97.2 95.4 1.8 100.5
AVG. MINIMUM 71.9 70.5 1.4 74.0
MEAN 84.5 83.0 1.5 87.3
DAYS MAX >= 90 27 26.2 0.8 29
DAYS MAX <= 32 0 0.0 0.0 0
DAYS MIN <= 32 0 0.0 0.0 0
DAYS MIN <= 0 0 0.0 0.0 0
PRECIPITATION (INCHES)
TOTALS 2.21 2.35 -0.14 1.49
DAILY AVG. 0.07 0.08 -0.01 0.05
DAYS >= .01 10 6.8 3.2 7
DAYS >= .10 7 3.9 3.1 2
DAYS >= .50 0 1.5 -1.5 2
DAYS >= 1.00 0 0.5 -0.5 0
GREATEST
24 HR. TOTAL 0.53 07/14 TO 07/15
SNOWFALL (INCHES)
TOTALS MM MM MM MM
SINCE 7/1 MM MM MM MM
DAYS >= TRACE 0 MM MM 0
DAYS >= 1.0 0 MM MM 0
GREATEST
SNOW DEPTH MM
24 HR TOTAL MM
DEGREE DAYS
HEATING TOTAL 0 0 0 0
SINCE 7/1 0 0 0 MM
COOLING TOTAL 614 556 58 697
SINCE 1/1 1216 1223 -7 MM
................................................................
WIND (MPH)
AVERAGE WIND SPEED 9.9
HIGHEST WIND SPEED/DIRECTION 54/290 DATE 07/07
HIGHEST GUST SPEED/DIRECTION 74/280 DATE 07/07
SKY COVER
POSSIBLE SUNSHINE (PERCENT) MM
NUMBER OF DAYS FAIR 24
NUMBER OF DAYS PC 7
NUMBER OF DAYS CLOUDY 0
AVERAGE RH (PERCENT) 53
WEATHER CONDITIONS. NUMBER OF DAYS WITH
THUNDERSTORM 13 MIXED PRECIP 0
HEAVY RAIN 2 RAIN 8
LIGHT RAIN 11 FREEZING RAIN 0
LT FREEZING RAIN 0 HEAVY SNOW 0
SNOW 0 LIGHT SNOW 0
SLEET 0 FOG 8
FOG W/VIS <= 1/4 MILE 1 HAZE 1
- INDICATES NEGATIVE NUMBERS.
R INDICATES RECORD WAS SET OR TIED.
MM INDICATES DATA IS MISSING.
T INDICATES TRACE AMOUNT.
$$