000
CXUS55 KVEF 010910
CF6BIH
PRELIMINARY LOCAL CLIMATOLOGICAL DATA (WS FORM: F-6)
STATION: BISHOP CA
MONTH: JULY
YEAR: 2023
LATITUDE: 37 22 N
LONGITUDE: 118 22 W
TEMPERATURE IN F: :PCPN: SNOW: WIND :SUNSHINE: SKY :PK WND
================================================================================
1 2 3 4 5 6A 6B 7 8 9 10 11 12 13 14 15 16 17 18
12Z AVG MX 2MIN
DY MAX MIN AVG DEP HDD CDD WTR SNW DPTH SPD SPD DIR MIN PSBL S-S WX SPD DR
================================================================================
1 101 54 78 2 0 13 0.00 0.0 0 4.6 12 320 M M 0 14 280
2 104 59 82 5 0 17 0.00 0.0 0 6.9 15 150 M M 0 22 130
3 102 59 81 4 0 16 0.00 0.0 0 5.8 23 260 M M 0 28 260
4 100 58 79 2 0 14 0.00 0.0 0 6.3 13 200 M M 0 15 140
5 101 56 79 2 0 14 0.00 0.0 0 7.0 18 140 M M 0 25 130
6 98 56 77 -1 0 12 0.00 0.0 0 6.7 17 150 M M 0 22 160
7 98 57 78 0 0 13 0.00 0.0 0 7.0 17 140 M M 0 23 140
8 98 56 77 -1 0 12 0.00 0.0 0 8.7 22 150 M M 0 27 150
9 95 53 74 -4 0 9 0.00 0.0 0 10.4 22 150 M M 0 29 140
10 96 53 75 -3 0 10 0.00 0.0 0 10.5 22 140 M M 0 29 190
11 98 50 74 -4 0 9 0.00 0.0 0 5.8 17 160 M M 0 22 170
12 99 50 75 -3 0 10 0.00 0.0 0 5.0 12 350 M M 0 16 140
13 102 53 78 0 0 13 0.00 0.0 0 5.1 12 360 M M 0 18 80
14 104 54 79 1 0 14 0.00 0.0 0 4.7 9 310 M M 0 13 280
15 109 54 82 3 0 17 0.00 0.0 0 6.0 14 160 M M 0 19 160
16 109 58 84 5 0 19 0.00 0.0 0 5.8 14 310 M M 0 19 150
17 104 61 83 4 0 18 T 0.0 0 7.6 31 170 M M 0 42 150
18 105 64 85 6 0 20 0.13 0.0 0 8.0 38 250 M M 1 3 48 240
19 101 67 84 5 0 19 T 0.0 0 8.2 31 350 M M 2 3 42 360
20 103 65 84 5 0 19 0.00 0.0 0 5.2 13 180 M M 0 18 200
21 107 66 87 8 0 22 0.00 0.0 0 5.7 14 150 M M 0 17 170
22 108 62 85 6 0 20 0.00 0.0 0 6.8 22 150 M M 0 27 150
23 104 65 85 6 0 20 T 0.0 0 7.9 26 140 M M 2 35 140
24 98 67 83 4 0 18 T 0.0 0 6.4 16 170 M M 1 21 170
25 102 58 80 1 0 15 0.00 0.0 0 6.9 18 150 M M 0 23 150
26 103 57 80 1 0 15 0.00 0.0 0 9.2 22 250 M M 0 30 320
27 103 60 82 3 0 17 0.00 0.0 0 7.8 20 360 M M 0 25 10
28 104 55 80 1 0 15 0.00 0.0 0 5.9 14 350 M M 0 18 350
29 103 59 81 3 0 16 0.00 0.0 0 5.8 21 360 M M 0 26 360
30 102 58 80 2 0 15 0.00 0.0 0 5.7 14 350 M M 0 17 360
31 102 57 80 2 0 15 0.00 0.0 0 8.9 24 150 M M 0 31 140
================================================================================
SM 3163 1801 0 476 0.13 0.0 212.3 M 6
================================================================================
AV102.0 58.1 6.8 FASTST M M 0 MAX(MPH)
MISC ----> 38 250 48 240
================================================================================
NOTES:
# LAST OF SEVERAL OCCURRENCES
COLUMN 17 PEAK WIND IN M.P.H.
PRELIMINARY LOCAL CLIMATOLOGICAL DATA (WS FORM: F-6) , PAGE 2
STATION: BISHOP CA
MONTH: JULY
YEAR: 2023
LATITUDE: 37 22 N
LONGITUDE: 118 22 W
[TEMPERATURE DATA] [PRECIPITATION DATA] SYMBOLS USED IN COLUMN 16
AVERAGE MONTHLY: 80.1 TOTAL FOR MONTH: 0.13 1 = FOG OR MIST
DPTR FM NORMAL: 1.9 DPTR FM NORMAL: -0.05 2 = FOG REDUCING VISIBILITY
HIGHEST: 109 ON 16,15 GRTST 24HR 0.13 ON 18-18 TO 1/4 MILE OR LESS
LOWEST: 50 ON 12,11 3 = THUNDER
SNOW, ICE PELLETS, HAIL 4 = ICE PELLETS
TOTAL MONTH: 0.0 INCH 5 = HAIL
GRTST 24HR 0.0 6 = FREEZING RAIN OR DRIZZLE
GRTST DEPTH: 0 7 = DUSTSTORM OR SANDSTORM:
VSBY 1/2 MILE OR LESS
8 = SMOKE OR HAZE
[NO. OF DAYS WITH] [WEATHER - DAYS WITH] 9 = BLOWING SNOW
X = TORNADO
MAX 32 OR BELOW: 0 0.01 INCH OR MORE: 1
MAX 90 OR ABOVE: 31 0.10 INCH OR MORE: 1
MIN 32 OR BELOW: 0 0.50 INCH OR MORE: 0
MIN 0 OR BELOW: 0 1.00 INCH OR MORE: 0
[HDD (BASE 65) ]
TOTAL THIS MO. 0 CLEAR (SCALE 0-3) 31
DPTR FM NORMAL 0 PTCLDY (SCALE 4-7) 0
TOTAL FM JUL 1 0 CLOUDY (SCALE 8-10) 0
DPTR FM NORMAL 0
[CDD (BASE 65) ]
TOTAL THIS MO. 476
DPTR FM NORMAL 67 [PRESSURE DATA]
TOTAL FM JAN 1 645 HIGHEST SLP M ON M
DPTR FM NORMAL -74 LOWEST SLP 29.58 ON 7
[REMARKS]
#FINAL-07-23#