000
CXUS53 KGRR 010910
CF6BIV
PRELIMINARY LOCAL CLIMATOLOGICAL DATA (WS FORM: F-6)
STATION: HOLLAND
MONTH: MAY
YEAR: 2023
LATITUDE: 42 49 N
LONGITUDE: 86 10 W
TEMPERATURE IN F: :PCPN: SNOW: WIND :SUNSHINE: SKY :PK WND
================================================================================
1 2 3 4 5 6A 6B 7 8 9 10 11 12 13 14 15 16 17 18
12Z AVG MX 2MIN
DY MAX MIN AVG DEP HDD CDD WTR SNW DPTH SPD SPD DIR MIN PSBL S-S WX SPD DR
================================================================================
1 41 36 39 -14 26 0 0.54 M M 14.4 29 310 M M 10 1 45 300
2 44 37 41 -12 24 0 0.06 M M 16.0 24 340 M M 10 1 41 320
3 48 39 44 -10 21 0 T M M 10.6 18 310 M M 6 30 320
4 63 37 50 -4 15 0 0.00 M M 4.1 13 120 M M 4 20 220
5 75 50 63 9 2 0 0.00 M M 9.7 16 140 M M 3 26 130
6 68 54 61 6 4 0 0.02 M M 11.0 18 120 M M 5 3 24 150
7 71 53 62 7 3 0 0.13 M M 7.6 17 150 M M 5 13 22 320
8 61 51 56 1 9 0 0.23 M M 7.4 17 100 M M 7 1 26 90
9 72 44 58 2 7 0 0.00 M M 3.7 14 310 M M 1 12 18 310
10 73 45 59 3 6 0 0.00 M M 3.7 14 260 M M 0 19 270
11 79 48 64 8 1 0 0.00 M M 3.4 13 280 M M 0 17 270
12 77 54 66 9 0 1 T M M 3.9 8 90 M M 6 8 11 80
13 72 61 67 10 0 2 0.05 M M 5.3 14 90 M M 6 21 80
14 68 52 60 2 5 0 0.00 M M 11.0 20 90 M M 4 28 80
15 69 42 56 -2 9 0 0.00 M M 4.4 12 300 M M 0 17 320
16 70 41 56 -2 9 0 0.00 M M 7.1 15 320 M M 0 21 290
17 64 44 54 -5 11 0 0.00 M M 5.1 12 330 M M 0 19 70
18 70 42 56 -3 9 0 0.00 M M 6.4 14 150 M M 0 20 160
19 66 45 56 -3 9 0 T M M 8.8 21 220 M M 6 8 29 210
20 63 46 55 -5 10 0 0.00 M M 9.7 17 320 M M 4 25 310
21 70 47 59 -1 6 0 0.00 M M 4.7 12 260 M M 0 16 260
22 79 45 62 2 3 0 0.00 M M 3.0 13 320 M M 0 1 18 300
23 80 50 65 4 0 0 0.00 M M 3.9 10 300 M M 0 14 290
24 72 47 60 -1 5 0 0.00 M M 8.2 21 90 M M 1 29 90
25 70 45 58 -4 7 0 0.00 M M 9.6 17 100 M M 0 25 80
26 75 39 57 -5 8 0 0.00 M M 5.0 15 300 M M 0 8 21 310
27 79 42 61 -1 4 0 0.00 M M 4.2 15 90 M M 0 20 90
28 83 47 65 3 0 0 0.00 M M 3.7 13 350 M M 0 19 100
29 86 50 68 5 0 3 0.00 M M 3.6 16 290 M M 0 21 270
30 89 54 72 9 0 7 0.00 M M 4.2 13 310 M M 1 18 300
31 93 66 80 16 0 15 0.00 M M 5.8 15 140 M M 1 22 170
================================================================================
SM 2190 1453 213 28 1.03 M 209.2 M 80
================================================================================
AV 70.6 46.9 6.7 FASTST M M 3 MAX(MPH)
MISC ----> 29 310 45 300
================================================================================
NOTES:
# LAST OF SEVERAL OCCURRENCES
COLUMN 17 PEAK WIND IN M.P.H.
PRELIMINARY LOCAL CLIMATOLOGICAL DATA (WS FORM: F-6) , PAGE 2
STATION: HOLLAND
MONTH: MAY
YEAR: 2023
LATITUDE: 42 49 N
LONGITUDE: 86 10 W
[TEMPERATURE DATA] [PRECIPITATION DATA] SYMBOLS USED IN COLUMN 16
AVERAGE MONTHLY: 58.8 TOTAL FOR MONTH: 1.03 1 = FOG OR MIST
DPTR FM NORMAL: 0.5 DPTR FM NORMAL: -2.73 2 = FOG REDUCING VISIBILITY
HIGHEST: 93 ON 31 GRTST 24HR 0.56 ON 1- 2 TO 1/4 MILE OR LESS
LOWEST: 36 ON 1 3 = THUNDER
SNOW, ICE PELLETS, HAIL 4 = ICE PELLETS
TOTAL MONTH: M 5 = HAIL
GRTST 24HR M ON M 6 = FREEZING RAIN OR DRIZZLE
GRTST DEPTH: M ON M 7 = DUSTSTORM OR SANDSTORM:
VSBY 1/2 MILE OR LESS
8 = SMOKE OR HAZE
[NO. OF DAYS WITH] [WEATHER - DAYS WITH] 9 = BLOWING SNOW
X = TORNADO
MAX 32 OR BELOW: 0 0.01 INCH OR MORE: 6
MAX 90 OR ABOVE: 1 0.10 INCH OR MORE: 3
MIN 32 OR BELOW: 0 0.50 INCH OR MORE: 1
MIN 0 OR BELOW: 0 1.00 INCH OR MORE: 0
[HDD (BASE 65) ]
TOTAL THIS MO. 213 CLEAR (SCALE 0-3) 19
DPTR FM NORMAL -33 PTCLDY (SCALE 4-7) 10
TOTAL FM JUL 1 5335 CLOUDY (SCALE 8-10) 2
DPTR FM NORMAL -950
[CDD (BASE 65) ]
TOTAL THIS MO. 28
DPTR FM NORMAL -9 [PRESSURE DATA]
TOTAL FM JAN 1 38 HIGHEST SLP 30.42 ON 15
DPTR FM NORMAL -3 LOWEST SLP 29.28 ON 1
[REMARKS]
#FINAL-05-23#