000
CXUS53 KGRR 020104
CLABIV
CLIMATE REPORT
NATIONAL WEATHER SERVICE GRAND RAPIDS, MICHIGAN
749 PM EST SUN JAN 01 2023
...................................
...THE HOLLAND CLIMATE SUMMARY FOR THE YEAR OF 2022...
CLIMATE NORMAL PERIOD: 1991 TO 2020
CLIMATE RECORD PERIOD: 1905 TO 2022
WEATHER OBSERVED NORMAL DEPART LAST YEAR`S
VALUE DATE(S) VALUE FROM VALUE DATE(S)
NORMAL
................................................................
TEMPERATURE (F)
RECORD
HIGH 102 07/06/2012
LOW -24 02/01/1918
HIGHEST 94 06/21 MM MM 92 08/24
08/28
LOWEST 0 02/13 MM MM -10 02/17
AVG. MAXIMUM 57.6 57.9 -0.3 60.0
AVG. MINIMUM 41.0 40.6 0.4 42.6
MEAN 49.3 49.3 0.0 51.3
DAYS MAX >= 90 6 8.4 -2.4 4
DAYS MAX <= 32 50 43.3 6.7 30
DAYS MIN <= 32 127 122.7 4.3 123
DAYS MIN <= 0 1 2.8 -1.8 2
PRECIPITATION (INCHES)
RECORD
MAXIMUM 49.27 1967
MINIMUM 19.36 1930
TOTALS 35.86 34.76 1.10 27.57
DAILY AVG. 0.10 0.10 0.00 0.08
DAYS >= .01 143 146.3 -3.3 133
DAYS >= .10 80 73.9 6.1 63
DAYS >= .50 22 21.4 0.6 17
DAYS >= 1.00 9 6.5 2.5 4
GREATEST
24 HR. TOTAL 2.02 07/04 TO 07/05
DEGREE DAYS
HEATING TOTAL 6253 6333 -80 5705
SINCE 7/1 2142 2336 -194 MM
COOLING TOTAL 740 631 109 875
SINCE 1/1 740 631 109 MM
FREEZE DATES
EARLIEST 10/29
LATEST 04/27
................................................................
WIND (MPH)
AVERAGE WIND SPEED 8.7
RESULTANT WIND SPEED/DIRECTION 3/230
HIGHEST WIND SPEED/DIRECTION 45/250 DATE 03/06
HIGHEST GUST SPEED/DIRECTION 66/270 DATE 08/29
SKY COVER
POSSIBLE SUNSHINE (PERCENT) MM
AVERAGE SKY COVER 0.50
NUMBER OF DAYS FAIR 140
NUMBER OF DAYS PC 108
NUMBER OF DAYS CLOUDY 115
AVERAGE RH (PERCENT) 72
WEATHER CONDITIONS. NUMBER OF DAYS WITH
THUNDERSTORM 27 MIXED PRECIP 0
HEAVY RAIN 38 RAIN 54
LIGHT RAIN 106 FREEZING RAIN 0
LT FREEZING RAIN 3 HAIL 0
HEAVY SNOW 11 SNOW 25
LIGHT SNOW 75 SLEET 0
FOG 184 FOG W/VIS <= 1/4 MILE 24
HAZE 37
- INDICATES NEGATIVE NUMBERS.
R INDICATES RECORD WAS SET OR TIED.
MM INDICATES DATA IS MISSING.
T INDICATES TRACE AMOUNT.
$$