000
CXUS53 KGRR 011622
CLMBIV
CLIMATE REPORT
NATIONAL WEATHER SERVICE GRAND RAPIDS, MICHIGAN
1122 AM EST FRI DEC 01 2023
...................................
...THE HOLLAND CLIMATE SUMMARY FOR THE MONTH OF NOVEMBER 2023...
CLIMATE NORMAL PERIOD: 1991 TO 2020
CLIMATE RECORD PERIOD: 1905 TO 2023
WEATHER OBSERVED NORMAL DEPART LAST YEAR`S
VALUE DATE(S) VALUE FROM VALUE DATE(S)
NORMAL
................................................................
TEMPERATURE (F)
RECORD
HIGH 78 11/07/1945
11/01/1944
LOW -13 11/25/1950
HIGHEST 65 11/16 MM MM 75 11/10
LOWEST 20 11/29 MM MM 21 11/19
AVG. MAXIMUM 49.5 47.6 1.9 50.0
AVG. MINIMUM 31.7 33.8 -2.1 34.7
MEAN 40.6 40.7 -0.1 42.4
DAYS MAX >= 90 0 0.0 0.0 0
DAYS MAX <= 32 1 1.7 -0.7 3
DAYS MIN <= 32 15 13.1 1.9 14
DAYS MIN <= 0 0 0.0 0.0 0
PRECIPITATION (INCHES)
RECORD
MAXIMUM 9.19 2003
MINIMUM 0.60 1936
TOTALS 1.52 3.20 -1.68 1.87
DAILY AVG. 0.05 0.11 -0.06 0.06
DAYS >= .01 9 12.6 -3.6 13
DAYS >= .10 4 6.5 -2.5 9
DAYS >= .50 1 1.8 -0.8 0
DAYS >= 1.00 0 0.5 -0.5 0
GREATEST
24 HR. TOTAL 0.73 11/20 TO 11/21
DEGREE DAYS
HEATING TOTAL 726 729 -3 670
SINCE 7/1 1204 1296 -92 MM
COOLING TOTAL 0 0 0 1
SINCE 1/1 641 631 10 MM
................................................................
WIND (MPH)
AVERAGE WIND SPEED 8.6
RESULTANT WIND SPEED/DIRECTION 4/230
HIGHEST WIND SPEED/DIRECTION 32/220 DATE 11/06
HIGHEST GUST SPEED/DIRECTION 49/200 DATE 11/16
SKY COVER
POSSIBLE SUNSHINE (PERCENT) MM
AVERAGE SKY COVER 0.47
NUMBER OF DAYS FAIR 11
NUMBER OF DAYS PC 12
NUMBER OF DAYS CLOUDY 7
AVERAGE RH (PERCENT) 70
WEATHER CONDITIONS. NUMBER OF DAYS WITH
THUNDERSTORM 2 MIXED PRECIP 0
HEAVY RAIN 0 RAIN 2
LIGHT RAIN 8 FREEZING RAIN 0
LT FREEZING RAIN 0 HAIL 0
HEAVY SNOW 1 SNOW 1
LIGHT SNOW 4 SLEET 0
FOG 13 FOG W/VIS <= 1/4 MILE 1
HAZE 0
- INDICATES NEGATIVE NUMBERS.
R INDICATES RECORD WAS SET OR TIED.
MM INDICATES DATA IS MISSING.
T INDICATES TRACE AMOUNT.
$$