000
CXUS53 KGRR 021318
CLSBIV
CLIMATE REPORT
NATIONAL WEATHER SERVICE GRAND RAPIDS, MICHIGAN
303 PM EST FRI DEC 01 2023
...................................
...THE HOLLAND CLIMATE SUMMARY FOR THE SEASON, FROM
9/1/2023 TO 11/30/2023...
CLIMATE NORMAL PERIOD: 1991 TO 2020
CLIMATE RECORD PERIOD: 1905 TO 2023
WEATHER OBSERVED NORMAL DEPART LAST YEAR`S
VALUE DATE(S) VALUE FROM VALUE DATE(S)
NORMAL
................................................................
TEMPERATURE (F)
RECORD
HIGH 99 09/06/1954
LOW -13 11/25/1950
HIGHEST 93 09/05 MM MM 85 09/01
LOWEST 20 11/29 MM MM 21 11/19
AVG. MAXIMUM 61.7 60.6 1.1 61.6
AVG. MINIMUM 44.0 42.9 1.1 43.8
MEAN 52.9 51.8 1.1 52.7
DAYS MAX >= 90 1 0.8 0.2 0
DAYS MAX <= 32 1 1.7 -0.7 3
DAYS MIN <= 32 17 16.0 1.0 15
DAYS MIN <= 0 0 0.0 0.0 0
PRECIPITATION (INCHES)
RECORD
MAXIMUM 17.02 2019
MINIMUM 2.80 1956
TOTALS 9.55 10.37 -0.82 8.73
DAILY AVG. 0.10 0.11 -0.01 0.10
DAYS >= .01 36 37.8 -1.8 32
DAYS >= .10 20 20.7 -0.7 22
DAYS >= .50 7 6.4 0.6 5
DAYS >= 1.00 2 2.2 -0.2 2
GREATEST
24 HR. TOTAL 2.20
DEGREE DAYS
HEATING TOTAL 1194 1272 -78 1174
SINCE 7/1 1204 1296 -92 MM
COOLING TOTAL 112 70 42 78
SINCE 1/1 641 631 10 MM
FREEZE DATES
EARLIEST 10/23
LATEST 04/27
................................................................
WIND (MPH)
AVERAGE WIND SPEED 7.1
RESULTANT WIND SPEED/DIRECTION 2/210
HIGHEST WIND SPEED/DIRECTION 32/220 DATE 11/06
HIGHEST GUST SPEED/DIRECTION 49/200 DATE 11/16
SKY COVER
POSSIBLE SUNSHINE (PERCENT) MM
AVERAGE SKY COVER 0.51
NUMBER OF DAYS FAIR 32
NUMBER OF DAYS PC 30
NUMBER OF DAYS CLOUDY 29
AVERAGE RH (PERCENT) 74
WEATHER CONDITIONS. NUMBER OF DAYS WITH
THUNDERSTORM 5 MIXED PRECIP 0
HEAVY RAIN 8 RAIN 15
LIGHT RAIN 40 FREEZING RAIN 0
LT FREEZING RAIN 0 HAIL 0
HEAVY SNOW 2 SNOW 2
LIGHT SNOW 5 SLEET 0
FOG 53 FOG W/VIS <= 1/4 MILE 10
HAZE 2
- INDICATES NEGATIVE NUMBERS.
R INDICATES RECORD WAS SET OR TIED.
MM INDICATES DATA IS MISSING.
T INDICATES TRACE AMOUNT.
$$