000
CXUS51 KRLX 030200
CF6BKW
PRELIMINARY LOCAL CLIMATOLOGICAL DATA (WS FORM: F-6)
STATION: BECKLEY WV
MONTH: JULY
YEAR: 2022
LATITUDE: 37 46 N
LONGITUDE: 81 7 W
TEMPERATURE IN F: :PCPN: SNOW: WIND :SUNSHINE: SKY :PK WND
================================================================================
1 2 3 4 5 6A 6B 7 8 9 10 11 12 13 14 15 16 17 18
12Z AVG MX 2MIN
DY MAX MIN AVG DEP HDD CDD WTR SNW DPTH SPD SPD DIR MIN PSBL S-S WX SPD DR
================================================================================
1 86 69 78 7 0 13 0.00 0.0 0 6.1 17 120 M M 4 3 23 140
2 83 65 74 3 0 9 0.64 0.0 0 4.6 17 360 M M 3 13 22 360
3 78 62 70 -1 0 5 0.03 0.0 0 3.1 10 360 M M 5 1 13 350
4 82 59 71 0 0 6 0.00 0.0 0 6.4 16 170 M M 3 22 150
5 84 64 74 2 0 9 0.58 0.0 0 6.8 21 360 M M 3 13 28 320
6 85 65 75 3 0 10 0.09 0.0 0 5.8 21 360 M M 4 13 26 10
7 84 66 75 3 0 10 0.00 0.0 0 5.4 13 350 M M 5 1 17 280
8 85 66 76 4 0 11 0.20 0.0 0 3.2 23 330 M M 6 1238 35 330
9 73 64 69 -3 0 4 1.33 0.0 0 5.3 12 90 M M 10 1 18 130
10 70 59 65 -7 0 0 0.52 0.0 0 6.7 17 120 M M 7 1 24 100
11 82 55 69 -3 0 4 0.00 0.0 0 3.6 10 290 M M 1 15 320
12 84 63 74 2 0 9 1.38 0.0 0 7.4 26 360 M M 3 13 37 350
13 81 62 72 0 0 7 0.00 0.0 0 4.2 13 350 M M 5 12 17 270
14 80 60 70 -2 0 5 0.20 0.0 0 4.0 22 300 M M 2 13 27 320
15 81 59 70 -2 0 5 0.00 0.0 0 2.5 12 20 M M 3 1 13 10
16 82 62 72 0 0 7 0.01 0.0 0 2.7 9 260 M M 4 13 280
17 83 64 74 2 0 9 0.31 0.0 0 5.7 20 250 M M 4 138 29 270
18 79 67 73 1 0 8 0.17 0.0 0 7.7 28 270 M M 6 13 34 260
19 80 65 73 1 0 8 0.06 0.0 0 4.7 13 360 M M 7 1 14 260
20 85 63 74 2 0 9 0.00 0.0 0 6.7 15 240 M M 2 18 19 220
21 81 66 74 2 0 9 0.58 0.0 0 7.8 20 270 M M 5 13 25 270
22 85 64 75 3 0 10 0.00 0.0 0 5.1 14 270 M M 1 1 19 270
23 87 64 76 4 0 11 T 0.0 0 4.7 23 360 M M 1 38 32 20
24 85 61 73 1 0 8 0.00 0.0 0 4.6 13 210 M M 0 17 260
25 82 70 76 4 0 11 0.33 0.0 0 6.6 21 220 M M 5 18 28 230
26 73 68 71 -1 0 6 1.19 0.0 0 6.2 13 230 M M 9 13 19 210
27 77 70 74 3 0 9 0.64 0.0 0 6.9 14 240 M M 7 13 20 230
28 78 67 73 2 0 8 0.35 0.0 0 7.6 16 230 M M 6 1 23 230
29 78 65 72 1 0 7 0.03 0.0 0 5.8 15 260 M M 7 1 18 260
30 77 60 69 -2 0 4 0.00 0.0 0 3.2 10 340 M M 4 12 16 320
31 76 63 70 -1 0 5 0.50 0.0 0 5.9 15 200 M M 7 1 21 130
================================================================================
SM 2506 1977 0 236 9.14 0.0 167.0 M 139
================================================================================
AV 80.8 63.8 5.4 FASTST M M 4 MAX(MPH)
MISC ----> 28 270 37 350
================================================================================
NOTES:
# LAST OF SEVERAL OCCURRENCES
COLUMN 17 PEAK WIND IN M.P.H.
PRELIMINARY LOCAL CLIMATOLOGICAL DATA (WS FORM: F-6) , PAGE 2
STATION: BECKLEY WV
MONTH: JULY
YEAR: 2022
LATITUDE: 37 46 N
LONGITUDE: 81 7 W
[TEMPERATURE DATA] [PRECIPITATION DATA] SYMBOLS USED IN COLUMN 16
AVERAGE MONTHLY: 72.3 TOTAL FOR MONTH: 9.14 1 = FOG OR MIST
DPTR FM NORMAL: 0.7 DPTR FM NORMAL: 4.14 2 = FOG REDUCING VISIBILITY
HIGHEST: 87 ON 23 GRTST 24HR 1.85 ON 9-10 TO 1/4 MILE OR LESS
LOWEST: 55 ON 11 3 = THUNDER
SNOW, ICE PELLETS, HAIL 4 = ICE PELLETS
TOTAL MONTH: 0.0 INCH 5 = HAIL
GRTST 24HR 0.0 6 = FREEZING RAIN OR DRIZZLE
GRTST DEPTH: 0 7 = DUSTSTORM OR SANDSTORM:
VSBY 1/2 MILE OR LESS
8 = SMOKE OR HAZE
[NO. OF DAYS WITH] [WEATHER - DAYS WITH] 9 = BLOWING SNOW
X = TORNADO
MAX 32 OR BELOW: 0 0.01 INCH OR MORE: 20
MAX 90 OR ABOVE: 0 0.10 INCH OR MORE: 15
MIN 32 OR BELOW: 0 0.50 INCH OR MORE: 9
MIN 0 OR BELOW: 0 1.00 INCH OR MORE: 3
[HDD (BASE 65) ]
TOTAL THIS MO. 0 CLEAR (SCALE 0-3) 10
DPTR FM NORMAL -6 PTCLDY (SCALE 4-7) 19
TOTAL FM JUL 1 0 CLOUDY (SCALE 8-10) 2
DPTR FM NORMAL 0
[CDD (BASE 65) ]
TOTAL THIS MO. 236
DPTR FM NORMAL 27 [PRESSURE DATA]
TOTAL FM JAN 1 453 HIGHEST SLP 30.22 ON 30
DPTR FM NORMAL 54 LOWEST SLP 29.71 ON 21
[REMARKS]
#FINAL-07-22#