000
CXUS55 KPSR 011005
CF6BLH
PRELIMINARY LOCAL CLIMATOLOGICAL DATA (WS FORM: F-6)
STATION: BLYTHE CA
MONTH: JANUARY
YEAR: 2022
LATITUDE: 33 37 N
LONGITUDE: 114 43 W
TEMPERATURE IN F: :PCPN: SNOW: WIND :SUNSHINE: SKY :PK WND
================================================================================
1 2 3 4 5 6A 6B 7 8 9 10 11 12 13 14 15 16 17 18
12Z AVG MX 2MIN
DY MAX MIN AVG DEP HDD CDD WTR SNW DPTH SPD SPD DIR MIN PSBL S-S WX SPD DR
================================================================================
1 58 41 50 -4 15 0 0.00 M M 15.3 26 350 M M M 35 30
2 58 33 46 -8 19 0 0.00 M M 5.4 13 340 M M M 16 340
3 62 30 46 -8 19 0 0.00 M M 3.2 10 260 M M M 12 260
4 64 30 47 -7 18 0 0.00 M M 4.4 14 240 M M M 16 240
5 66 37 52 -2 13 0 0.00 M M 4.2 12 250 M M M 13 250
6 69 38 54 0 11 0 0.00 M M 4.6 9 340 M M M 10 50
7 72 39 56 1 9 0 0.00 M M 5.1 15 180 M M M 19 190
8 73 45 59 4 6 0 0.00 M M 4.7 16 350 M M M 20 350
9 74 45 60 5 5 0 0.00 M M 5.7 15 350 M M M 19 350
10 71 43 57 2 8 0 0.00 M M 7.9 18 350 M M 0 23 350
11 73 46 60 5 5 0 0.00 M M 9.0 21 360 M M 0 26 360
12 69 38 54 -1 11 0 0.00 M M 3.5 9 250 M M 0 11 250
13 71 39 55 0 10 0 0.00 M M 3.5 13 240 M M 0 15 240
14 80 52 66 10 0 1 0.00 M M 12.5 24 360 M M 1 32 360
15 70 54 62 6 3 0 0.00 M M 9.5 21 340 M M 0 27 340
16 70 41 56 0 9 0 0.00 M M 3.1 8 330 M M 0 9 330
17 72 47 60 4 5 0 0.00 M M 3.5 8 250 M M 1 9 250
18 73 51 62 6 3 0 T M M 2.7 9 360 M M 3 8 9 220
19 74 46 60 4 5 0 0.00 M M 5.4 15 350 M M 0 22 330
20 73 49 61 5 4 0 0.00 M M 11.5 29 360 M M 0 39 360
21 72 36 54 -2 11 0 0.00 M M 8.7 28 350 M M 0 35 350
22 68 52 60 4 5 0 T M M 15.6 31 350 M M 5 39 340
23 75 49 62 6 3 0 0.00 M M 10.4 22 350 M M 1 27 360
24 72 43 58 1 7 0 0.00 M M 5.1 13 310 M M 0 15 170
25 74 38 56 -1 9 0 0.00 M M 9.3 24 350 M M 0 34 310
26 68 45 57 0 8 0 0.00 M M 11.6 21 350 M M 0 28 350
27 71 37 54 -3 11 0 0.00 M M 9.7 23 340 M M 0 30 350
28 70 46 58 1 7 0 0.00 M M 11.8 23 350 M M 0 29 350
29 70 39 55 -2 10 0 0.00 M M 6.8 14 350 M M 0 18 350
30 76 44 60 3 5 0 0.00 M M 6.3 13 10 M M 0 20 340
31 67 36 52 -5 13 0 0.00 M M 3.3 9 330 M M 0 8 10 340
================================================================================
SM 2175 1309 267 1 T M 223.3 M 11
================================================================================
AV 70.2 42.2 7.2 FASTST M M 1 MAX(MPH)
MISC ----> 31 350 # 39 360
================================================================================
NOTES:
# LAST OF SEVERAL OCCURRENCES
COLUMN 17 PEAK WIND IN M.P.H.
PRELIMINARY LOCAL CLIMATOLOGICAL DATA (WS FORM: F-6) , PAGE 2
STATION: BLYTHE CA
MONTH: JANUARY
YEAR: 2022
LATITUDE: 33 37 N
LONGITUDE: 114 43 W
[TEMPERATURE DATA] [PRECIPITATION DATA] SYMBOLS USED IN COLUMN 16
AVERAGE MONTHLY: 56.2 TOTAL FOR MONTH: T 1 = FOG OR MIST
DPTR FM NORMAL: 0.5 DPTR FM NORMAL: -0.53 2 = FOG REDUCING VISIBILITY
HIGHEST: 80 ON 14 GRTST 24HR 0.26 ON 1- 2 TO 1/4 MILE OR LESS
LOWEST: 30 ON 4, 3 3 = THUNDER
SNOW, ICE PELLETS, HAIL 4 = ICE PELLETS
TOTAL MONTH: M 5 = HAIL
GRTST 24HR M ON M 6 = FREEZING RAIN OR DRIZZLE
GRTST DEPTH: M ON M 7 = DUSTSTORM OR SANDSTORM:
VSBY 1/2 MILE OR LESS
8 = SMOKE OR HAZE
[NO. OF DAYS WITH] [WEATHER - DAYS WITH] 9 = BLOWING SNOW
X = TORNADO
MAX 32 OR BELOW: 0 0.01 INCH OR MORE: 0
MAX 90 OR ABOVE: 0 0.10 INCH OR MORE: 0
MIN 32 OR BELOW: 2 0.50 INCH OR MORE: 0
MIN 0 OR BELOW: 0 1.00 INCH OR MORE: 0
[HDD (BASE 65) ]
TOTAL THIS MO. 267 CLEAR (SCALE 0-3) 20
DPTR FM NORMAL -23 PTCLDY (SCALE 4-7) 2
TOTAL FM JUL 1 558 CLOUDY (SCALE 8-10) 9
DPTR FM NORMAL -194
[CDD (BASE 65) ]
TOTAL THIS MO. 1
DPTR FM NORMAL 0 [PRESSURE DATA]
TOTAL FM JAN 1 1 HIGHEST SLP M ON M
DPTR FM NORMAL 0 LOWEST SLP 29.88 ON 31
[REMARKS]
#FINAL-01-22#