000
CXUS53 KIND 010600
CF6BMG
PRELIMINARY LOCAL CLIMATOLOGICAL DATA (WS FORM: F-6)
STATION: BLOOMINGTON IN
MONTH: AUGUST
YEAR: 2023
LATITUDE: 39 7 N
LONGITUDE: 86 37 W
TEMPERATURE IN F: :PCPN: SNOW: WIND :SUNSHINE: SKY :PK WND
================================================================================
1 2 3 4 5 6A 6B 7 8 9 10 11 12 13 14 15 16 17 18
12Z AVG MX 2MIN
DY MAX MIN AVG DEP HDD CDD WTR SNW DPTH SPD SPD DIR MIN PSBL S-S WX SPD DR
================================================================================
1 83 55 69 -5 0 4 0.00 M M 2.6 12 150 M M 0 1 16 100
2 79 59 69 -5 0 4 T M M 2.8 12 210 M M 4 1 15 200
3 87 65 76 2 0 11 0.00 M M 1.6 8 360 M M 5 12 360
4 90 61 76 2 0 11 0.00 M M 1.7 9 140 M M 2 12 13 240
5 86 67 77 3 0 12 1.18 M M 7.4 18 180 M M 4 13 29 170
6 81 67 74 0 0 9 0.27 M M 7.2 18 190 M M 7 13 29 210
7 77 66 72 -2 0 7 0.61 M M 7.1 15 220 M M 8 138 22 340
8 81 60 71 -3 0 6 0.01 M M 4.6 18 240 M M 4 123 26 230
9 80 65 73 -1 0 8 0.03 M M 4.9 13 240 M M 5 13 20 250
10 81 66 74 0 0 9 0.00 M M 4.6 12 280 M M 7 18 260
11 85 64 75 1 0 10 0.00 M M 5.2 17 200 M M 0 1 23 200
12 87 68 78 4 0 13 T M M 6.1 17 220 M M 2 13 24 220
13 88 61 75 1 0 10 T M M 2.6 9 90 M M 1 1 13 100
14 82 66 74 0 0 9 0.85 M M 5.7 16 240 M M 8 13 23 270
15 72 63 68 -6 0 3 0.00 M M 5.7 14 280 M M 8 1 23 280
16 81 58 70 -4 0 5 0.00 M M 1.8 10 10 M M 1 1 15 40
17 79 58 69 -5 0 4 T M M 7.4 23 220 M M 1 1 33 220
18 78 53 66 -7 0 1 0.00 M M 1.7 10 30 M M 0 1 13 40
19 82 54 68 -5 0 3 0.00 M M 4.3 12 190 M M 0 1 17 190
20 90 62 76 3 0 11 0.00 M M 4.4 13 180 M M 0 1 17 170
21 93 72 83 10 0 18 0.00 M M 1.5 8 90 M M 6 1 12 140
22 92 72 82 9 0 17 0.00 M M 3.1 9 110 M M 4 128 16 70
23 90 69 80 7 0 15 0.00 M M 4.6 10 230 M M 2 18 15 230
24 92 76 84 11 0 19 0.00 M M 7.6 16 230 M M 2 18 23 230
25 95 71 83 11 0 18 0.43 M M 5.7 25 300 M M 1 138 46 310
26 85 71 78 6 0 13 0.46 M M 7.0 16 280 M M 4 13 30 300
27 82 63 73 1 0 8 0.00 M M 7.4 15 60 M M 3 20 60
28 80 58 69 -3 0 4 0.00 M M 5.6 14 30 M M 1 19 20
29 82 53 68 -4 0 3 T M M 1.4 9 270 M M 1 18 14 320
30 76 56 66 -5 0 1 0.00 M M 7.4 16 10 M M 1 24 330
31 77 55 66 -5 0 1 0.00 M M 6.9 14 70 M M 0 20 20
================================================================================
SM 2593 1954 0 267 3.84 M 147.6 M 92
================================================================================
AV 83.6 63.0 4.8 FASTST M M 3 MAX(MPH)
MISC ----> 25 300 46 310
================================================================================
NOTES:
# LAST OF SEVERAL OCCURRENCES
COLUMN 17 PEAK WIND IN M.P.H.
PRELIMINARY LOCAL CLIMATOLOGICAL DATA (WS FORM: F-6) , PAGE 2
STATION: BLOOMINGTON IN
MONTH: AUGUST
YEAR: 2023
LATITUDE: 39 7 N
LONGITUDE: 86 37 W
[TEMPERATURE DATA] [PRECIPITATION DATA] SYMBOLS USED IN COLUMN 16
AVERAGE MONTHLY: 73.3 TOTAL FOR MONTH: 3.84 1 = FOG OR MIST
DPTR FM NORMAL: 0.0 DPTR FM NORMAL: 0.50 2 = FOG REDUCING VISIBILITY
HIGHEST: 95 ON 25 GRTST 24HR 1.18 ON 5- 5 TO 1/4 MILE OR LESS
LOWEST: 53 ON 29,18 3 = THUNDER
SNOW, ICE PELLETS, HAIL 4 = ICE PELLETS
TOTAL MONTH: M 5 = HAIL
GRTST 24HR M ON M 6 = FREEZING RAIN OR DRIZZLE
GRTST DEPTH: M ON M 7 = DUSTSTORM OR SANDSTORM:
VSBY 1/2 MILE OR LESS
8 = SMOKE OR HAZE
[NO. OF DAYS WITH] [WEATHER - DAYS WITH] 9 = BLOWING SNOW
X = TORNADO
MAX 32 OR BELOW: 0 0.01 INCH OR MORE: 8
MAX 90 OR ABOVE: 7 0.10 INCH OR MORE: 6
MIN 32 OR BELOW: 0 0.50 INCH OR MORE: 3
MIN 0 OR BELOW: 0 1.00 INCH OR MORE: 1
[HDD (BASE 65) ]
TOTAL THIS MO. 0 CLEAR (SCALE 0-3) 18
DPTR FM NORMAL -4 PTCLDY (SCALE 4-7) 13
TOTAL FM JUL 1 0 CLOUDY (SCALE 8-10) 0
DPTR FM NORMAL -2
[CDD (BASE 65) ]
TOTAL THIS MO. 267
DPTR FM NORMAL 5 [PRESSURE DATA]
TOTAL FM JAN 1 889 HIGHEST SLP M ON M
DPTR FM NORMAL -3 LOWEST SLP 29.71 ON 10
[REMARKS]
#FINAL-08-23#