000
CXUS56 KBOI 281002
CF6BNO
PRELIMINARY LOCAL CLIMATOLOGICAL DATA (WS FORM: F-6)
STATION: BURNS OR
MONTH: FEBRUARY
YEAR: 2023
LATITUDE: 43 34 N
LONGITUDE: 118 57 W
TEMPERATURE IN F: :PCPN: SNOW: WIND :SUNSHINE: SKY :PK WND
================================================================================
1 2 3 4 5 6A 6B 7 8 9 10 11 12 13 14 15 16 17 18
12Z AVG MX 2MIN
DY MAX MIN AVG DEP HDD CDD WTR SNW DPTH SPD SPD DIR MIN PSBL S-S WX SPD DR
================================================================================
1 26 6 16 -12 49 0 0.00 M M 2.3 8 300 M M 1 18 8 310
2 31 2 17 -11 48 0 0.00 M M 4.4 8 270 M M 0 9 280
3 43 16 30 2 35 0 0.00 M M 5.2 15 190 M M 7 8 18 210
4 40 17 29 0 36 0 T M M 6.2 20 70 M M 5 18 24 70
5 41 34 38 9 27 0 0.04 M M 12.1 25 300 M M 6 1 36 290
6 37 18 28 -1 37 0 0.00 M M 8.7 24 310 M M 1 32 290
7 35 12 24 -5 41 0 0.00 M M 3.4 14 240 M M 4 18 17 240
8 35 15 25 -4 40 0 0.00 M M 5.9 12 210 M M 1 14 290
9 36 10 23 -7 42 0 0.00 M M 6.8 16 70 M M 0 23 60
10 37 10 24 -6 41 0 0.00 M M 5.2 13 80 M M 0 16 70
11 41 16 29 -1 36 0 0.00 M M 3.9 12 320 M M 1 13 280
12 38 8 23 -7 42 0 0.00 M M 1.4 7 320 M M 0 8 7 320
13 39 10 25 -5 40 0 0.01 M M 9.6 33 300 M M 2 18 44 300
14 33 14 24 -6 41 0 0.01 M M 10.5 26 340 M M 3 1 35 310
15 32 5 19 -12 46 0 0.00 M M 4.7 15 310 M M 0 17 310
16 37 2 20 -11 45 0 0.00 M M 5.0 13 60 M M 0 15 60
17 35 5 20 -11 45 0 0.00 M M 2.5 8 300 M M 0 8 10 310
18 35 7 21 -11 44 0 0.00 M M 2.8 10 320 M M 4 13 300
19 41 9 25 -7 40 0 0.00 M M 5.8 15 220 M M 3 19 220
20 44 22 33 1 32 0 0.00 M M 7.5 18 260 M M 3 25 250
21 41 16 29 -3 36 0 T M M 15.7 30 290 M M 3 8 41 330
22 34 11 23 -10 42 0 T M M 5.8 16 270 M M 4 24 280
23 28 11 20 -13 45 0 0.03 M M 4.1 14 200 M M 7 1 20 200
24 32 12 22 -11 43 0 T M M 12.4 21 80 M M 4 8 28 60
25 39 8 24 -10 41 0 0.00 M M 6.1 14 90 M M 0 16 80
26 36 8 22 -12 43 0 0.22 M M 6.1 18 280 M M 5 128 25 280
27 33 7 20 -14 45 0 0.34 M M 8.1 28 190 M M 6 8 36 180
================================================================================
SM 979 311 1102 0 0.65 M 172.2 M 70
================================================================================
AV 36.3 11.5 6.4 FASTST M M 3 MAX(MPH)
MISC ----> 33 300 44 300
================================================================================
NOTES:
# LAST OF SEVERAL OCCURRENCES
COLUMN 17 PEAK WIND IN M.P.H.
PRELIMINARY LOCAL CLIMATOLOGICAL DATA (WS FORM: F-6) , PAGE 2
STATION: BURNS OR
MONTH: FEBRUARY
YEAR: 2023
LATITUDE: 43 34 N
LONGITUDE: 118 57 W
[TEMPERATURE DATA] [PRECIPITATION DATA] SYMBOLS USED IN COLUMN 16
AVERAGE MONTHLY: 23.9 TOTAL FOR MONTH: 0.65 1 = FOG OR MIST
DPTR FM NORMAL: -6.9 DPTR FM NORMAL: -0.27 2 = FOG REDUCING VISIBILITY
HIGHEST: 44 ON 20 GRTST 24HR 0.44 ON 26-27 TO 1/4 MILE OR LESS
LOWEST: 2 ON 16, 2 3 = THUNDER
SNOW, ICE PELLETS, HAIL 4 = ICE PELLETS
TOTAL MONTH: M 5 = HAIL
GRTST 24HR M ON M 6 = FREEZING RAIN OR DRIZZLE
GRTST DEPTH: M ON M 7 = DUSTSTORM OR SANDSTORM:
VSBY 1/2 MILE OR LESS
8 = SMOKE OR HAZE
[NO. OF DAYS WITH] [WEATHER - DAYS WITH] 9 = BLOWING SNOW
X = TORNADO
MAX 32 OR BELOW: 5 0.01 INCH OR MORE: 6
MAX 90 OR ABOVE: 0 0.10 INCH OR MORE: 2
MIN 32 OR BELOW: 26 0.50 INCH OR MORE: 0
MIN 0 OR BELOW: 0 1.00 INCH OR MORE: 0
[HDD (BASE 65) ]
TOTAL THIS MO. 1102 CLEAR (SCALE 0-3) 17
DPTR FM NORMAL 179 PTCLDY (SCALE 4-7) 10
TOTAL FM JUL 1 5709 CLOUDY (SCALE 8-10) 0
DPTR FM NORMAL 546
[CDD (BASE 65) ]
TOTAL THIS MO. 0
DPTR FM NORMAL 0 [PRESSURE DATA]
TOTAL FM JAN 1 0 HIGHEST SLP M ON M
DPTR FM NORMAL 0 LOWEST SLP 29.45 ON 22
[REMARKS]