000
CXUS56 KBOI 111517
CF6BNO
PRELIMINARY LOCAL CLIMATOLOGICAL DATA (WS FORM: F-6)
STATION: BURNS OR
MONTH: DECEMBER
YEAR: 2023
LATITUDE: 43 34 N
LONGITUDE: 118 57 W
TEMPERATURE IN F: :PCPN: SNOW: WIND :SUNSHINE: SKY :PK WND
================================================================================
1 2 3 4 5 6A 6B 7 8 9 10 11 12 13 14 15 16 17 18
12Z AVG MX 2MIN
DY MAX MIN AVG DEP HDD CDD WTR SNW DPTH SPD SPD DIR MIN PSBL S-S WX SPD DR
================================================================================
1 41 18 30 1 35 0 0.14 M M 6.1 22 280 M M 9 12 31 270
2 43 29 36 7 29 0 0.16 M M 8.8 25 240 M M 9 1 37 250
3 49 34 42 14 23 0 0.28 M M 3.0 17 250 M M 10 1 24 250
4 52 34 43 15 22 0 0.02 M M 3.2 8 40 M M 10 12 10 240
5 59 31 45 17 20 0 0.00 M M 3.7 12 150 M M 2 1 14 140
6 52 34 43 15 22 0 0.01 M M 5.4 29 260 M M 7 42 210
7 41 23 32 5 33 0 0.07 M M 8.2 25 280 M M 8 12 34 270
8 38 14 26 -1 39 0 T M M 6.1 17 310 M M 2 23 290
9 37 14 26 -1 39 0 T M M 4.3 10 80 M M 5 14 130
10 41 33 37 11 28 0 0.45 M M 0.7 7 300 M M 10 1 7 290
11 41 33 37 11 28 0 0.14 M M 3.0 9 100 M M 10 1 12 100
12 38 31 35 9 30 0 T M M 3.9 9 70 M M 10 12 90
13 33 28 31 5 34 0 T M M 5.8 14 100 M M 10 1 18 100
14 37 25 31 5 34 0 0.00 M M 4.4 13 100 M M 3 17 100
15 37 22 30 4 35 0 0.00 M M 5.1 16 90 M M 1 1 21 100
16 30 22 26 1 39 0 0.00 M M 1.3 7 10 M M 9 1 8 360
17 34 24 29 4 36 0 0.00 M M 2.9 13 90 M M 5 12 17 100
18 36 23 30 5 35 0 0.23 M M 3.0 10 80 M M 7 16 15 110
19 45 31 38 13 27 0 0.02 M M 2.3 9 290 M M 9 16 11 290
20 50 27 39 14 26 0 0.00 M M 2.8 10 140 M M 4 12 13 130
21 35 28 32 7 33 0 0.00 M M 1.1 6 310 M M 10 128 8 80
22 36 25 31 6 34 0 0.01 M M 2.8 17 300 M M 8 28 24 300
23 36 16 26 1 39 0 0.00 M M 4.4 10 320 M M 1 13 310
24 33 14 24 -1 41 0 0.00 M M 3.5 12 100 M M 1 16 90
25 34 23 29 4 36 0 0.06 M M 2.7 10 90 M M 10 18 13 90
26 35 30 33 8 32 0 0.04 M M 7.0 17 80 M M 10 16 22 80
27 36 27 32 7 33 0 0.00 M M 11.1 23 80 M M 7 32 70
28 42 22 32 7 33 0 0.00 M M 4.7 13 100 M M 3 17 100
29 43 27 35 10 30 0 0.00 M M 5.8 16 70 M M 2 23 70
30 41 25 33 8 32 0 0.00 M M 2.3 7 290 M M 4 8 8 250
31 45 23 34 9 31 0 0.00 M M 3.4 8 300 M M M 12 9 300
================================================================================
SM 1250 790 988 0 1.63 M 132.8 M 196
================================================================================
AV 40.3 25.5 4.3 FASTST M M 7 MAX(MPH)
MISC ----> 29 260 42 210
================================================================================
NOTES:
# LAST OF SEVERAL OCCURRENCES
COLUMN 17 PEAK WIND IN M.P.H.
PRELIMINARY LOCAL CLIMATOLOGICAL DATA (WS FORM: F-6) , PAGE 2
STATION: BURNS OR
MONTH: DECEMBER
YEAR: 2023
LATITUDE: 43 34 N
LONGITUDE: 118 57 W
[TEMPERATURE DATA] [PRECIPITATION DATA] SYMBOLS USED IN COLUMN 16
AVERAGE MONTHLY: 32.9 TOTAL FOR MONTH: 1.63 1 = FOG OR MIST
DPTR FM NORMAL: 7.0 DPTR FM NORMAL: 0.11 2 = FOG REDUCING VISIBILITY
HIGHEST: 59 ON 5 GRTST 24HR 0.59 ON 10-11 TO 1/4 MILE OR LESS
LOWEST: 14 ON 24, 9 3 = THUNDER
SNOW, ICE PELLETS, HAIL 4 = ICE PELLETS
TOTAL MONTH: M 5 = HAIL
GRTST 24HR M ON M 6 = FREEZING RAIN OR DRIZZLE
GRTST DEPTH: M ON M 7 = DUSTSTORM OR SANDSTORM:
VSBY 1/2 MILE OR LESS
8 = SMOKE OR HAZE
[NO. OF DAYS WITH] [WEATHER - DAYS WITH] 9 = BLOWING SNOW
X = TORNADO
MAX 32 OR BELOW: 1 0.01 INCH OR MORE: 13
MAX 90 OR ABOVE: 0 0.10 INCH OR MORE: 6
MIN 32 OR BELOW: 26 0.50 INCH OR MORE: 0
MIN 0 OR BELOW: 0 1.00 INCH OR MORE: 0
[HDD (BASE 65) ]
TOTAL THIS MO. 988 CLEAR (SCALE 0-3) 7
DPTR FM NORMAL -222 PTCLDY (SCALE 4-7) 10
TOTAL FM JUL 1 2679 CLOUDY (SCALE 8-10) 14
DPTR FM NORMAL -364
[CDD (BASE 65) ]
TOTAL THIS MO. 0
DPTR FM NORMAL 0 [PRESSURE DATA]
TOTAL FM JAN 1 352 HIGHEST SLP 30.59 ON 9
DPTR FM NORMAL 50 LOWEST SLP 29.73 ON 6
[REMARKS]
#FINAL-12-23#