000
CXUS55 KBOI 011002
CF6BOI
PRELIMINARY LOCAL CLIMATOLOGICAL DATA (WS FORM: F-6)
STATION: BOISE ID
MONTH: AUGUST
YEAR: 2020
LATITUDE: 43 34 N
LONGITUDE: 116 13 W
TEMPERATURE IN F: :PCPN: SNOW: WIND :SUNSHINE: SKY :PK WND
================================================================================
1 2 3 4 5 6A 6B 7 8 9 10 11 12 13 14 15 16 17 18
12Z AVG MX 2MIN
DY MAX MIN AVG DEP HDD CDD WTR SNW DPTH SPD SPD DIR MIN PSBL S-S WX SPD DR
================================================================================
1 100 67 84 7 0 19 0.00 0.0 0 5.5 15 130 M M 0 8 20 330
2 100 64 82 5 0 17 0.00 0.0 0 5.8 14 320 M M 0 18 310
3 93 68 81 4 0 16 0.00 0.0 0 11.0 21 300 M M 0 8 27 300
4 93 60 77 0 0 12 0.00 0.0 0 6.3 15 300 M M 0 8 22 300
5 98 62 80 3 0 15 T 0.0 0 5.9 17 330 M M 0 38 22 350
6 92 69 81 4 0 16 0.00 0.0 0 11.0 23 300 M M 0 8 30 310
7 81 56 69 -8 0 4 0.00 0.0 0 10.4 21 290 M M 0 29 300
8 90 54 72 -5 0 7 0.00 0.0 0 5.3 14 350 M M 0 8 21 330
9 88 58 73 -3 0 8 0.00 0.0 0 8.2 20 300 M M 0 28 310
10 89 59 74 -2 0 9 0.00 0.0 0 6.0 16 290 M M 0 21 290
11 97 62 80 4 0 15 0.00 0.0 0 6.8 17 210 M M 0 23 220
12 86 63 75 -1 0 10 0.00 0.0 0 6.3 16 320 M M 0 23 360
13 90 56 73 -3 0 8 0.00 0.0 0 5.9 18 330 M M 0 8 25 320
14 89 54 72 -4 0 7 0.00 0.0 0 6.1 15 340 M M 0 22 330
15 98 58 78 3 0 13 0.00 0.0 0 4.8 10 330 M M 0 15 290
16 103 69 86 11 0 21 T 0.0 0 5.9 24 280 M M 1 8 34 270
17 102 73 88 13 0 23 0.00 0.0 0 6.8 32 300 M M 0 8 42 300
18 101 73 87 13 0 22 T 0.0 0 6.8 20 190 M M 0 8 31 190
19 95 72 84 10 0 19 T 0.0 0 9.6 28 170 M M 0 38 37 170
20 91 67 79 5 0 14 0.00 0.0 0 5.8 13 320 M M 0 8 18 320
21 92 66 79 5 0 14 0.00 0.0 0 7.5 16 320 M M 2 8 20 310
22 90 60 75 2 0 10 0.00 0.0 0 5.2 13 300 M M 0 8 18 330
23 93 62 78 5 0 13 0.00 0.0 0 4.5 13 130 M M 0 8 16 130
24 90 65 78 5 0 13 0.01 0.0 0 8.0 23 260 M M 1 38 34 260
25 94 65 80 8 0 15 0.06 0.0 0 6.7 33 300 M M 1 38 45 290
26 91 63 77 5 0 12 T 0.0 0 5.7 16 300 M M 0 23 290
27 88 65 77 5 0 12 0.00 0.0 0 6.7 22 190 M M 0 31 190
28 90 59 75 3 0 10 0.00 0.0 0 5.6 12 280 M M 0 8 16 280
29 93 60 77 6 0 12 0.00 0.0 0 6.1 14 340 M M 0 19 310
30 79 57 68 -3 0 3 0.00 0.0 0 12.0 23 300 M M 0 30 290
31 76 54 65 -6 0 0 0.00 0.0 0 7.2 22 330 M M 3 8 29 350
================================================================================
SM 2852 1940 0 389 0.07 0.0 215.4 M 8
================================================================================
AV 92.0 62.6 6.9 FASTST M M 0 MAX(MPH)
MISC ----> 33 300 45 290
================================================================================
NOTES:
# LAST OF SEVERAL OCCURRENCES
COLUMN 17 PEAK WIND IN M.P.H.
PRELIMINARY LOCAL CLIMATOLOGICAL DATA (WS FORM: F-6) , PAGE 2
STATION: BOISE ID
MONTH: AUGUST
YEAR: 2020
LATITUDE: 43 34 N
LONGITUDE: 116 13 W
[TEMPERATURE DATA] [PRECIPITATION DATA] SYMBOLS USED IN COLUMN 16
AVERAGE MONTHLY: 77.3 TOTAL FOR MONTH: 0.07 1 = FOG OR MIST
DPTR FM NORMAL: 2.6 DPTR FM NORMAL: -0.17 2 = FOG REDUCING VISIBILITY
HIGHEST: 103 ON 16 GRTST 24HR 0.13 ON 24-25 TO 1/4 MILE OR LESS
LOWEST: 54 ON 31,14 3 = THUNDER
SNOW, ICE PELLETS, HAIL 4 = ICE PELLETS
TOTAL MONTH: 0.0 INCH 5 = HAIL
GRTST 24HR 0.0 6 = FREEZING RAIN OR DRIZZLE
GRTST DEPTH: 0 7 = DUSTSTORM OR SANDSTORM:
VSBY 1/2 MILE OR LESS
8 = SMOKE OR HAZE
[NO. OF DAYS WITH] [WEATHER - DAYS WITH] 9 = BLOWING SNOW
X = TORNADO
MAX 32 OR BELOW: 0 0.01 INCH OR MORE: 2
MAX 90 OR ABOVE: 23 0.10 INCH OR MORE: 0
MIN 32 OR BELOW: 0 0.50 INCH OR MORE: 0
MIN 0 OR BELOW: 0 1.00 INCH OR MORE: 0
[HDD (BASE 65) ]
TOTAL THIS MO. 0 CLEAR (SCALE 0-3) 31
DPTR FM NORMAL -10 PTCLDY (SCALE 4-7) 0
TOTAL FM JUL 1 1 CLOUDY (SCALE 8-10) 0
DPTR FM NORMAL -13
[CDD (BASE 65) ]
TOTAL THIS MO. 389
DPTR FM NORMAL 80 [PRESSURE DATA]
TOTAL FM JAN 1 924 HIGHEST SLP 30.13 ON 14
DPTR FM NORMAL 90 LOWEST SLP 29.59 ON 5
[REMARKS]
#FINAL-08-20#