000
CXUS54 KMAF 011210
CF6BPG
PRELIMINARY LOCAL CLIMATOLOGICAL DATA (WS FORM: F-6)
STATION: BIG SPRING MCMAHON-WRINKLE FI
MONTH: DECEMBER
YEAR: 2020
LATITUDE: 32 12 N
LONGITUDE: 101 31 W
TEMPERATURE IN F: :PCPN: SNOW: WIND :SUNSHINE: SKY :PK WND
================================================================================
1 2 3 4 5 6A 6B 7 8 9 10 11 12 13 14 15 16 17 18
12Z AVG MX 2MIN
DY MAX MIN AVG DEP HDD CDD WTR SNW DPTH SPD SPD DIR MIN PSBL S-S WX SPD DR
================================================================================
1 65 29 47 M 18 0 M M M 13.5 23 220 M M 0 31 220
2 46 33 40 M 25 0 M M M 14.4 24 340 M M 4 32 360
3 45 29 37 M 28 0 M M M 11.1 16 350 M M 5 23 330
4 58 22 40 M 25 0 M M M 3.0 8 290 M M 0 M M
5 49 27 38 M 27 0 M M M 5.0 16 260 M M 7 M M
6 62 28 45 M 20 0 M M M 5.5 9 340 M M 0 18 330
7 68 28 48 M 17 0 M M M 4.1 7 150 M M 0 M M
8 71 29 50 M 15 0 M M M 5.5 10 160 M M 0 M M
9 73 33 53 M 12 0 M M M 9.3 18 210 M M 0 22 210
10 80 37 59 M 6 0 0.05 M M 11.0 24 190 M M 2 30 200
11 65 43 54 M 11 0 0.05 M M 7.6 13 260 M M 2 M M
12 57 34 46 M 19 0 M M M 10.3 16 110 M M 0 23 110
13 48 30 39 M 26 0 M M M 12.8 26 350 M M 4 8 31 20
14 53 20 37 M 28 0 M M M 9.2 22 160 M M 0 31 150
15 49 31 40 M 25 0 M M M 14.9 25 320 M M 3 8 36 320
16 56 19 38 M 27 0 M M M 5.9 12 230 M M 0 17 230
17 63 24 44 M 21 0 M M M 7.9 22 170 M M 0 23 170
18 62 43 53 M 12 0 M M M 16.5 25 180 M M 0 30 180
19 58 33 46 M 19 0 M M M 8.1 16 50 M M 1 17 300
20 62 28 45 M 20 0 M M M 6.0 13 200 M M 0 M M
21 68 31 50 M 15 0 M M M 7.7 10 150 M M 0 M M
22 72 32 52 M 13 0 M M M 13.7 24 220 M M 0 29 220
23 58 33 46 M 19 0 M M M 14.1 24 30 M M 1 8 32 30
24 57 19 38 M 27 0 M M M 8.7 23 290 M M 0 8 26 290
25 65 27 46 M 19 0 M M M 8.5 16 210 M M 0 22 210
26 67 32 50 M 15 0 M M M 13.1 21 210 M M 0 26 220
27 74 32 53 M 12 0 M M M 9.9 18 90 M M 0 23 90
28 58 40 49 M 16 0 M M M 16.1 22 60 M M 3 28 60
29 71 51 61 M 4 0 M M M 18.6 29 160 M M 6 8 35 180
30 56 30 43 M 22 0 0.23 M M 19.3 31 40 M M 10 1 40 40
31 33 28 31 M 34 0 0.20 M M 14.1 22 20 M M 10 12 29 30
================================================================================
SM 1869 955 597 0 0.53 M 325.4 M 58
================================================================================
AV 60.3 30.8 10.5 FASTST M M 2 MAX(MPH)
MISC ----> 31 40 40 40
================================================================================
NOTES:
# LAST OF SEVERAL OCCURRENCES
COLUMN 17 PEAK WIND IN M.P.H.
PRELIMINARY LOCAL CLIMATOLOGICAL DATA (WS FORM: F-6) , PAGE 2
STATION: BIG SPRING MCMAHON-WRINKLE FI
MONTH: DECEMBER
YEAR: 2020
LATITUDE: 32 12 N
LONGITUDE: 101 31 W
[TEMPERATURE DATA] [PRECIPITATION DATA] SYMBOLS USED IN COLUMN 16
AVERAGE MONTHLY: 45.5 TOTAL FOR MONTH: 0.53 1 = FOG OR MIST
DPTR FM NORMAL: 0.0 DPTR FM NORMAL: M 2 = FOG REDUCING VISIBILITY
HIGHEST: 80 ON 10 GRTST 24HR 0.23 ON 30-30 TO 1/4 MILE OR LESS
LOWEST: 19 ON 24,16 3 = THUNDER
SNOW, ICE PELLETS, HAIL 4 = ICE PELLETS
TOTAL MONTH: M 5 = HAIL
GRTST 24HR M ON M 6 = FREEZING RAIN OR DRIZZLE
GRTST DEPTH: M ON M 7 = DUSTSTORM OR SANDSTORM:
VSBY 1/2 MILE OR LESS
8 = SMOKE OR HAZE
[NO. OF DAYS WITH] [WEATHER - DAYS WITH] 9 = BLOWING SNOW
X = TORNADO
MAX 32 OR BELOW: 0 0.01 INCH OR MORE: 4
MAX 90 OR ABOVE: 0 0.10 INCH OR MORE: 2
MIN 32 OR BELOW: 21 0.50 INCH OR MORE: 0
MIN 0 OR BELOW: 0 1.00 INCH OR MORE: 0
[HDD (BASE 65) ]
TOTAL THIS MO. 597 CLEAR (SCALE 0-3) 23
DPTR FM NORMAL M PTCLDY (SCALE 4-7) 6
TOTAL FM JUL 1 986 CLOUDY (SCALE 8-10) 2
DPTR FM NORMAL M
[CDD (BASE 65) ]
TOTAL THIS MO. 0
DPTR FM NORMAL M [PRESSURE DATA]
TOTAL FM JAN 1 2818 HIGHEST SLP M ON M
DPTR FM NORMAL M LOWEST SLP M ON M
[REMARKS]
#FINAL-12-20#