000
CXUS54 KLCH 010853
CF6BPT
PRELIMINARY LOCAL CLIMATOLOGICAL DATA (WS FORM: F-6)
STATION: BEAUMONT PORT ARTHUR
MONTH: NOVEMBER
YEAR: 2020
LATITUDE: 29 57 N
LONGITUDE: 94 1 W
TEMPERATURE IN F: :PCPN: SNOW: WIND :SUNSHINE: SKY :PK WND
================================================================================
1 2 3 4 5 6A 6B 7 8 9 10 11 12 13 14 15 16 17 18
12Z AVG MX 2MIN
DY MAX MIN AVG DEP HDD CDD WTR SNW DPTH SPD SPD DIR MIN PSBL S-S WX SPD DR
================================================================================
1 77 49 63 -3 2 0 0.00 0.0 0 9.2 21 360 M M 0 18 28 360
2 71 48 60 -6 5 0 0.00 0.0 0 7.3 16 50 M M 0 22 60
3 73 43 58 -8 7 0 0.00 0.0 0 3.7 9 100 M M 0 13 110
4 75 47 61 -4 4 0 0.00 0.0 0 5.2 13 100 M M 0 1 15 110
5 77 54 66 1 0 1 0.00 0.0 0 4.7 12 100 M M 0 1 16 50
6 79 53 66 1 0 1 0.00 0.0 0 6.1 13 30 M M 1 17 60
7 81 57 69 5 0 4 0.00 0.0 0 6.4 14 80 M M 1 1 19 90
8 80 64 72 8 0 7 T 0.0 0 8.3 16 80 M M 7 1 22 90
9 79 69 74 10 0 9 T 0.0 0 10.1 16 120 M M 8 1 21 120
10 83 64 74 11 0 9 0.00 0.0 0 3.4 12 110 M M 3 12 16 130
11 84 64 74 11 0 9 0.00 0.0 0 9.0 15 350 M M 3 12 20 360
12 83 55 69 6 0 4 0.00 0.0 0 4.4 9 110 M M 0 13 120
13 82 58 70 8 0 5 0.00 0.0 0 6.7 14 80 M M 2 1 17 140
14 81 63 72 10 0 7 0.00 0.0 0 9.8 18 160 M M 4 1 26 160
15 74 53 64 2 1 0 0.10 0.0 0 10.1 31 340 M M 3 1 41 340
16 71 44 58 -4 7 0 0.00 0.0 0 6.3 15 80 M M 0 20 80
17 75 43 59 -2 6 0 0.00 0.0 0 7.2 15 70 M M 0 21 70
18 73 48 61 0 4 0 0.00 0.0 0 8.1 16 90 M M 0 22 90
19 76 50 63 2 2 0 0.00 0.0 0 8.6 15 120 M M 3 25 110
20 78 63 71 11 0 6 0.00 0.0 0 9.5 17 120 M M 5 1 23 120
21 79 58 69 9 0 4 0.00 0.0 0 5.8 13 100 M M 0 1 19 120
22 80 54 67 7 0 2 0.00 0.0 0 5.1 15 20 M M 2 1 22 10
23 71 57 64 4 1 0 0.00 0.0 0 7.7 15 20 M M 3 22 30
24 79 58 69 10 0 4 T 0.0 0 12.2 24 160 M M 6 1 34 140
25 77 57 67 8 0 2 0.21 0.0 0 7.3 23 320 M M 4 13 32 330
26 71 57 64 5 1 0 T 0.0 0 7.5 12 70 M M 7 M M
27 77 65 71 13 0 6 2.24 0.0 0 8.8 25 330 M M 9 13 38 350
28 65 62 64 6 1 0 0.83 0.0 0 8.1 16 50 M M 10 1 22 20
29 63 47 55 -3 10 0 0.57 M 0 14.3 25 310 M M 8 1 33 340
30 55 36 46 -11 19 0 0.00 0.0 0 11.7 25 330 M M 0 35 330
================================================================================
SM 2269 1640 70 80 3.95 0.0 232.6 M 89
================================================================================
AV 75.6 54.7 7.8 FASTST M M 3 MAX(MPH)
MISC ----> # 31 340 # 41 340
================================================================================
NOTES:
# LAST OF SEVERAL OCCURRENCES
COLUMN 17 PEAK WIND IN M.P.H.
PRELIMINARY LOCAL CLIMATOLOGICAL DATA (WS FORM: F-6) , PAGE 2
STATION: BEAUMONT PORT ARTHUR
MONTH: NOVEMBER
YEAR: 2020
LATITUDE: 29 57 N
LONGITUDE: 94 1 W
[TEMPERATURE DATA] [PRECIPITATION DATA] SYMBOLS USED IN COLUMN 16
AVERAGE MONTHLY: 65.2 TOTAL FOR MONTH: 3.95 1 = FOG OR MIST
DPTR FM NORMAL: 3.5 DPTR FM NORMAL: -0.45 2 = FOG REDUCING VISIBILITY
HIGHEST: 84 ON 11 GRTST 24HR 2.24 ON 27-27 TO 1/4 MILE OR LESS
LOWEST: 36 ON 30 3 = THUNDER
SNOW, ICE PELLETS, HAIL 4 = ICE PELLETS
TOTAL MONTH: 0.0 INCH 5 = HAIL
GRTST 24HR 0.0 6 = FREEZING RAIN OR DRIZZLE
GRTST DEPTH: 0 7 = DUSTSTORM OR SANDSTORM:
VSBY 1/2 MILE OR LESS
8 = SMOKE OR HAZE
[NO. OF DAYS WITH] [WEATHER - DAYS WITH] 9 = BLOWING SNOW
X = TORNADO
MAX 32 OR BELOW: 0 0.01 INCH OR MORE: 5
MAX 90 OR ABOVE: 0 0.10 INCH OR MORE: 5
MIN 32 OR BELOW: 0 0.50 INCH OR MORE: 3
MIN 0 OR BELOW: 0 1.00 INCH OR MORE: 1
[HDD (BASE 65) ]
TOTAL THIS MO. 70 CLEAR (SCALE 0-3) 18
DPTR FM NORMAL -91 PTCLDY (SCALE 4-7) 9
TOTAL FM JUL 1 98 CLOUDY (SCALE 8-10) 3
DPTR FM NORMAL -97
[CDD (BASE 65) ]
TOTAL THIS MO. 80
DPTR FM NORMAL 16 [PRESSURE DATA]
TOTAL FM JAN 1 3147 HIGHEST SLP 30.49 ON 2
DPTR FM NORMAL 292 LOWEST SLP 29.80 ON 10
[REMARKS]
#FINAL-11-20#