000
CXUS55 KDVN 011000
CF6BRL
PRELIMINARY LOCAL CLIMATOLOGICAL DATA (WS FORM: F-6)
STATION: BURLINGTON IA
MONTH: APRIL
YEAR: 2022
LATITUDE: 40 46 N
LONGITUDE: 91 7 W
TEMPERATURE IN F: :PCPN: SNOW: WIND :SUNSHINE: SKY :PK WND
================================================================================
1 2 3 4 5 6A 6B 7 8 9 10 11 12 13 14 15 16 17 18
12Z AVG MX 2MIN
DY MAX MIN AVG DEP HDD CDD WTR SNW DPTH SPD SPD DIR MIN PSBL S-S WX SPD DR
================================================================================
1 46 32 39 -8 26 0 0.00 M M 5.2 12 140 M M 4 16 150
2 51 34 43 -5 22 0 0.04 M M 9.6 23 320 M M 6 1 35 310
3 57 29 43 -5 22 0 0.03 M M 4.2 10 200 M M 5 15 200
4 50 38 44 -4 21 0 T M M 8.5 20 320 M M 5 29 330
5 53 34 44 -5 21 0 0.81 M M 8.6 16 300 M M 7 13 24 310
6 55 41 48 -1 17 0 T M M 14.7 28 280 M M 7 43 280
7 41 34 38 -11 27 0 0.04 M M 13.8 26 260 M M 8 1 39 270
8 40 32 36 -14 29 0 T M M 11.3 21 340 M M 10 1 31 320
9 54 30 42 -8 23 0 0.00 M M 6.5 15 310 M M 1 23 280
10 72 40 56 6 9 0 0.00 M M 14.8 25 130 M M 1 37 150
11 64 44 54 3 11 0 0.00 M M 5.0 13 340 M M 2 19 320
12 71 41 56 5 9 0 0.00 M M 15.2 26 190 M M 4 39 190
13 68 33 51 -1 14 0 0.62 M M 11.4 25 260 M M 7 13 37 310
14 54 33 44 -8 21 0 0.00 M M 13.7 33 250 M M 1 50 260
15 51 35 43 -9 22 0 0.00 M M 7.7 18 350 M M 5 24 350
16 51 31 41 -12 24 0 0.00 M M 9.9 20 320 M M 0 28 270
17 44 32 38 -15 27 0 0.23 M M 8.1 17 120 M M 6 12 25 100
18 45 32 39 -14 26 0 T M M 12.5 25 310 M M 7 1 40 290
19 50 28 39 -15 26 0 0.00 M M 6.4 14 140 M M 4 20 310
20 52 44 48 -6 17 0 0.75 M M 14.3 25 140 M M 10 1 35 140
21 67 44 56 2 9 0 0.04 M M 6.3 15 110 M M 5 1 26 300
22 79 57 68 13 0 3 T M M 13.2 24 180 M M 7 38 180
23 82 63 73 18 0 8 T M M 17.1 33 190 M M 2 50 180
24 67 50 59 4 6 0 0.09 M M 12.6 22 240 M M 4 1 32 250
25 50 35 43 -13 22 0 0.00 M M 11.4 21 300 M M 5 34 300
26 56 30 43 -13 22 0 0.00 M M 7.7 17 300 M M 0 24 320
27 72 39 56 0 9 0 0.00 M M 9.9 28 80 M M 1 40 60
28 64 41 53 -4 12 0 0.09 M M 9.9 20 170 M M 6 1 28 170
29 61 54 58 1 7 0 0.26 M M 10.4 21 140 M M 9 1 29 130
30 71 52 62 4 3 0 0.19 M M 17.6 31 240 M M 8 13 45 250
================================================================================
SM 1738 1162 504 11 3.19 M 317.5 M 147
================================================================================
AV 57.9 38.7 10.6 FASTST M M 5 MAX(MPH)
MISC ----> # 33 250 # 50 260
================================================================================
NOTES:
# LAST OF SEVERAL OCCURRENCES
COLUMN 17 PEAK WIND IN M.P.H.
PRELIMINARY LOCAL CLIMATOLOGICAL DATA (WS FORM: F-6) , PAGE 2
STATION: BURLINGTON IA
MONTH: APRIL
YEAR: 2022
LATITUDE: 40 46 N
LONGITUDE: 91 7 W
[TEMPERATURE DATA] [PRECIPITATION DATA] SYMBOLS USED IN COLUMN 16
AVERAGE MONTHLY: 48.3 TOTAL FOR MONTH: 3.19 1 = FOG OR MIST
DPTR FM NORMAL: -4.0 DPTR FM NORMAL: -0.73 2 = FOG REDUCING VISIBILITY
HIGHEST: 82 ON 23 GRTST 24HR 0.81 ON 5- 5 TO 1/4 MILE OR LESS
LOWEST: 28 ON 19 3 = THUNDER
SNOW, ICE PELLETS, HAIL 4 = ICE PELLETS
TOTAL MONTH: M 5 = HAIL
GRTST 24HR M ON M 6 = FREEZING RAIN OR DRIZZLE
GRTST DEPTH: M ON M 7 = DUSTSTORM OR SANDSTORM:
VSBY 1/2 MILE OR LESS
8 = SMOKE OR HAZE
[NO. OF DAYS WITH] [WEATHER - DAYS WITH] 9 = BLOWING SNOW
X = TORNADO
MAX 32 OR BELOW: 0 0.01 INCH OR MORE: 12
MAX 90 OR ABOVE: 0 0.10 INCH OR MORE: 6
MIN 32 OR BELOW: 9 0.50 INCH OR MORE: 3
MIN 0 OR BELOW: 0 1.00 INCH OR MORE: 0
[HDD (BASE 65) ]
TOTAL THIS MO. 504 CLEAR (SCALE 0-3) 8
DPTR FM NORMAL 113 PTCLDY (SCALE 4-7) 18
TOTAL FM JUL 1 5585 CLOUDY (SCALE 8-10) 4
DPTR FM NORMAL -79
[CDD (BASE 65) ]
TOTAL THIS MO. 11
DPTR FM NORMAL 0 [PRESSURE DATA]
TOTAL FM JAN 1 11 HIGHEST SLP 30.42 ON 26
DPTR FM NORMAL -2 LOWEST SLP 29.43 ON 12
[REMARKS]
#FINAL-04-22#