000
CXUS53 KGRR 011010
CF6BTL
PRELIMINARY LOCAL CLIMATOLOGICAL DATA (WS FORM: F-6)
STATION: BATTLE CREEK
MONTH: NOVEMBER
YEAR: 2023
LATITUDE: 42 17 N
LONGITUDE: 85 14 W
TEMPERATURE IN F: :PCPN: SNOW: WIND :SUNSHINE: SKY :PK WND
================================================================================
1 2 3 4 5 6A 6B 7 8 9 10 11 12 13 14 15 16 17 18
12Z AVG MX 2MIN
DY MAX MIN AVG DEP HDD CDD WTR SNW DPTH SPD SPD DIR MIN PSBL S-S WX SPD DR
================================================================================
1 42 25 34 -11 31 0 0.00 M M 6.7 17 240 M M 4 21 220
2 51 33 42 -3 23 0 0.00 M M 13.1 22 230 M M 6 28 200
3 59 41 50 5 15 0 T M M 12.9 24 220 M M 3 33 220
4 59 42 51 7 14 0 0.00 M M 4.2 13 320 M M 9 16 310
5 56 30 43 -1 22 0 0.00 M M 5.1 12 210 M M 0 1 19 210
6 65 47 56 13 9 0 T M M 14.8 29 200 M M 3 41 190
7 58 40 49 6 16 0 0.00 M M 8.8 21 290 M M 5 8 30 280
8 61 40 51 8 14 0 0.45 M M 8.9 26 290 M M 8 13 35 270
9 56 42 49 7 16 0 0.00 M M 12.3 25 270 M M 4 18 34 270
10 53 32 43 1 22 0 0.00 M M 8.8 21 290 M M 5 28 300
11 51 26 39 -2 26 0 0.00 M M 1.8 7 140 M M 2 10 150
12 54 32 43 2 22 0 0.00 M M 8.5 17 180 M M 4 25 200
13 61 36 49 8 16 0 0.00 M M 9.9 25 290 M M 0 35 290
14 59 28 44 4 21 0 0.00 M M 4.8 15 200 M M 0 20 190
15 67 36 52 12 13 0 0.00 M M 8.6 17 230 M M 0 22 230
16 67 35 51 11 14 0 0.00 M M 10.1 22 190 M M 1 30 190
17 60 33 47 8 18 0 0.03 M M 9.1 22 210 M M 6 1 28 210
18 52 22 37 -2 28 0 0.00 M M 7.3 20 260 M M 0 27 260
19 54 29 42 4 23 0 0.00 M M 4.6 9 220 M M 0 8 12 70
20 44 34 39 1 26 0 0.03 M M 9.6 17 100 M M 1 26 90
21 47 37 42 4 23 0 0.89 M M 8.3 15 280 M M 10 1 23 100
22 45 35 40 3 25 0 0.00 M M 7.9 16 240 M M 9 22 240
23 50 30 40 3 25 0 0.00 M M 9.5 20 230 M M 5 27 230
24 35 20 28 -8 37 0 0.00 M M 4.9 16 360 M M 1 22 350
25 35 19 27 -9 38 0 0.00 M M 2.5 12 230 M M 3 15 200
26 34 25 30 -6 35 0 0.10 M M 6.7 17 260 M M 8 1 23 240
27 34 23 29 -6 36 0 0.08 M M 12.9 22 250 M M 10 12 29 250
28 27 17 22 -13 43 0 T M M 10.5 20 230 M M 8 18 25 220
29 36 18 27 -8 38 0 0.00 M M 10.7 20 220 M M 4 25 210
30 52 26 39 5 26 0 0.00 M M 11.8 24 210 M M 2 32 210
================================================================================
SM 1524 933 715 0 1.58 M 255.6 M 121
================================================================================
AV 50.8 31.1 8.5 FASTST M M 4 MAX(MPH)
MISC ----> 29 200 41 190
================================================================================
NOTES:
# LAST OF SEVERAL OCCURRENCES
COLUMN 17 PEAK WIND IN M.P.H.
PRELIMINARY LOCAL CLIMATOLOGICAL DATA (WS FORM: F-6) , PAGE 2
STATION: BATTLE CREEK
MONTH: NOVEMBER
YEAR: 2023
LATITUDE: 42 17 N
LONGITUDE: 85 14 W
[TEMPERATURE DATA] [PRECIPITATION DATA] SYMBOLS USED IN COLUMN 16
AVERAGE MONTHLY: 41.0 TOTAL FOR MONTH: 1.58 1 = FOG OR MIST
DPTR FM NORMAL: 1.2 DPTR FM NORMAL: -0.55 2 = FOG REDUCING VISIBILITY
HIGHEST: 67 ON 16,15 GRTST 24HR 0.92 ON 20-21 TO 1/4 MILE OR LESS
LOWEST: 17 ON 28 3 = THUNDER
SNOW, ICE PELLETS, HAIL 4 = ICE PELLETS
TOTAL MONTH: M 5 = HAIL
GRTST 24HR M ON M 6 = FREEZING RAIN OR DRIZZLE
GRTST DEPTH: M ON M 7 = DUSTSTORM OR SANDSTORM:
VSBY 1/2 MILE OR LESS
8 = SMOKE OR HAZE
[NO. OF DAYS WITH] [WEATHER - DAYS WITH] 9 = BLOWING SNOW
X = TORNADO
MAX 32 OR BELOW: 1 0.01 INCH OR MORE: 6
MAX 90 OR ABOVE: 0 0.10 INCH OR MORE: 3
MIN 32 OR BELOW: 16 0.50 INCH OR MORE: 1
MIN 0 OR BELOW: 0 1.00 INCH OR MORE: 0
[HDD (BASE 65) ]
TOTAL THIS MO. 715 CLEAR (SCALE 0-3) 12
DPTR FM NORMAL -43 PTCLDY (SCALE 4-7) 13
TOTAL FM JUL 1 1149 CLOUDY (SCALE 8-10) 5
DPTR FM NORMAL -169
[CDD (BASE 65) ]
TOTAL THIS MO. 0
DPTR FM NORMAL 0 [PRESSURE DATA]
TOTAL FM JAN 1 730 HIGHEST SLP 30.50 ON 25
DPTR FM NORMAL 15 LOWEST SLP 29.59 ON 8
[REMARKS]
#FINAL-11-23#