000
CXUS53 KGRR 041841
CLABTL
WRKCLABTL 000
TTAA00 GRR 041829
CLIMATE REPORT
NATIONAL WEATHER SERVICE GRAND RAPIDS, MICHIGAN
125 PM EST MON JAN 04 2021
...................................
...THE BATTLE CREEK CLIMATE SUMMARY FOR THE YEAR OF 2020...
CLIMATE NORMAL PERIOD: 1981 TO 2010
CLIMATE RECORD PERIOD: 1895 TO 2021
WEATHER OBSERVED NORMAL DEPART LAST YEAR`S
VALUE DATE(S) VALUE FROM VALUE DATE(S)
NORMAL
................................................................
TEMPERATURE (F)
RECORD
HIGH 104 MM
LOW -18 01/31/2019
HIGHEST 94 07/26 MM MM 94 07/20
08/27
LOWEST 3 02/15 MM MM -18 01/31
AVG. MAXIMUM 59.9 58.8 1.1 57.6
AVG. MINIMUM 41.5 37.7 3.8 40.1
MEAN 50.7 48.2 2.5 48.8
DAYS MAX >= 90 12 6.7 5.3 10
DAYS MAX <= 32 27 42.5 -15.5 46
DAYS MIN <= 32 94 144.5 -50.5 137
DAYS MIN <= 0 0 7.0 -7.0 6
PRECIPITATION (INCHES)
RECORD
MAXIMUM MM MM
MINIMUM MM MM
TOTALS 32.18 33.15 -0.97 37.60
DAILY AVG. 0.09 0.09 -0.00 0.10
DAYS >= .01 41 132.0 -91.0 141
DAYS >= .10 15 70.8 -55.8 84
DAYS >= .50 2 21.1 -19.1 27
DAYS >= 1.00 1 6.7 -5.7 3
GREATEST
24 HR. TOTAL 2.69
DEGREE DAYS
HEATING TOTAL 5975 6689 -714 6457
SINCE 7/1 2214 2599 -385 2346
COOLING TOTAL 868 578 290 783
SINCE 1/1 868 578 290 783
FREEZE DATES
EARLIEST 10/18
LATEST 06/12
................................................................
WIND (MPH)
AVERAGE WIND SPEED 8.7
RESULTANT WIND SPEED/DIRECTION 3/240
HIGHEST WIND SPEED/DIRECTION 41/250 DATE 11/15
HIGHEST GUST SPEED/DIRECTION 60/300 DATE 04/20
SKY COVER
POSSIBLE SUNSHINE (PERCENT) MM
AVERAGE SKY COVER 0.47
NUMBER OF DAYS FAIR MM
NUMBER OF DAYS PC MM
NUMBER OF DAYS CLOUDY MM
AVERAGE RH (PERCENT) 71
WEATHER CONDITIONS. NUMBER OF DAYS WITH
THUNDERSTORM 20 MIXED PRECIP 0
HEAVY RAIN 24 RAIN 44
LIGHT RAIN 132 FREEZING RAIN 3
LT FREEZING RAIN 6 HAIL 0
HEAVY SNOW 2 SNOW 14
LIGHT SNOW 53 SLEET 0
FOG 155 FOG W/VIS <= 1/4 MILE 18
HAZE 32
- INDICATES NEGATIVE NUMBERS.
R INDICATES RECORD WAS SET OR TIED.
MM INDICATES DATA IS MISSING.
T INDICATES TRACE AMOUNT.
$$