953
CXUS53 KGRR 011412
CLSBTL
WRKCLMBTL 000
TTAA00 KGRR 011409
CLIMATE REPORT
NATIONAL WEATHER SERVICE GRAND RAPIDS, MI
856 AM EST SUN MAR 1 2020
...................................
...THE BATTLE CREEK MI CLIMATE SUMMARY FOR THE SEASON, FROM
12/1/2019 TO 2/29/2020...
CLIMATE NORMAL PERIOD 1981 TO 2010
CLIMATE RECORD PERIOD 1998 TO 2020
WEATHER OBSERVED NORMAL DEPART LAST YEAR`S
VALUE DATE(S) VALUE FROM VALUE DATE(S)
NORMAL
................................................................
TEMPERATURE (F)
HIGHEST 59 12/26 MM MM 53 02/07
12/28
12/02
LOWEST 3 02/15 MM MM -18 01/31
AVG. MAXIMUM 37.4 34.0 3.4 33.2
AVG. MINIMUM 24.3 17.6 6.7 19.8
MEAN 30.9 25.8 5.1 26.5
DAYS MAX >= 90 0 0.0 0.0 0
DAYS MAX <= 32 23 37.9 -14.9 42
DAYS MIN <= 32 81 82.8 -1.8 82
DAYS MIN <= 0 0 6.6 -6.6 6
PRECIPITATION (INCHES)
TOTALS 6.10 4.99 1.11 4.21
DAILY AVG. 0.07 0.06 0.01 0.05
DAYS >= .01 29 36.3 -7.3 33
DAYS >= .10 8 14.7 -6.7 13
DAYS >= .50 3 2.5 0.5 1
DAYS >= 1.00 1 0.3 0.7 0
GREATEST
24 HR. TOTAL 1.97 1/11 TO 1/11
DEGREE_DAYS
HEATING TOTAL 3076 3527 -451 3353
SINCE 7/1 4461 5000 -539 4714
COOLING TOTAL 0 0 0 0
SINCE 1/1 0 0 0 0
FREEZE DATES
EARLIEST MM
LATEST MM
.................................................................
WIND (MPH)
AVERAGE WIND SPEED 9.7
RESULTANT WIND SPEED/DIRECTION 4/242
HIGHEST WIND SPEED/DIRECTION 36/260 DATE 01/18
HIGHEST GUST SPEED/DIRECTION 54/250 DATE 01/18
SKY COVER
POSSIBLE SUNSHINE (PERCENT) MM
AVERAGE SKY COVER 0.70
NUMBER OF DAYS FAIR 17
NUMBER OF DAYS PC 25
NUMBER OF DAYS CLOUDY 49
AVERAGE RH (PERCENT) 78
- INDICATES NEGATIVE NUMBERS.
R INDICATES RECORD WAS SET OR TIED.
MM INDICATES DATA IS MISSING.
T INDICATES TRACE AMOUNT.
$$