000
CXUS55 KMSO 072303
CLMBTM
CLIMATE REPORT
NATIONAL WEATHER SERVICE MISSOULA MT
403 PM MST THU DEC 07 2023
...................................
...THE BUTTE MT CLIMATE SUMMARY FOR THE MONTH OF NOVEMBER 2023...
CLIMATE NORMAL PERIOD 1991 TO 2020
CLIMATE RECORD PERIOD 1895 TO 2023
WEATHER OBSERVED NORMAL DEPART LAST YEAR`S
VALUE DATE(S) VALUE FROM VALUE
NORMAL
..............................................................
TEMPERATURE (F)
RECORD
HIGH 70 11/12/1999
LOW -42 11/13/1959
HIGHEST 57 11/15 MM MM 59
LOWEST 4 11/25 MM MM -22
11/28
AVG. MAXIMUM 44.6 40.2 4.4 30.8
AVG. MINIMUM 19.8 15.5 4.3 3.4
MEAN 32.2 27.8 4.4 17.1
DAYS MAX >= 90 0 0.0 0.0 0
DAYS MAX <= 32 3 6.8 -3.8 19
DAYS MIN <= 32 30 28.6 1.4 29
DAYS MIN <= 0 0 3.9 -3.9 12
PRECIPITATION (INCHES)
RECORD
MAXIMUM 3.00 1921
MINIMUM T 1901
TOTALS 0.29 0.60 -0.31 0.43
DAILY AVG. 0.01 0.02 -0.01 0.01
DAYS >= .01 6 7.8 -1.8 11
DAYS >= .10 1 1.9 -0.9 1
DAYS >= .50 0 0.1 -0.1 0
DAYS >= 1.00 0 0.0 0.0 0
GREATEST
24 HR. TOTAL 0.14 11/06 TO 11/06 0.16
DEGREE DAYS
HEATING TOTAL 978 1114 -136
SINCE 7/1 2173 2456 -283
COOLING TOTAL 0 0 0
SINCE 1/1 73 83 -10
..............................................................
WIND (MPH)
AVERAGE WIND SPEED 4.2
HIGHEST WIND SPEED/DIRECTION 28/320 DATE 11/19
HIGHEST GUST SPEED/DIRECTION 43/230 DATE 11/15
SKY COVER
POSSIBLE SUNSHINE (PERCENT) MM
AVERAGE SKY COVER 0.40
NUMBER OF DAYS FAIR 14
NUMBER OF DAYS PC 11
NUMBER OF DAYS CLOUDY 5
AVERAGE RH (PERCENT) 62
WEATHER CONDITIONS. NUMBER OF DAYS WITH
THUNDERSTORM 0 MIXED PRECIP 0
HEAVY RAIN 0 RAIN 2
LIGHT RAIN 3 FREEZING RAIN 0
LT FREEZING RAIN 0 HAIL 0
HEAVY SNOW 0 SNOW 0
LIGHT SNOW 8 SLEET 0
FOG 11 FOG W/VIS <= 1/4 MILE 0
HAZE 11
- INDICATES NEGATIVE NUMBERS.
R INDICATES RECORD WAS SET OR TIED.
MM INDICATES DATA IS MISSING.
T INDICATES TRACE AMOUNT.
$$